000
CXUS51 KGYX 290900
CF6PWM
PRELIMINARY LOCAL CLIMATOLOGICAL DATA (WS FORM: F-6)

                                          STATION:   PORTLAND ME
                                          MONTH:     JUNE
                                          YEAR:      2017
                                          LATITUDE:   43 39 N
                                          LONGITUDE:  70 19 W

  TEMPERATURE IN F:       :PCPN:    SNOW:  WIND      :SUNSHINE: SKY     :PK WND
================================================================================
1   2   3   4   5  6A  6B    7    8   9   10  11  12  13   14  15   16   17  18
                                     12Z  AVG MX 2MIN
DY MAX MIN AVG DEP HDD CDD  WTR  SNW DPTH SPD SPD DIR MIN PSBL S-S WX    SPD DR
================================================================================

 1  72  50  61   2   4   0 0.11  0.0    0  6.4 23 290   M    M   6 123    33 280
 2  68  46  57  -2   8   0 0.01  0.0    0  8.7 24 270   M    M   4        34 270
 3  66  44  55  -5  10   0 0.00  0.0    0  8.0 17 350   M    M   7        25 310
 4  71  44  58  -2   7   0 0.04  0.0    0  6.4 18 180   M    M   6 8      26 180
 5  58  51  55  -5  10   0 0.14  0.0    0  9.2 18 100   M    M   9 1      25  70
 6  53  48  51  -9  14   0 0.72  0.0    0  8.1 16  40   M    M  10 1      29  60
 7  69  48  59  -2   6   0 0.03  0.0    0  5.9 16 190   M    M   4 1      21 180
 8  75  47  61   0   4   0 0.00  0.0    0  7.3 22 170   M    M   4        30 180
 9  74  51  63   1   2   0    T  0.0    0  6.8 17 290   M    M   5        23 220
10  76  52  64   2   1   0    T  0.0    0  6.7 21 170   M    M   2        29 170
11  91  65  78  16   0  13 0.00  0.0    0  8.4 21 200   M    M   4        29 180
12  89  66  78  16   0  13 0.00  0.0    0  6.8 21 160   M    M   2        26 180
13  91  65  78  15   0  13    T  0.0    0  8.9 20 340   M    M   4        29 350
14  76  52  64   1   1   0 0.00  0.0    0  7.0 17 290   M    M   2        26 270
15  68  47  58  -5   7   0 0.00  0.0    0  7.7 18 160   M    M   4        24 150
16  61  56  59  -5   6   0 0.41  0.0    0  8.5 17 160   M    M  10 1      27 150
17  71  56  64   0   1   0 0.02  0.0    0  4.0  9  90   M    M   9 1      18 270
18  77  60  69   5   0   4 0.01  0.0    0  7.7 14 180   M    M   7 12     30 170
19  81  65  73   8   0   8 0.33  0.0    0  9.0 23 180   M    M   6 13     35 170
20  83  64  74   9   0   9    T  0.0    0  9.2 18 280   M    M   6 1      28 160
21  82  60  71   6   0   6 0.00  0.0    0  8.8 22 290   M    M   4        29 280
22  82  54  68   2   0   3 0.00  0.0    0  6.0 17 300   M    M   3        22 290
23  74  60  67   1   0   2    T  0.0    0  5.8 17 190   M    M   8 18     26 180
24  85  65  75   9   0  10 0.00  0.0    0  8.6 21 320   M    M   6 1      29 330
25  82  59  71   5   0   6    T  0.0    0  7.6 20 280   M    M   2        25 180
26  76  58  67   1   0   2 0.00  0.0    0  7.0 16 310   M    M   4        22 280
27  74  56  65  -2   0   0 0.20  0.0    0  6.0 16 220   M    M   7 13     22 170
28  76  50  63  -4   2   0 0.06  0.0    0  6.6 18 290   M    M   3 3      26 300
================================================================================
SM 2101 1539        83  89  2.08     0.0 207.1          M      148
================================================================================
AV 75.0 55.0                               7.4 FASTST   M    M   5    MAX(MPH)
                                 MISC ---->  # 24 270               # 35  170
================================================================================
NOTES:
# LAST OF SEVERAL OCCURRENCES

COLUMN 17 PEAK WIND IN M.P.H.

PRELIMINARY LOCAL CLIMATOLOGICAL DATA (WS FORM: F-6) , PAGE 2

                                          STATION:  PORTLAND ME
                                          MONTH:    JUNE
                                          YEAR:     2017
                                          LATITUDE:   43 39 N
                                          LONGITUDE:  70 19 W

[TEMPERATURE DATA]      [PRECIPITATION DATA]       SYMBOLS USED IN COLUMN 16

AVERAGE MONTHLY: 65.0   TOTAL FOR MONTH:   2.08    1 = FOG OR MIST
DPTR FM NORMAL:   1.9   DPTR FM NORMAL:   -1.49    2 = FOG REDUCING VISIBILITY
HIGHEST:    91 ON 13,11 GRTST 24HR  0.72 ON  6- 6      TO 1/4 MILE OR LESS
LOWEST:     44 ON  4, 3                            3 = THUNDER
                        SNOW, ICE PELLETS, HAIL    4 = ICE PELLETS
                        TOTAL MONTH:   0.0 INCH    5 = HAIL
                        GRTST 24HR     0.0         6 = FREEZING RAIN OR DRIZZLE
                        GRTST DEPTH:   0           7 = DUSTSTORM OR SANDSTORM:
                                                       VSBY 1/2 MILE OR LESS
                                                   8 = SMOKE OR HAZE
[NO. OF DAYS WITH]      [WEATHER - DAYS WITH]      9 = BLOWING SNOW
                                                   X = TORNADO
MAX 32 OR BELOW:   0    0.01 INCH OR MORE:  12
MAX 90 OR ABOVE:   2    0.10 INCH OR MORE:   6
MIN 32 OR BELOW:   0    0.50 INCH OR MORE:   1
MIN  0 OR BELOW:   0    1.00 INCH OR MORE:   0

[HDD (BASE 65) ]
TOTAL THIS MO.    83    CLEAR  (SCALE 0-3)   5
DPTR FM NORMAL   -20    PTCLDY (SCALE 4-7)  19
TOTAL FM JUL 1  6603    CLOUDY (SCALE 8-10)  4
DPTR FM NORMAL  -501

[CDD (BASE 65) ]
TOTAL THIS MO.    89
DPTR FM NORMAL    37    [PRESSURE DATA]
TOTAL FM JAN 1   106    HIGHEST SLP M ON M
DPTR FM NORMAL    47    LOWEST  SLP 29.47 ON 24

[REMARKS]
