000
CXUS51 KPHI 230800
CF6RDG
PRELIMINARY LOCAL CLIMATOLOGICAL DATA (WS FORM: F-6)

                                          STATION:   READING PA
                                          MONTH:     JULY
                                          YEAR:      2014
                                          LATITUDE:   40 22 N
                                          LONGITUDE:  75 58 W

  TEMPERATURE IN F:       :PCPN:    SNOW:  WIND      :SUNSHINE: SKY     :PK WND
================================================================================
1   2   3   4   5  6A  6B    7    8   9   10  11  12  13   14  15   16   17  18
                                     12Z  AVG MX 2MIN
DY MAX MIN AVG DEP HDD CDD  WTR  SNW DPTH SPD SPD DIR MIN PSBL S-S WX    SPD DR
================================================================================

 1  92  71  82   8   0  17 0.00    M    M  8.6 23 210   M    M   3        27 210
 2  94  73  84  10   0  19 1.43    M    M  3.6 41 310   M    M   2 138    51 310
 3  91  71  81   7   0  16 0.24    M    M  4.2 18 310   M    M   5 138    21 310
 4  77  63  70  -4   0   5 0.45    M    M 11.3 25 340   M    M   5 1      34 320
 5  81  57  69  -6   0   4 0.00    M    M  7.1 17 330   M    M   0        23 310
 6  86  59  73  -2   0   8 0.00    M    M  5.5 15 240   M    M   1        20 240
 7  90  72  81   6   0  16 0.00    M    M  9.8 23 230   M    M   4        31 200
 8  91  69  80   5   0  15 0.15    M    M  7.8 32 220   M    M   1 38     44 220
 9  89  67  78   3   0  13 0.41    M    M  5.2 22 200   M    M   2 13     29 260
10  86  66  76   1   0  11    T    M    M  4.7 13  30   M    M   3        19  30
11  87  67  77   2   0  12 0.00    M    M  3.9 12  40   M    M   2        15  20
12  88  67  78   3   0  13 0.24    M    M  4.3 21 300   M    M   4 13     24 280
13  87  72  80   5   0  15 0.76    M    M  9.0 20 300   M    M   5 13     25 360
14  86  70  78   3   0  13 0.32    M    M  2.3 15 310   M    M   4 13     20 310
15  84  70  77   2   0  12 0.27    M    M  2.8 12 170   M    M   6 13     14 260
16  80  63  72  -3   0   7 0.01    M    M  5.7 14 300   M    M   4        20 300
17  79  58  69  -6   0   4 0.00    M    M  5.3 15 280   M    M   2 1      20 280
18  81  57  69  -6   0   4 0.00    M    M  1.8 10 280   M    M   0        13 260
19  81  64  73  -2   0   8 0.03    M    M  4.1 13 110   M    M   2        18  80
20  84  65  75   0   0  10 0.00    M    M  5.1 10 100   M    M   7        15  70
21  83  65  74  -1   0   9 0.00    M    M  2.9 10 240   M    M   5 8      14 230
22  87  67  77   2   0  12 0.00    M    M  5.1 14 210   M    M   5 18     19 220
================================================================================
SM 1884 1453         0 243  4.31    M    120.1          M       72
================================================================================
AV 85.6 66.0                               5.5 FASTST   M    M   3    MAX(MPH)
                                 MISC ---->  # 41 310               # 51  310
================================================================================
NOTES:
# LAST OF SEVERAL OCCURRENCES

COLUMN 17 PEAK WIND IN M.P.H.

PRELIMINARY LOCAL CLIMATOLOGICAL DATA (WS FORM: F-6) , PAGE 2

                                          STATION:  READING PA
                                          MONTH:    JULY
                                          YEAR:     2014
                                          LATITUDE:   40 22 N
                                          LONGITUDE:  75 58 W

[TEMPERATURE DATA]      [PRECIPITATION DATA]       SYMBOLS USED IN COLUMN 16

AVERAGE MONTHLY: 75.8   TOTAL FOR MONTH:   4.31    1 = FOG OR MIST
DPTR FM NORMAL:   1.0   DPTR FM NORMAL:    1.08    2 = FOG REDUCING VISIBILITY
HIGHEST:    94 ON  2    GRTST 24HR  1.43 ON  2- 2      TO 1/4 MILE OR LESS
LOWEST:     57 ON 18, 5                            3 = THUNDER
                        SNOW, ICE PELLETS, HAIL    4 = ICE PELLETS
                        TOTAL MONTH:    M          5 = HAIL
                        GRTST 24HR    M  ON   M    6 = FREEZING RAIN OR DRIZZLE
                        GRTST DEPTH:  M  ON   M    7 = DUSTSTORM OR SANDSTORM:
                                                       VSBY 1/2 MILE OR LESS
                                                   8 = SMOKE OR HAZE
[NO. OF DAYS WITH]      [WEATHER - DAYS WITH]      9 = BLOWING SNOW
                                                   X = TORNADO
MAX 32 OR BELOW:   0    0.01 INCH OR MORE:  11
MAX 90 OR ABOVE:   5    0.10 INCH OR MORE:   9
MIN 32 OR BELOW:   0    0.50 INCH OR MORE:   2
MIN  0 OR BELOW:   0    1.00 INCH OR MORE:   1

[HDD (BASE 65) ]
TOTAL THIS MO.     0    CLEAR  (SCALE 0-3)  11
DPTR FM NORMAL     0    PTCLDY (SCALE 4-7)  11
TOTAL FM JUL 1     0    CLOUDY (SCALE 8-10)  0
DPTR FM NORMAL     0

[CDD (BASE 65) ]
TOTAL THIS MO.   243
DPTR FM NORMAL    26    [PRESSURE DATA]
TOTAL FM JAN 1   533    HIGHEST SLP M ON M
DPTR FM NORMAL    67    LOWEST  SLP 29.71 ON 15

[REMARKS]
