000
CXUS51 KPHI 270800
CF6RDG
PRELIMINARY LOCAL CLIMATOLOGICAL DATA (WS FORM: F-6)

                                          STATION:   READING PA
                                          MONTH:     JULY
                                          YEAR:      2017
                                          LATITUDE:   40 22 N
                                          LONGITUDE:  75 58 W

  TEMPERATURE IN F:       :PCPN:    SNOW:  WIND      :SUNSHINE: SKY     :PK WND
================================================================================
1   2   3   4   5  6A  6B    7    8   9   10  11  12  13   14  15   16   17  18
                                     12Z  AVG MX 2MIN
DY MAX MIN AVG DEP HDD CDD  WTR  SNW DPTH SPD SPD DIR MIN PSBL S-S WX    SPD DR
================================================================================

 1  88  71  80   6   0  15 1.40    M    M  4.8 30 260   M    M   5 13     39 270
 2  88  68  78   4   0  13 0.00    M    M  4.1 13 240   M    M   1 1      17 240
 3  88  66  77   3   0  12    T    M    M  4.4 10 290   0    0   0         M  M
 4  86  71  79   5   0  14    T    M    M  4.0  9  40   M    M   M        13 340
 5  82  71  77   2   0  12    T    M    M  4.8 13 130   M    M   7        17 140
 6  76  69  73  -2   0   8 0.01    M    M  4.9 12 140   M    M   9 1      16 160
 7  86  68  77   2   0  12 1.19    M    M  5.8 29 300   M    M   6 13     40 270
 8  84  66  75   0   0  10 0.00    M    M  5.6 17 320   M    M   4 1      22 230
 9  81  61  71  -4   0   6 0.00    M    M  4.8 13 310   M    M   0        16 300
10  87  60  74  -1   0   9    T    M    M  5.1 17 250   M    M   3        23 240
11  88  70  79   4   0  14 0.03    M    M  4.9 14 230   M    M   5 1      19 220
12  89  71  80   5   0  15 0.00    M    M  5.3 16 270   M    M   1        21 280
13  88  72  80   5   0  15 1.51    M    M  3.6 25 360   M    M   2 13     36  20
14  79  73  76   1   0  11 0.25    M    M  3.5 15  20   M    M   8 13     20  10
15  85  69  77   2   0  12    T    M    M  6.5 17 310   M    M   6 12     22 310
16  85  63  74  -1   0   9 0.00    M    M  3.4 10 290   M    M   1        14 290
17  88  67  78   3   0  13 0.04    M    M  2.8 15 150   M    M   3 3      18 150
18  90  67  79   4   0  14 0.00    M    M  2.7 18 190   M    M   6 13     25 190
19  92  71  82   7   0  17 0.00    M    M  3.3 16 340   M    M   1 1      19 340
20  93  72  83   8   0  18 0.00    M    M  4.3 14 260   M    M   1 1      17 250
21  91  73  82   7   0  17 0.00    M    M  3.9 12 220   M    M   1        14 330
22  91  71  81   6   0  16 1.23    M    M  3.8 17 230   M    M   4 13     26 240
23  85  71  78   3   0  13 0.23    M    M  4.1 14 140   M    M   8 1      20 150
24  86  69  78   3   0  13 1.95    M    M  5.1 28 360   M    M   6 13     33 290
25  76  67  72  -3   0   7 0.00    M    M  4.4 14 330   M    M  10 1      17 310
26  80  65  73  -2   0   8 0.18    M    M  3.9 12 150   M    M   7 1      14 140
================================================================================
SM 2232 1782         0 323  8.02    M    113.8            0    105
================================================================================
AV 85.9 68.5                               4.4 FASTST    0   0   4    MAX(MPH)
                                 MISC ---->  # 30 260               # 40  270
================================================================================
NOTES:
# LAST OF SEVERAL OCCURRENCES

COLUMN 17 PEAK WIND IN M.P.H.

PRELIMINARY LOCAL CLIMATOLOGICAL DATA (WS FORM: F-6) , PAGE 2

                                          STATION:  READING PA
                                          MONTH:    JULY
                                          YEAR:     2017
                                          LATITUDE:   40 22 N
                                          LONGITUDE:  75 58 W

[TEMPERATURE DATA]      [PRECIPITATION DATA]       SYMBOLS USED IN COLUMN 16

AVERAGE MONTHLY: 77.2   TOTAL FOR MONTH:   8.02    1 = FOG OR MIST
DPTR FM NORMAL:   2.3   DPTR FM NORMAL:    4.18    2 = FOG REDUCING VISIBILITY
HIGHEST:    93 ON 20    GRTST 24HR  1.95 ON 24-24      TO 1/4 MILE OR LESS
LOWEST:     60 ON 10                               3 = THUNDER
                        SNOW, ICE PELLETS, HAIL    4 = ICE PELLETS
                        TOTAL MONTH:    M          5 = HAIL
                        GRTST 24HR    M  ON   M    6 = FREEZING RAIN OR DRIZZLE
                        GRTST DEPTH:  M  ON   M    7 = DUSTSTORM OR SANDSTORM:
                                                       VSBY 1/2 MILE OR LESS
                                                   8 = SMOKE OR HAZE
[NO. OF DAYS WITH]      [WEATHER - DAYS WITH]      9 = BLOWING SNOW
                                                   X = TORNADO
MAX 32 OR BELOW:   0    0.01 INCH OR MORE:  11
MAX 90 OR ABOVE:   5    0.10 INCH OR MORE:   8
MIN 32 OR BELOW:   0    0.50 INCH OR MORE:   5
MIN  0 OR BELOW:   0    1.00 INCH OR MORE:   5

[HDD (BASE 65) ]
TOTAL THIS MO.     0    CLEAR  (SCALE 0-3)  11
DPTR FM NORMAL     0    PTCLDY (SCALE 4-7)  11
TOTAL FM JUL 1     0    CLOUDY (SCALE 8-10)  3
DPTR FM NORMAL     0

[CDD (BASE 65) ]
TOTAL THIS MO.   323
DPTR FM NORMAL    66    [PRESSURE DATA]
TOTAL FM JAN 1   632    HIGHEST SLP  0.00 ON M
DPTR FM NORMAL   126    LOWEST  SLP 29.71 ON 24

[REMARKS]
