000
CXUS56 KPDT 011032
CF6RDM
PRELIMINARY LOCAL CLIMATOLOGICAL DATA (WS FORM: F-6)

                                          STATION:   REDMOND OR
                                          MONTH:     OCTOBER
                                          YEAR:      2014
                                          LATITUDE:   44 16 N
                                          LONGITUDE: 121  9 W

  TEMPERATURE IN F:       :PCPN:    SNOW:  WIND      :SUNSHINE: SKY     :PK WND
================================================================================
1   2   3   4   5  6A  6B    7    8   9   10  11  12  13   14  15   16   17  18
                                     12Z  AVG MX 2MIN
DY MAX MIN AVG DEP HDD CDD  WTR  SNW DPTH SPD SPD DIR MIN PSBL S-S WX    SPD DR
================================================================================

 1  67  32  50  -2  15   0 0.00  0.0    0  3.8  9 170   M    M   0        17 290
 2  70  32  51  -1  14   0 0.00  0.0    0  4.9 12 340   M    M   0        14 360
 3  79  30  55   3  10   0 0.00  0.0    0  5.1 13 330   M    M   0        14 330
 4  85  39  62  11   3   0 0.00  0.0    0  4.9 13  20   M    M   0        16  10
 5  86  40  63  12   2   0 0.00  0.0    0  3.9  8 260   M    M   0        12 350
 6  87  42  65  14   0   0 0.00  0.0    0  4.2 10  30   M    M   0        13  20
 7  85  37  61  11   4   0 0.00  0.0    0  3.8 13 310   M    M   0        17 300
 8  79  37  58   8   7   0 0.00  0.0    0  6.3 16 320   M    M   0        21 310
 9  75  29  52   2  13   0 0.00  0.0    0  3.8 13 340   M    M   0        15 360
10  78  33  56   7   9   0 0.00  0.0    0  5.5 18 310   M    M   0 8      24 310
11  65  44  55   6  10   0    T  0.0    0 11.4 33 280   M    M   3        43 270
12  68  32  50   1  15   0 0.00  0.0    0  4.6 12 140   M    M   0        14 140
13  80  32  56   8   9   0 0.00  0.0    0  5.4 18 210   M    M   0        25 220
14  63  45  54   6  11   0    T  0.0    0  7.1 16 320   M    M   6        22 320
15  59  43  51   3  14   0 0.12  0.0    0  9.4 25 220   M    M   6 1      33 230
16  66  42  54   7  11   0 0.00  0.0    0  5.3 12 340   M    M   1        15 150
17  64  44  54   7  11   0 0.05  0.0    0  4.3 17 190   M    M   8        23 190
18  73  42  58  11   7   0 0.03  0.0    0  5.7 13 160   M    M   2        17 130
19  76  36  56  10   9   0 0.00  0.0    0  7.6 20 230   M    M   0        26 230
20  63  36  50   4  15   0 0.06  0.0    0  5.7 20 310   M    M   5 1      24 310
21  59  32  46   0  19   0 0.00  0.0    0  6.6 17 210   M    M   3        23 210
22  63  45  54   9  11   0    T  0.0    0 12.7 25 190   M    M   8        32 200
23  55  43  49   4  16   0 0.11  0.0    0  6.7 16 180   M    M   6 1      26 210
24  55  45  50   5  15   0 0.03  0.0    0  4.6 13 310   M    M   9 12     15 310
25  66  42  54  10  11   0    T  0.0    0 12.7 37 200   M    M   7 18     51 200
26  51  29  40  -4  25   0    T  0.0    0  8.4 26 280   M    M   6        33 280
27  57  24  41  -3  24   0 0.00  0.0    0  4.2 12 230   M    M   2        16 210
28  63  34  49   5  16   0    T  0.0    0  9.4 23 210   M    M   4        30 210
29  60  33  47   4  18   0    T  0.0    0  3.3 12 180   M    M   3        15 180
30  65  45  55  12  10   0 0.10  0.0    0  3.3 14 300   M    M   4 1      18 300
31  49  41  45   3  20   0 0.16  0.0    0  5.8 18 270   M    M   9 1      24 320
================================================================================
SM 2111 1160       374   0  0.66     0.0 190.4          M       92
================================================================================
AV 68.1 37.4                               6.1 FASTST   M    M   3    MAX(MPH)
                                 MISC ---->  # 37 200               # 51  200
================================================================================
NOTES:
# LAST OF SEVERAL OCCURRENCES

COLUMN 17 PEAK WIND IN M.P.H.

PRELIMINARY LOCAL CLIMATOLOGICAL DATA (WS FORM: F-6) , PAGE 2

                                          STATION:  REDMOND OR
                                          MONTH:    OCTOBER
                                          YEAR:     2014
                                          LATITUDE:   44 16 N
                                          LONGITUDE: 121  9 W

[TEMPERATURE DATA]      [PRECIPITATION DATA]       SYMBOLS USED IN COLUMN 16

AVERAGE MONTHLY: 52.8   TOTAL FOR MONTH:   0.66    1 = FOG OR MIST
DPTR FM NORMAL:   5.4   DPTR FM NORMAL:    0.02    2 = FOG REDUCING VISIBILITY
HIGHEST:    87 ON  6    GRTST 24HR  0.16 ON 31-31      TO 1/4 MILE OR LESS
LOWEST:     24 ON 27                               3 = THUNDER
                        SNOW, ICE PELLETS, HAIL    4 = ICE PELLETS
                        TOTAL MONTH:   0.0 INCH    5 = HAIL
                        GRTST 24HR     0.0         6 = FREEZING RAIN OR DRIZZLE
                        GRTST DEPTH:   0           7 = DUSTSTORM OR SANDSTORM:
                                                       VSBY 1/2 MILE OR LESS
                                                   8 = SMOKE OR HAZE
[NO. OF DAYS WITH]      [WEATHER - DAYS WITH]      9 = BLOWING SNOW
                                                   X = TORNADO
MAX 32 OR BELOW:   0    0.01 INCH OR MORE:   8
MAX 90 OR ABOVE:   0    0.10 INCH OR MORE:   4
MIN 32 OR BELOW:   9    0.50 INCH OR MORE:   0
MIN  0 OR BELOW:   0    1.00 INCH OR MORE:   0

[HDD (BASE 65) ]
TOTAL THIS MO.   374    CLEAR  (SCALE 0-3)  18
DPTR FM NORMAL  -172    PTCLDY (SCALE 4-7)  10
TOTAL FM JUL 1   634    CLOUDY (SCALE 8-10)  3
DPTR FM NORMAL  -311

[CDD (BASE 65) ]
TOTAL THIS MO.     0
DPTR FM NORMAL     0    [PRESSURE DATA]
TOTAL FM JAN 1   311    HIGHEST SLP 30.38 ON  3
DPTR FM NORMAL    89    LOWEST  SLP 29.47 ON 25

[REMARKS]
#FINAL-10-14#
