000
CXUS53 KMPX 231000
CF6RGK
PRELIMINARY LOCAL CLIMATOLOGICAL DATA (WS FORM: F-6)

                                          STATION:   RED_WING MN
                                          MONTH:     SEPTEMBER
                                          YEAR:      2014
                                          LATITUDE:   44 34 N
                                          LONGITUDE:  92 29 W

  TEMPERATURE IN F:       :PCPN:    SNOW:  WIND      :SUNSHINE: SKY     :PK WND
================================================================================
1   2   3   4   5  6A  6B    7    8   9   10  11  12  13   14  15   16   17  18
                                     12Z  AVG MX 2MIN
DY MAX MIN AVG DEP HDD CDD  WTR  SNW DPTH SPD SPD DIR MIN PSBL S-S WX    SPD DR
================================================================================

 1  79  57  68   M   0   3 0.41    M    M  5.4 13 290   M    M   5        18 280
 2  81  57  69   M   0   4 0.03    M    M  4.7 13 260   M    M   2         M  M
 3  82  55  69   M   0   4 0.00    M    M  5.6 15 160   M    M   4        21 190
 4  82  72  77   M   0  12 0.02    M    M  7.0 13 130   M    M   7 3      18 290
 5  72  48  60   M   5   0 0.00    M    M  6.7 14 320   M    M   3        24 320
 6  79  46  63   M   2   0 0.00    M    M  3.1  9 260   M    M   0         M  M
 7  79  48  64   M   1   0 0.00    M    M  4.8 15 250   M    M   0        21 250
 8  75  61  68   M   0   3 0.00    M    M  7.0 13 170   M    M   4 3      18 170
 9  79  64  72   M   0   7 0.00    M    M  6.2 12 140   M    M  10        17 160
10  70  48  59   M   6   0 0.52    M    M 10.2 20 360   M    M  10        28 360
11  59  43  51   M  14   0 0.00    M    M  5.7 10 360   M    M   6        16 360
12  57  36  47   M  18   0 0.00    M    M  3.0 12 350   M    M   5        16 330
13  63  34  49   M  16   0 0.00    M    M  4.0 12 200   M    M   2 1      17 200
14  70  52  61   M   4   0 0.01    M    M  6.4 14 290   M    M   5        20 280
15  63  39  51   M  14   0 0.13    M    M  3.5  9 320   M    M   6         M  M
16  70  36  53   M  12   0 0.00    M    M  2.1  8 260   M    M   1         M  M
17  75  48  62   M   3   0 0.00    M    M  0.7  5  90   M    M   5         M  M
18  73  48  61   M   4   0 0.00    M    M  8.4 12 140   M    M   2 1      16 110
19  81  57  69   M   0   4 0.48    M    M  9.4 18 180   M    M   5 3      24 160
20  79  57  68   M   0   3 0.21    M    M  9.6 17 310   M    M   1        30 310
21  66  46  56   M   9   0 0.01    M    M  7.9 14 330   M    M   4        23 310
22  73  43  58   M   7   0 0.00    M    M  2.4  9 290   M    M   2 1       M  M
================================================================================
SM 1607 1095       115  40  1.82    M    123.8          M       89
================================================================================
AV 73.0 49.8                               5.6 FASTST   M    M   4    MAX(MPH)
                                 MISC ---->    20   M                 30    M
================================================================================
NOTES:
# LAST OF SEVERAL OCCURRENCES

COLUMN 17 PEAK WIND IN M.P.H.

PRELIMINARY LOCAL CLIMATOLOGICAL DATA (WS FORM: F-6) , PAGE 2

                                          STATION:  RED_WING MN
                                          MONTH:    SEPTEMBER
                                          YEAR:     2014
                                          LATITUDE:   44 34 N
                                          LONGITUDE:  92 29 W

[TEMPERATURE DATA]      [PRECIPITATION DATA]       SYMBOLS USED IN COLUMN 16

AVERAGE MONTHLY: 61.4   TOTAL FOR MONTH:   1.82    1 = FOG OR MIST
DPTR FM NORMAL:     M   DPTR FM NORMAL:       M    2 = FOG REDUCING VISIBILITY
HIGHEST:    82 ON  4, 3 GRTST 24HR  0.52 ON 10-10      TO 1/4 MILE OR LESS
LOWEST:     34 ON 13                               3 = THUNDER
                        SNOW, ICE PELLETS, HAIL    4 = ICE PELLETS
                        TOTAL MONTH:    M          5 = HAIL
                        GRTST 24HR    M  ON   M    6 = FREEZING RAIN OR DRIZZLE
                        GRTST DEPTH:  M  ON   M    7 = DUSTSTORM OR SANDSTORM:
                                                       VSBY 1/2 MILE OR LESS
                                                   8 = SMOKE OR HAZE
[NO. OF DAYS WITH]      [WEATHER - DAYS WITH]      9 = BLOWING SNOW
                                                   X = TORNADO
MAX 32 OR BELOW:   0    0.01 INCH OR MORE:   9
MAX 90 OR ABOVE:   0    0.10 INCH OR MORE:   5
MIN 32 OR BELOW:   0    0.50 INCH OR MORE:   1
MIN  0 OR BELOW:   0    1.00 INCH OR MORE:   0

[HDD (BASE 65) ]
TOTAL THIS MO.   115    CLEAR  (SCALE 0-3)   9
DPTR FM NORMAL     M    PTCLDY (SCALE 4-7)  11
TOTAL FM JUL 1   127    CLOUDY (SCALE 8-10)  2
DPTR FM NORMAL     M

[CDD (BASE 65) ]
TOTAL THIS MO.    40
DPTR FM NORMAL     M    [PRESSURE DATA]
TOTAL FM JAN 1   629    HIGHEST SLP M ON M
DPTR FM NORMAL     M    LOWEST  SLP M ON M

[REMARKS]
