000
CXUS53 KGRB 010644
CF6RHI
PRELIMINARY LOCAL CLIMATOLOGICAL DATA (WS FORM: F-6)

                                          STATION:   RHINELANDER WI
                                          MONTH:     FEBRUARY
                                          YEAR:      2015
                                          LATITUDE:   45 37 N
                                          LONGITUDE:  89 27 W

  TEMPERATURE IN F:       :PCPN:    SNOW:  WIND      :SUNSHINE: SKY     :PK WND
================================================================================
1   2   3   4   5  6A  6B    7    8   9   10  11  12  13   14  15   16   17  18
                                     12Z  AVG MX 2MIN
DY MAX MIN AVG DEP HDD CDD  WTR  SNW DPTH SPD SPD DIR MIN PSBL S-S WX    SPD DR
================================================================================

 1  10   1   6  -7  59   0 0.00  0.0   14  9.0 17  60   M    M   5        24  70
 2  14 -14   0 -13  65   0 0.00  0.0   14  7.3 21 260   M    M   5        25 260
 3  17 -10   4  -9  61   0 0.02  0.2   14  4.9 10 270   M    M   5 1      15 260
 4  11 -11   0 -14  65   0    T  0.1   14  8.1 20 320   M    M   5 18     28 300
 5  14 -17  -1 -15  66   0    T    T   14 12.2 24 220   M    M   4 8      34 210
 6  24   7  16   2  49   0    T    T   14  4.9 17 260   M    M   7 18     21 260
 7  25  19  22   8  43   0    T  0.0   13  8.8 18 110   M    M   8 1      23 130
 8  23  14  19   5  46   0    T    T   13  7.3 12  20   M    M  10 18     17  60
 9  25   4  15   0  50   0    T    T   13  2.8 12  70   M    M   3 18     14  50
10  25  12  19   4  46   0 0.08  0.7   14  7.6 18 140   M    M   7 18     25 140
11  23   3  13  -2  52   0 0.04  1.1   15 11.1 20 290   M    M   8 189    28 280
12   9 -11  -1 -17  66   0    T    T   15  6.0 14 360   M    M   5 8      22 360
13  16  -7   5 -11  60   0 0.02  1.0   15 10.7 22 270   M    M  10 189    32 300
14  10 -12  -1 -17  66   0    T    T   15 10.6 22 340   M    M   6 89     34  20
15   8 -17  -4 -20  69   0 0.00  0.0   15  3.4 10 190   M    M   4        13 210
16  12   3   8  -9  57   0    T    T   15  6.7 10 220   M    M  10 18     14 200
17   6  -8  -1 -18  66   0    T    T   15  8.7 18 280   M    M   7 18     22 280
18  -2 -18 -10 -27  75   0    T    T   15  8.1 18 300   M    M   5 8      24 310
19   3 -24 -10 -28  75   0 0.00  0.0   15  4.7 14 300   M    M   0        19 300
20  13 -17  -2 -20  67   0 0.03  1.5   16  8.3 21 200   M    M   8 18     28 200
21  17  -6   6 -12  59   0    T  0.1   16  5.1 12 320   M    M   9 18     18 330
22   2 -19  -8 -26  73   0 0.00  0.0   16  8.5 16 300   M    M   3 18     23 320
23   6 -22  -8 -27  73   0 0.00  0.0   16 12.3 20 230   M    M   2        27 210
24  26  -4  11  -8  54   0 0.02  0.7   17 14.3 29 270   M    M   6 189    38 260
25  12 -14  -1 -21  66   0 0.00  0.0   17  4.1 12 300   M    M   1 18     16 290
26   8 -18  -5 -25  70   0 0.00  0.0   17  5.0 14 300   M    M   1 18     20 320
27  16 -22  -3 -23  68   0 0.00  0.0   17  8.1 17 270   M    M   0        20 270
28  18 -15   2 -19  63   0 0.00  0.0   17  7.6 16 190   M    M   2        22 210
================================================================================
SM  391 -223      1729   0  0.21     5.4 216.2          M      146
================================================================================
AV 14.0 -8.0                               7.7 FASTST   M    M   5    MAX(MPH)
                                 MISC ---->  # 29 270               # 38  260
================================================================================
NOTES:
# LAST OF SEVERAL OCCURRENCES

COLUMN 17 PEAK WIND IN M.P.H.

PRELIMINARY LOCAL CLIMATOLOGICAL DATA (WS FORM: F-6) , PAGE 2

                                          STATION:  RHINELANDER WI
                                          MONTH:    FEBRUARY
                                          YEAR:     2015
                                          LATITUDE:   45 37 N
                                          LONGITUDE:  89 27 W

[TEMPERATURE DATA]      [PRECIPITATION DATA]       SYMBOLS USED IN COLUMN 16

AVERAGE MONTHLY:  3.0   TOTAL FOR MONTH:   0.21    1 = FOG OR MIST
DPTR FM NORMAL: -13.4   DPTR FM NORMAL:   -0.72    2 = FOG REDUCING VISIBILITY
HIGHEST:    26 ON 24    GRTST 24HR  0.08 ON 10-10      TO 1/4 MILE OR LESS
LOWEST:    -24 ON 19                               3 = THUNDER
                        SNOW, ICE PELLETS, HAIL    4 = ICE PELLETS
                        TOTAL MONTH:   5.4 INCHES  5 = HAIL
                        GRTST 24HR   1.5 ON 20-20  6 = FREEZING RAIN OR DRIZZLE
                        GRTST DEPTH:  17 ON 28,27  7 = DUSTSTORM OR SANDSTORM:
                                                       VSBY 1/2 MILE OR LESS
                                                   8 = SMOKE OR HAZE
[NO. OF DAYS WITH]      [WEATHER - DAYS WITH]      9 = BLOWING SNOW
                                                   X = TORNADO
MAX 32 OR BELOW:  28    0.01 INCH OR MORE:   6
MAX 90 OR ABOVE:   0    0.10 INCH OR MORE:   0
MIN 32 OR BELOW:  28    0.50 INCH OR MORE:   0
MIN  0 OR BELOW:  20    1.00 INCH OR MORE:   0

[HDD (BASE 65) ]
TOTAL THIS MO.  1729    CLEAR  (SCALE 0-3)   8
DPTR FM NORMAL   368    PTCLDY (SCALE 4-7)  15
TOTAL FM JUL 1  7341    CLOUDY (SCALE 8-10)  5
DPTR FM NORMAL   719

[CDD (BASE 65) ]
TOTAL THIS MO.     0
DPTR FM NORMAL     0    [PRESSURE DATA]
TOTAL FM JAN 1     0    HIGHEST SLP M ON M
DPTR FM NORMAL     0    LOWEST  SLP 29.51 ON 24

[REMARKS]
#FINAL-02-15#
SNOWFALL AND PRECIPITATION AMOUNTS, AND SNOWDEPTH DURING
MIXED OR ALL SNOW EVENTS PROVIDED BY WJFW-TV.
