000
CXUS51 KAKQ 311010
CF6RIC
PRELIMINARY LOCAL CLIMATOLOGICAL DATA (WS FORM: F-6)

                                          STATION:   RICHMOND VA
                                          MONTH:     JANUARY
                                          YEAR:      2015
                                          LATITUDE:   37 30 N
                                          LONGITUDE:  77 20 W

  TEMPERATURE IN F:       :PCPN:    SNOW:  WIND      :SUNSHINE: SKY     :PK WND
================================================================================
1   2   3   4   5  6A  6B    7    8   9   10  11  12  13   14  15   16   17  18
                                     12Z  AVG MX 2MIN
DY MAX MIN AVG DEP HDD CDD  WTR  SNW DPTH SPD SPD DIR MIN PSBL S-S WX    SPD DR
================================================================================

 1  49  29  39   1  26   0 0.00  0.0    0  9.6 21 250   M    M   4        25 220
 2  52  40  46   8  19   0    T  0.0    0  4.1 14 220   M    M  10        16 220
 3  48  41  45   7  20   0 0.09  0.0    0  3.8 10  90   M    M  10 1      13 100
 4  70  45  58  20   7   0 0.06  0.0    0 11.7 31 290   M    M  10 12     39 290
 5  56  29  43   5  22   0 0.00  0.0    0 11.4 24 290   M    M   4        33 300
 6  44  28  36  -2  29   0 0.00  0.0    0  4.4 14  20   M    M   8        18  20
 7  36  17  27 -11  38   0 0.00  0.0    0 12.9 28 320   M    M   7        37 320
 8  26  12  19 -19  46   0 0.00  0.0    0  8.0 22 350   M    M   2        28 350
 9  46  23  35  -3  30   0 0.00  0.0    0 11.9 22 200   M    M   5        33 210
10  36  20  28 -10  37   0 0.00  0.0    0  2.9 12 330   M    M   1        14 330
11  45  17  31  -7  34   0    T  0.0    0  4.3 10 180   M    M   5        15 170
12  44  35  40   2  25   0 0.71  0.0    0  4.1 15  20   M    M   9 1      21  10
13  42  30  36  -2  29   0    T  0.0    0 11.8 20  30   M    M  10 16     25  30
14  31  27  29  -9  36   0 0.22  0.1    0  9.2 16 350   M    M  10 146    22 360
15  37  30  34  -4  31   0    T    T    T  3.7  8 210   M    M  10 18     10 210
16  53  27  40   2  25   0 0.00  0.0    0  6.4 20 310   M    M   3 1      25 310
17  44  27  36  -2  29   0 0.00  0.0    0  5.3 15 150   M    M   2        18 140
18  55  39  47   9  18   0 1.54    M    0  5.4 16 260   M    M   7 1      20 270
19  55  33  44   6  21   0 0.00  0.0    0  4.3 13 240   M    M   4        17 280
20  60  31  46   8  19   0 0.00  0.0    0  3.8 13  40   M    M   6        17  30
21  43  27  35  -3  30   0    T  0.0    0  5.2 14 360   M    M   7 18     16 360
22  51  26  39   1  26   0 0.00  0.0    0  3.3 13 310   M    M   8 128    16 310
23  42  33  38   0  27   0 0.47  0.0    0  3.6 12  80   M    M   9 1      15  70
24  44  35  40   2  25   0 0.36  0.0    0  9.8 18 300   M    M   8 1      24 310
25  54  32  43   5  22   0 0.00  0.0    0  7.2 15 270   M    M   6        18 280
26  51  31  41   3  24   0 0.03    T    0  9.1 21 350   M    M  10 1      26 350
27  39  30  35  -3  30   0 0.01  0.2    0 13.0 23 340   M    M  10 1      30  10
28  44  25  35  -3  30   0 0.00  0.0    0 10.4 22 350   M    M   2        30 350
29  42  22  32  -6  33   0    T  0.0    0  6.7 15 180   M    M   6        20 170
30  47  25  36  -2  29   0 0.00  0.0    0 12.6 31 340   M    M   7        43 340
================================================================================
SM 1386  866       817   0  3.49     0.3 219.9          M      200
================================================================================
AV 46.2 28.9                               7.3 FASTST   M    M   7    MAX(MPH)
                                 MISC ---->  # 31 290               # 43  340
================================================================================
NOTES:
# LAST OF SEVERAL OCCURRENCES

COLUMN 17 PEAK WIND IN M.P.H.

PRELIMINARY LOCAL CLIMATOLOGICAL DATA (WS FORM: F-6) , PAGE 2

                                          STATION:  RICHMOND VA
                                          MONTH:    JANUARY
                                          YEAR:     2015
                                          LATITUDE:   37 30 N
                                          LONGITUDE:  77 20 W

[TEMPERATURE DATA]      [PRECIPITATION DATA]       SYMBOLS USED IN COLUMN 16

AVERAGE MONTHLY: 37.5   TOTAL FOR MONTH:   3.49    1 = FOG OR MIST
DPTR FM NORMAL:  -0.5   DPTR FM NORMAL:    0.55    2 = FOG REDUCING VISIBILITY
HIGHEST:    70 ON  4    GRTST 24HR  1.54 ON 18-18      TO 1/4 MILE OR LESS
LOWEST:     12 ON  8                               3 = THUNDER
                        SNOW, ICE PELLETS, HAIL    4 = ICE PELLETS
                        TOTAL MONTH:   0.3 INCH    5 = HAIL
                        GRTST 24HR   0.2 ON   M    6 = FREEZING RAIN OR DRIZZLE
                        GRTST DEPTH:   T           7 = DUSTSTORM OR SANDSTORM:
                                                       VSBY 1/2 MILE OR LESS
                                                   8 = SMOKE OR HAZE
[NO. OF DAYS WITH]      [WEATHER - DAYS WITH]      9 = BLOWING SNOW
                                                   X = TORNADO
MAX 32 OR BELOW:   2    0.01 INCH OR MORE:   9
MAX 90 OR ABOVE:   0    0.10 INCH OR MORE:   5
MIN 32 OR BELOW:  22    0.50 INCH OR MORE:   2
MIN  0 OR BELOW:   0    1.00 INCH OR MORE:   1

[HDD (BASE 65) ]
TOTAL THIS MO.   817    CLEAR  (SCALE 0-3)   5
DPTR FM NORMAL     7    PTCLDY (SCALE 4-7)  15
TOTAL FM JUL 1  2133    CLOUDY (SCALE 8-10) 10
DPTR FM NORMAL   -96

[CDD (BASE 65) ]
TOTAL THIS MO.     0
DPTR FM NORMAL     0    [PRESSURE DATA]
TOTAL FM JAN 1     0    HIGHEST SLP M ON M
DPTR FM NORMAL     0    LOWEST  SLP 29.39 ON 24

[REMARKS]
