000
CXUS51 KAKQ 221010
CF6RIC
PRELIMINARY LOCAL CLIMATOLOGICAL DATA (WS FORM: F-6)

                                          STATION:   RICHMOND VA
                                          MONTH:     FEBRUARY
                                          YEAR:      2018
                                          LATITUDE:   37 30 N
                                          LONGITUDE:  77 20 W

  TEMPERATURE IN F:       :PCPN:    SNOW:  WIND      :SUNSHINE: SKY     :PK WND
================================================================================
1   2   3   4   5  6A  6B    7    8   9   10  11  12  13   14  15   16   17  18
                                     12Z  AVG MX 2MIN
DY MAX MIN AVG DEP HDD CDD  WTR  SNW DPTH SPD SPD DIR MIN PSBL S-S WX    SPD DR
================================================================================

 1  60  30  45   6  20   0    T  0.0    0 11.2 21 200   M    M   7        28 210
 2  55  19  37  -2  28   0 0.11  0.0    0 13.1 30 320   M    M   4 1      38 320
 3  37  14  26 -13  39   0 0.00  0.0    0  5.8 15 180   M    M   4        21 170
 4  43  30  37  -2  28   0 0.52  0.0    0  5.8 29 310   M    M  10 1      38 340
 5  44  27  36  -3  29   0 0.00  0.0    0  8.0 24 350   M    M   2 1      30 360
 6  55  26  41   2  24   0 0.00  0.0    0  6.4 15  40   M    M   7        19  40
 7  57  34  46   6  19   0 0.10  0.0    0  6.2 18 310   M    M  10 1      23 230
 8  42  28  35  -5  30   0    T  0.0    0  8.4 21 360   M    M   4        29 360
 9  52  26  39  -1  26   0 0.00  0.0    0  6.2 16 220   M    M   6        19 220
10  54  35  45   5  20   0 0.31  0.0    0  1.7 10 300   M    M   9 12     11 300
11  73  52  63  23   2   0 0.15  0.0    0 13.3 25 190   M    M  10 12     33 200
12  67  36  52  12  13   0 0.26  0.0    0 10.5 24  10   M    M   8 1      32  30
13  40  34  37  -3  28   0    T  0.0    0  6.2 14  10   M    M   8        18  10
14  58  37  48   7  17   0 0.00  0.0    0  8.8 16 190   M    M  10        20 200
15  74  53  64  23   1   0 0.02  0.0    0 13.2 21 220   M    M   8        27 220
16  67  43  55  14  10   0 0.07  0.0    0 10.7 23 360   M    M   7 1      28 360
17  44  34  39  -2  26   0 0.27  0.0    0  7.0 18  20   M    M   7 1      23  20
18  56  33  45   4  20   0 0.00  0.0    0  5.4 13 130   M    M   5 12     18  50
19  51  36  44   2  21   0 0.20  0.0    0  4.1 10 180   M    M   9 1      13 180
20  76  51  64  22   1   0    T  0.0    0  9.6 22 190   M    M   7 1      27 210
21  80  61  71  29   0   6 0.00  0.0    0 11.9 23 210   M    M   5        27 210
================================================================================
SM 1185  739       402   6  2.01     0.0 173.5          M      147
================================================================================
AV 56.4 35.2                               8.3 FASTST   M    M   7    MAX(MPH)
                                 MISC ---->  # 30 320               # 38  320
================================================================================
NOTES:
# LAST OF SEVERAL OCCURRENCES

COLUMN 17 PEAK WIND IN M.P.H.

PRELIMINARY LOCAL CLIMATOLOGICAL DATA (WS FORM: F-6) , PAGE 2

                                          STATION:  RICHMOND VA
                                          MONTH:    FEBRUARY
                                          YEAR:     2018
                                          LATITUDE:   37 30 N
                                          LONGITUDE:  77 20 W

[TEMPERATURE DATA]      [PRECIPITATION DATA]       SYMBOLS USED IN COLUMN 16

AVERAGE MONTHLY: 45.8   TOTAL FOR MONTH:   2.01    1 = FOG OR MIST
DPTR FM NORMAL:   5.6   DPTR FM NORMAL:   -0.03    2 = FOG REDUCING VISIBILITY
HIGHEST:    80 ON 21    GRTST 24HR  0.52 ON  4- 4      TO 1/4 MILE OR LESS
LOWEST:     14 ON  3                               3 = THUNDER
                        SNOW, ICE PELLETS, HAIL    4 = ICE PELLETS
                        TOTAL MONTH:   0.0 INCH    5 = HAIL
                        GRTST 24HR     0.0         6 = FREEZING RAIN OR DRIZZLE
                        GRTST DEPTH:   0           7 = DUSTSTORM OR SANDSTORM:
                                                       VSBY 1/2 MILE OR LESS
                                                   8 = SMOKE OR HAZE
[NO. OF DAYS WITH]      [WEATHER - DAYS WITH]      9 = BLOWING SNOW
                                                   X = TORNADO
MAX 32 OR BELOW:   0    0.01 INCH OR MORE:  10
MAX 90 OR ABOVE:   0    0.10 INCH OR MORE:   8
MIN 32 OR BELOW:   8    0.50 INCH OR MORE:   1
MIN  0 OR BELOW:   0    1.00 INCH OR MORE:   0

[HDD (BASE 65) ]
TOTAL THIS MO.   402    CLEAR  (SCALE 0-3)   1
DPTR FM NORMAL  -119    PTCLDY (SCALE 4-7)  12
TOTAL FM JUL 1  2688    CLOUDY (SCALE 8-10)  8
DPTR FM NORMAL   -94

[CDD (BASE 65) ]
TOTAL THIS MO.     6
DPTR FM NORMAL     6    [PRESSURE DATA]
TOTAL FM JAN 1     6    HIGHEST SLP M ON M
DPTR FM NORMAL     6    LOWEST  SLP 29.72 ON M

[REMARKS]
