026
CXUS55 KRIW 290945
CF6RIW
PRELIMINARY LOCAL CLIMATOLOGICAL DATA (WS FORM: F-6)

                                          STATION:   RIVERTON WY
                                          MONTH:     APRIL
                                          YEAR:      2016
                                          LATITUDE:   43  2 N
                                          LONGITUDE: 108 27 W

  TEMPERATURE IN F:       :PCPN:    SNOW:  WIND      :SUNSHINE: SKY     :PK WND
================================================================================
1   2   3   4   5  6A  6B    7    8   9   10  11  12  13   14  15   16   17  18
                                     12Z  AVG MX 2MIN
DY MAX MIN AVG DEP HDD CDD  WTR  SNW DPTH SPD SPD DIR MIN PSBL S-S WX    SPD DR
================================================================================

 1  43  24  34  -6  31   0    T    T    4  7.1 14 250   M    M   5        18  10
 2  55  29  42   1  23   0 0.00  0.0    1 10.8 24 290   M    M   0        33 280
 3  65  36  51  10  14   0 0.00  0.0    T 12.8 24 270   M    M   2        31 270
 4  66  37  52  11  13   0    T  0.0    1  9.4 43 260   M    M   1        59 260
 5  52  35  44   3  21   0 0.00  0.0    0 25.1 43 300   M    M   0        53 310
 6  68  38  53  11  12   0 0.00  0.0    0 23.1 43 310   M    M   0        54 310
 7  61  35  48   6  17   0 0.00  0.0    0  6.2 28 310   M    M   0        34 310
 8  67  34  51   9  14   0 0.00  0.0    0  5.9 13 330   M    M   0        16 150
 9  75  36  56  14   9   0 0.00  0.0    0 10.7 26 280   M    M   1        32 280
10  56  40  48   6  17   0 0.00  0.0    0 10.5 21  40   M    M   6        28  30
11  67  32  50   7  15   0 0.00  0.0    0  5.7 17 290   M    M   3        21 280
12  70  43  57  14   8   0 0.00  0.0    0  8.2 20 290   M    M   1        23 300
13  68  41  55  12  10   0    T  0.0    0  7.1 26 240   M    M   2        32 250
14  67  38  53   9  12   0 0.05  0.0    0 16.5 41 260   M    M   4        49 250
15  56  30  43  -1  22   0 0.00  0.0    0 16.5 37  10   M    M   2        46  10
16  46  33  40  -4  25   0 0.00  0.0    0 17.5 26  10   M    M   8        37 360
17  45  32  39  -5  26   0 0.06  0.9    0 13.5 24  20   M    M   6 1      30  10
18  42  32  37  -8  28   0 0.13  1.0    1  6.6 20  20   M    M  10 1      23  20
19  44  32  38  -7  27   0 0.47  4.9    3  4.9 14 230   M    M  10 1      17 230
20  64  36  50   5  15   0 0.00  0.0    T  4.4 14  40   M    M   5 12     17  40
21  72  37  55   9  10   0 0.00  0.0    0  6.6 17 160   M    M   0        22 150
22  77  40  59  13   6   0 0.00  0.0    0  8.1 29 190   M    M   0        35 190
23  71  38  55   9  10   0 0.01  0.0    0 13.8 32 200   M    M   3        39 210
24  52  41  47   0  18   0 0.78  0.0    0  7.7 22 280   M    M  10 1      27 320
25  52  39  46  -1  19   0 0.49  0.0    0  9.8 25 350   M    M  10 13     29 360
26  39  32  36 -11  29   0 0.79  3.6    T  8.6 25  20   M    M  10 12     33  20
27  41  31  36 -12  29   0 0.08  2.3    0  6.2 14  50   M    M  10 1      18  40
28  40  32  36 -12  29   0    T    T    0  9.3 16  50   M    M  10 1      20  30
================================================================================
SM 1621  983       509   0  2.86    12.7 292.6          M      119
================================================================================
AV 57.9 35.1                              10.4 FASTST   M    M   4    MAX(MPH)
                                 MISC ---->  # 43 260               # 59  260
================================================================================
NOTES:
# LAST OF SEVERAL OCCURRENCES

COLUMN 17 PEAK WIND IN M.P.H.

PRELIMINARY LOCAL CLIMATOLOGICAL DATA (WS FORM: F-6) , PAGE 2

                                          STATION:  RIVERTON WY
                                          MONTH:    APRIL
                                          YEAR:     2016
                                          LATITUDE:   43  2 N
                                          LONGITUDE: 108 27 W

[TEMPERATURE DATA]      [PRECIPITATION DATA]       SYMBOLS USED IN COLUMN 16

AVERAGE MONTHLY: 46.5   TOTAL FOR MONTH:   2.86    1 = FOG OR MIST
DPTR FM NORMAL:   2.6   DPTR FM NORMAL:    1.68    2 = FOG REDUCING VISIBILITY
HIGHEST:    77 ON 22    GRTST 24HR  0.94 ON 25-26      TO 1/4 MILE OR LESS
LOWEST:     24 ON  1                               3 = THUNDER
                        SNOW, ICE PELLETS, HAIL    4 = ICE PELLETS
                        TOTAL MONTH:  12.7 INCHES  5 = HAIL
                        GRTST 24HR   4.9 ON   M    6 = FREEZING RAIN OR DRIZZLE
                        GRTST DEPTH:   4 ON  1     7 = DUSTSTORM OR SANDSTORM:
                                                       VSBY 1/2 MILE OR LESS
                                                   8 = SMOKE OR HAZE
[NO. OF DAYS WITH]      [WEATHER - DAYS WITH]      9 = BLOWING SNOW
                                                   X = TORNADO
MAX 32 OR BELOW:   0    0.01 INCH OR MORE:   9
MAX 90 OR ABOVE:   0    0.10 INCH OR MORE:   5
MIN 32 OR BELOW:  10    0.50 INCH OR MORE:   2
MIN  0 OR BELOW:   0    1.00 INCH OR MORE:   0

[HDD (BASE 65) ]
TOTAL THIS MO.   509    CLEAR  (SCALE 0-3)  14
DPTR FM NORMAL   -81    PTCLDY (SCALE 4-7)   7
TOTAL FM JUL 1  6640    CLOUDY (SCALE 8-10)  7
DPTR FM NORMAL  -722

[CDD (BASE 65) ]
TOTAL THIS MO.     0
DPTR FM NORMAL     0    [PRESSURE DATA]
TOTAL FM JAN 1     0    HIGHEST SLP M ON M
DPTR FM NORMAL     0    LOWEST  SLP 29.67 ON 24

[REMARKS]
