000
CXUS55 KRIW 290945
CF6RKS
PRELIMINARY LOCAL CLIMATOLOGICAL DATA (WS FORM: F-6)

                                          STATION:   ROCK SPRINGS WY
                                          MONTH:     APRIL
                                          YEAR:      2016
                                          LATITUDE:   41 35 N
                                          LONGITUDE: 109  4 W

  TEMPERATURE IN F:       :PCPN:    SNOW:  WIND      :SUNSHINE: SKY     :PK WND
================================================================================
1   2   3   4   5  6A  6B    7    8   9   10  11  12  13   14  15   16   17  18
                                     12Z  AVG MX 2MIN
DY MAX MIN AVG DEP HDD CDD  WTR  SNW DPTH SPD SPD DIR MIN PSBL S-S WX    SPD DR
================================================================================

 1  38  20  29  -9  36   0    T    M    M  5.8 13 280   M    M   4 1      15 260
 2  53  28  41   3  24   0 0.00  0.0    M  9.2 18 280   M    M   0        24 260
 3  60  36  48  10  17   0 0.00  0.0    M 14.7 29 270   M    M   1        36 280
 4  63  32  48   9  17   0 0.02    M    M  8.4 35 280   M    M   3 3      43 280
 5  47  31  39   0  26   0    T    M    M 21.7 39 280   M    M   3        47 270
 6  60  31  46   7  19   0 0.00  0.0    M 23.3 35 270   M    M   0        43 280
 7  64  36  50  11  15   0 0.00  0.0    M  9.0 21  80   M    M   0        27  80
 8  65  35  50  10  15   0 0.00  0.0    M  8.4 16 150   M    M   0        24 130
 9  63  39  51  11  14   0    T    M    M 10.7 28 270   M    M   7        36 260
10  57  39  48   8  17   0 0.38    M    M 10.4 22 340   M    M  10 13     29  20
11  56  37  47   7  18   0 0.05    M    M  8.1 23 230   M    M   6 3      26 240
12  63  38  51  11  14   0 0.00  0.0    M  8.1 17 280   M    M   1        24 250
13  61  39  50   9  15   0    T    M    M  9.6 31 220   M    M   4 3      36 300
14  59  29  44   3  21   0 0.04    M    M 15.9 39 200   M    M   7 1      48 180
15  49  27  38  -3  27   0    T    M    M 12.7 36  60   M    M   3 1      45  50
16  44  27  36  -6  29   0    T    M    M 24.8 36  60   M    M   6        46  60
17  41  27  34  -8  31   0    T    M    M 19.4 37  60   M    M  10 18     44  60
18  41  28  35  -7  30   0 0.01    M    M  7.1 18  40   M    M   9 1      21  40
19  47  32  40  -2  25   0 0.01    M    M  5.0 12 240   M    M   9 12     13 240
20  62  38  50   7  15   0    T    M    M  7.3 15 310   M    M   4        19 280
21  67  39  53  10  12   0 0.00  0.0    M  8.5 17 160   M    M   0        22 150
22  70  43  57  14   8   0 0.00  0.0    M 13.5 38 200   M    M   1        44 210
23  61  35  48   4  17   0 0.05    M    M 16.1 39 200   M    M   5 13     46 200
24  54  35  45   1  20   0    T    M    M 23.0 39 260   M    M   6 1      46 250
25  56  32  44   0  21   0 0.69    M    M  9.8 32 210   M    M   9 13     45 210
26  37  31  34 -10  31   0 0.23    M    M  6.5 25  30   M    M  10 18     31  40
27  46  32  39  -6  26   0    T    M    M  7.7 21  70   M    M   7        25  70
28  35  30  33 -12  32   0    T    M    M 21.5 32  70   M    M   8 1      38  60
================================================================================
SM 1519  926       592   0  1.48     0.0 346.2          M      133
================================================================================
AV 54.2 33.1                              12.4 FASTST   M    M   5    MAX(MPH)
                                 MISC ---->  # 39 280               # 48  180
================================================================================
NOTES:
# LAST OF SEVERAL OCCURRENCES

COLUMN 17 PEAK WIND IN M.P.H.

PRELIMINARY LOCAL CLIMATOLOGICAL DATA (WS FORM: F-6) , PAGE 2

                                          STATION:  ROCK SPRINGS WY
                                          MONTH:    APRIL
                                          YEAR:     2016
                                          LATITUDE:   41 35 N
                                          LONGITUDE: 109  4 W

[TEMPERATURE DATA]      [PRECIPITATION DATA]       SYMBOLS USED IN COLUMN 16

AVERAGE MONTHLY: 43.7   TOTAL FOR MONTH:   1.48    1 = FOG OR MIST
DPTR FM NORMAL:   2.4   DPTR FM NORMAL:    0.64    2 = FOG REDUCING VISIBILITY
HIGHEST:    70 ON 22    GRTST 24HR  0.69 ON 25-25      TO 1/4 MILE OR LESS
LOWEST:     20 ON  1                               3 = THUNDER
                        SNOW, ICE PELLETS, HAIL    4 = ICE PELLETS
                        TOTAL MONTH:   0.0 INCH    5 = HAIL
                        GRTST 24HR     0.0         6 = FREEZING RAIN OR DRIZZLE
                        GRTST DEPTH:  M  ON   M    7 = DUSTSTORM OR SANDSTORM:
                                                       VSBY 1/2 MILE OR LESS
                                                   8 = SMOKE OR HAZE
[NO. OF DAYS WITH]      [WEATHER - DAYS WITH]      9 = BLOWING SNOW
                                                   X = TORNADO
MAX 32 OR BELOW:   0    0.01 INCH OR MORE:   9
MAX 90 OR ABOVE:   0    0.10 INCH OR MORE:   3
MIN 32 OR BELOW:  15    0.50 INCH OR MORE:   1
MIN  0 OR BELOW:   0    1.00 INCH OR MORE:   0

[HDD (BASE 65) ]
TOTAL THIS MO.   592    CLEAR  (SCALE 0-3)  10
DPTR FM NORMAL   -72    PTCLDY (SCALE 4-7)  11
TOTAL FM JUL 1  7016    CLOUDY (SCALE 8-10)  7
DPTR FM NORMAL  -477

[CDD (BASE 65) ]
TOTAL THIS MO.     0
DPTR FM NORMAL     0    [PRESSURE DATA]
TOTAL FM JAN 1     0    HIGHEST SLP M ON M
DPTR FM NORMAL     0    LOWEST  SLP 29.67 ON 24

[REMARKS]
