000
CXUS52 KFFC 011110
CF6RMG
PRELIMINARY LOCAL CLIMATOLOGICAL DATA (WS FORM: F-6)

                                          STATION:   ROME
                                          MONTH:     AUGUST
                                          YEAR:      2014
                                          LATITUDE:   34 20 N
                                          LONGITUDE:  85 10 W

  TEMPERATURE IN F:       :PCPN:    SNOW:  WIND      :SUNSHINE: SKY     :PK WND
================================================================================
1   2   3   4   5  6A  6B    7    8   9   10  11  12  13   14  15   16   17  18
                                     12Z  AVG MX 2MIN
DY MAX MIN AVG DEP HDD CDD  WTR  SNW DPTH SPD SPD DIR MIN PSBL S-S WX    SPD DR
================================================================================

 1  89  67  78  -2   0  13 0.00  0.0    0  2.9 13  90   M    M   8        17  80
 2  90  66  78  -2   0  13 0.00  0.0    0  4.0 14  70   M    M   2 3      17  80
 3  92  66  79  -1   0  14 0.00  0.0    M  4.6 14  60   M    M   2        18  30
 4  93  62  78  -2   0  13 0.00  0.0    0  3.1 15 320   M    M   1 1      22 330
 5  94  59  77  -3   0  12 0.00  0.0    0  3.2 13 350   M    M   0        18  10
 6  94  62  78  -2   0  13 0.00  0.0    0  3.2 13 310   M    M   1 18     20 290
 7  97  67  82   2   0  17 0.02  0.0    M  3.6 18  20   M    M   1 138    26 250
 8  86  70  78  -1   0  13 0.57  0.0    M  3.4 14 140   M    M   4 138    19 140
 9  90  70  80   1   0  15 0.10  0.0    M  2.4 14 310   M    M   5 13     18 320
10  88  72  80   1   0  15 0.32  0.0    M  3.3  9 360   M    M   8 138    13 170
11  87  71  79   0   0  14 0.21  0.0    M  3.0 20 140   M    M   7 13     23 140
12  91  72  82   3   0  17 0.00  0.0    M  4.5 23 330   M    M   6 1      33 290
13  85  64  75  -4   0  10 0.00    M    M  7.8 16  10   M    M   0        21  10
14  87  59  73  -6   0   8 0.00    M    M  2.1  9  40   M    M   2        11  50
15  90  60  75  -4   0  10 0.00    M    M  2.4 10  40   M    M   2 1      16 280
16  91  60  76  -3   0  11 0.00    M    M  1.3  9 300   M    M   1        14 210
17  94  63  79   0   0  14    T  0.0    0  3.9 13 350   M    M   2 13     20 250
18  90  69  80   1   0  15 0.01  0.0    0  3.7 18 300   M    M   3 13     23 300
19  91  70  81   2   0  16 0.09  0.0    M  3.9 14 300   M    M   6 1      19 280
20  92  70  81   3   0  16 0.31  0.0    M  4.2 26  70   M    M   3 138    32  80
21  92  68  80   2   0  15 0.42  0.0    M  2.1 24 300   M    M   3 12     30 300
22  95  69  82   4   0  17 0.00  0.0    M  3.0 13 340   M    M   1 1      15 320
23  95  70  83   5   0  18 0.11  0.0    M  2.7 26  10   M    M   1 13     31 360
24  90  71  81   3   0  16    T  0.0    M  3.9 20  60   M    M   3 13     25  50
25  86  71  79   1   0  14 0.00  0.0    M  4.4 12 110   M    M   6        16 130
26  88  62  75  -3   0  10 0.00  0.0    M  3.2 15  70   M    M   2        19  70
27  91  61  76  -1   0  11 0.00  0.0    M  2.1 13  50   M    M   1 1      16  50
28  94  60  77   0   0  12 0.00    M    M  1.4  8 180   M    M   0 1      12 140
29  95  61  78   1   0  13 0.00    M    M  2.7 16 150   M    M   0        22 190
30  94  67  81   4   0  16 0.09    M    M  3.8 17 180   M    M   5 13     26 250
31  91  68  80   3   0  15 0.00    M    M  2.8 14 300   M    M   3 12     20 310
================================================================================
SM 2822 2047         0 426  2.25     0.0 102.6          M       89
================================================================================
AV 91.0 66.0                               3.3 FASTST   M    M   3    MAX(MPH)
                                 MISC ---->  # 26  70               # 33  290
================================================================================
NOTES:
# LAST OF SEVERAL OCCURRENCES

COLUMN 17 PEAK WIND IN M.P.H.

PRELIMINARY LOCAL CLIMATOLOGICAL DATA (WS FORM: F-6) , PAGE 2

                                          STATION:  ROME
                                          MONTH:    AUGUST
                                          YEAR:     2014
                                          LATITUDE:   34 20 N
                                          LONGITUDE:  85 10 W

[TEMPERATURE DATA]      [PRECIPITATION DATA]       SYMBOLS USED IN COLUMN 16

AVERAGE MONTHLY: 78.5   TOTAL FOR MONTH:   2.25    1 = FOG OR MIST
DPTR FM NORMAL:  -0.1   DPTR FM NORMAL:   -1.88    2 = FOG REDUCING VISIBILITY
HIGHEST:    97 ON  7    GRTST 24HR  0.65 ON 20-21      TO 1/4 MILE OR LESS
LOWEST:     59 ON 14, 5                            3 = THUNDER
                        SNOW, ICE PELLETS, HAIL    4 = ICE PELLETS
                        TOTAL MONTH:   0.0 INCH    5 = HAIL
                        GRTST 24HR     0.0         6 = FREEZING RAIN OR DRIZZLE
                        GRTST DEPTH:   0           7 = DUSTSTORM OR SANDSTORM:
                                                       VSBY 1/2 MILE OR LESS
                                                   8 = SMOKE OR HAZE
[NO. OF DAYS WITH]      [WEATHER - DAYS WITH]      9 = BLOWING SNOW
                                                   X = TORNADO
MAX 32 OR BELOW:   0    0.01 INCH OR MORE:  11
MAX 90 OR ABOVE:  23    0.10 INCH OR MORE:   7
MIN 32 OR BELOW:   0    0.50 INCH OR MORE:   1
MIN  0 OR BELOW:   0    1.00 INCH OR MORE:   0

[HDD (BASE 65) ]
TOTAL THIS MO.     0    CLEAR  (SCALE 0-3)  20
DPTR FM NORMAL     0    PTCLDY (SCALE 4-7)  11
TOTAL FM JUL 1     0    CLOUDY (SCALE 8-10)  0
DPTR FM NORMAL     0

[CDD (BASE 65) ]
TOTAL THIS MO.   426
DPTR FM NORMAL     4    [PRESSURE DATA]
TOTAL FM JAN 1  1366    HIGHEST SLP 30.15 ON 26
DPTR FM NORMAL     0    LOWEST  SLP 29.80 ON 12

[REMARKS]
#FINAL-08-14#
