000
CXUS52 KFFC 281110
CF6RMG
PRELIMINARY LOCAL CLIMATOLOGICAL DATA (WS FORM: F-6)

                                          STATION:   ROME
                                          MONTH:     AUGUST
                                          YEAR:      2015
                                          LATITUDE:   34 20 N
                                          LONGITUDE:  85 10 W

  TEMPERATURE IN F:       :PCPN:    SNOW:  WIND      :SUNSHINE: SKY     :PK WND
================================================================================
1   2   3   4   5  6A  6B    7    8   9   10  11  12  13   14  15   16   17  18
                                     12Z  AVG MX 2MIN
DY MAX MIN AVG DEP HDD CDD  WTR  SNW DPTH SPD SPD DIR MIN PSBL S-S WX    SPD DR
================================================================================

 1  94  65  80   0   0  15 0.00  0.0    M  5.6 16  20   M    M   2        22  30
 2  95  62  79  -1   0  14 0.00  0.0    M  3.5 12  40   M    M   0        13  40
 3  97  66  82   2   0  17 0.00  0.0    M  3.2 13 340   M    M   0        16 340
 4  99  64  82   2   0  17 0.00  0.0    M  2.4 14 310   M    M   0        17 300
 5  98  70  84   4   0  19 0.26  0.0    M  4.0 18 180   M    M   4 13     24 200
 6  84  71  78  -2   0  13 0.32    M    M  3.3 13 260   M    M   6 13     18 270
 7  89  70  80   0   0  15 0.00    M    M  5.1 13 330   M    M   3 1      18 310
 8  93  65  79   0   0  14 0.00    M    M  2.6  9  10   M    M   0 1      12  10
 9  95  69  82   3   0  17 0.00    M    M  2.3  9 150   M    M   1        13 100
10  96  71  84   5   0  19 0.16    M    M  3.4 29 290   M    M   2 13     38 290
11  90  70  80   1   0  15 0.11    M    M  2.0 20  20   M    M   4 12     24  20
12  89  67  78  -1   0  13 0.00    M    M  6.9 17  30   M    M   0        24  30
13  92  64  78  -1   0  13 0.00    M    M  5.2 14  30   M    M   3        17  40
14  91  71  81   2   0  16 0.00    M    M  3.5 14 170   M    M   4        19 140
15  91  68  80   1   0  15    T    M    M  3.9 17  50   M    M   2        20  70
16  91  67  79   0   0  14 0.00    M    M  3.6 13 140   M    M   1        15 140
17  85  71  78  -1   0  13 0.79    M    M  2.7 16 230   M    M   5 13     25 230
18  86  71  79   0   0  14 0.52    M    M  4.1 14 220   M    M   8 13     19 250
19  89  72  81   2   0  16 1.55  0.0    0  3.7 22 200   M    M   4 13     30 210
20  86  72  79   1   0  14 0.00    M    M  3.6 12 280   M    M   7 1      27 210
21  87  70  79   1   0  14 0.00  0.0    M  3.5 10  30   M    M   3        14  30
22  91  71  81   3   0  16 0.18  0.0    M  2.8 16 290   M    M   2 13     22 310
23  86  70  78   0   0  13 0.39    M    M  2.2  9 300   M    M   6 123    13 310
24  90  68  79   1   0  14 0.00  0.0    M  4.8 14 310   M    M   2 12     17 300
25  83  61  72  -6   0   7 0.00  0.0    M  8.5 16  10   M    M   0        21 350
26  83  60  72  -6   0   7 0.00  0.0    M  8.4 15  10   M    M   0        20  20
27  86  62  74  -3   0   9 0.00  0.0    0  4.8 13  60   M    M   3        16  60
================================================================================
SM 2436 1828         0 383  4.28     0.0 109.6          M       72
================================================================================
AV 90.2 67.7                               4.1 FASTST   M    M   3    MAX(MPH)
                                 MISC ---->  # 29 290               # 38  290
================================================================================
NOTES:
# LAST OF SEVERAL OCCURRENCES

COLUMN 17 PEAK WIND IN M.P.H.

PRELIMINARY LOCAL CLIMATOLOGICAL DATA (WS FORM: F-6) , PAGE 2

                                          STATION:  ROME
                                          MONTH:    AUGUST
                                          YEAR:     2015
                                          LATITUDE:   34 20 N
                                          LONGITUDE:  85 10 W

[TEMPERATURE DATA]      [PRECIPITATION DATA]       SYMBOLS USED IN COLUMN 16

AVERAGE MONTHLY: 79.0   TOTAL FOR MONTH:   4.28    1 = FOG OR MIST
DPTR FM NORMAL:   0.0   DPTR FM NORMAL:    0.64    2 = FOG REDUCING VISIBILITY
HIGHEST:    99 ON  4    GRTST 24HR  1.55 ON 19-19      TO 1/4 MILE OR LESS
LOWEST:     60 ON 26                               3 = THUNDER
                        SNOW, ICE PELLETS, HAIL    4 = ICE PELLETS
                        TOTAL MONTH:   0.0 INCH    5 = HAIL
                        GRTST 24HR     0.0         6 = FREEZING RAIN OR DRIZZLE
                        GRTST DEPTH:   0           7 = DUSTSTORM OR SANDSTORM:
                                                       VSBY 1/2 MILE OR LESS
                                                   8 = SMOKE OR HAZE
[NO. OF DAYS WITH]      [WEATHER - DAYS WITH]      9 = BLOWING SNOW
                                                   X = TORNADO
MAX 32 OR BELOW:   0    0.01 INCH OR MORE:   9
MAX 90 OR ABOVE:  15    0.10 INCH OR MORE:   9
MIN 32 OR BELOW:   0    0.50 INCH OR MORE:   3
MIN  0 OR BELOW:   0    1.00 INCH OR MORE:   1

[HDD (BASE 65) ]
TOTAL THIS MO.     0    CLEAR  (SCALE 0-3)  18
DPTR FM NORMAL     0    PTCLDY (SCALE 4-7)   9
TOTAL FM JUL 1     0    CLOUDY (SCALE 8-10)  0
DPTR FM NORMAL     0

[CDD (BASE 65) ]
TOTAL THIS MO.   383
DPTR FM NORMAL     9    [PRESSURE DATA]
TOTAL FM JAN 1  1547    HIGHEST SLP  0.00 ON 17
DPTR FM NORMAL   229    LOWEST  SLP 29.77 ON  7

[REMARKS]
