000
CXUS51 KRNK 260901
CF6ROA
PRELIMINARY LOCAL CLIMATOLOGICAL DATA (WS FORM: F-6)

                                          STATION:   ROANOKE VA
                                          MONTH:     JUNE
                                          YEAR:      2017
                                          LATITUDE:   37 19 N
                                          LONGITUDE:  79 58 W

  TEMPERATURE IN F:       :PCPN:    SNOW:  WIND      :SUNSHINE: SKY     :PK WND
================================================================================
1   2   3   4   5  6A  6B    7    8   9   10  11  12  13   14  15   16   17  18
                                     12Z  AVG MX 2MIN
DY MAX MIN AVG DEP HDD CDD  WTR  SNW DPTH SPD SPD DIR MIN PSBL S-S WX    SPD DR
================================================================================

 1  82  61  72   3   0   7 0.00  0.0    0  8.0 22 310   M    M   3        27 320
 2  83  55  69   0   0   4 0.00  0.0    0  5.0 15 290   M    M   1        20 270
 3  85  52  69  -1   0   4 0.00  0.0    0  4.3 17 270   M    M   1        22 260
 4  88  55  72   2   0   7 0.30  0.0    0  3.1 23 230   M    M   2        28 240
 5  71  63  67  -3   0   2 0.76  0.0    0  5.1 14  30   M    M   8 1      19  30
 6  79  60  70   0   0   5 0.00  0.0    0  9.6 18 290   M    M   3        25 330
 7  72  51  62  -9   3   0 0.00  0.0    0  5.6 14  90   M    M   5        18 120
 8  71  57  64  -7   1   0 0.05  0.0    0  4.0 13  70   M    M   8 1      17  70
 9  80  55  68  -3   0   3 0.00  0.0    0  6.5 17 330   M    M   3        26 340
10  86  55  71  -1   0   6 0.00  0.0    0  4.0 14 200   M    M   1        19 200
11  89  63  76   4   0  11 0.00  0.0    0  4.6 13 230   M    M   3        17 250
12  89  68  79   7   0  14 0.00  0.0    0  3.6 10 190   M    M   3        13 190
13  91  71  81   9   0  16 0.83  0.0    0  5.1 23 210   M    M   4 3      44 230
14  90  68  79   6   0  14 0.05  0.0    0  4.6 30  30   M    M   5 13     35 270
15  86  66  76   3   0  11 1.58  0.0    0  4.1 41 330   M    M   5 13     62 350
16  78  68  73   0   0   8 0.08  0.0    0  3.3 13 160   M    M   8 13     16 160
17  84  67  76   2   0  11 0.40  0.0    0  2.7 16 120   M    M   8 13     21 120
18  87  68  78   4   0  13 0.05  0.0    0  5.7 21 190   M    M   8 12     27 180
19  85  70  78   4   0  13 0.30  0.0    0  6.7 25 310   M    M   7 13     30 320
20  82  65  74   0   0   9 0.00  0.0    0  6.3 14 170   M    M   7        18 160
21  87  67  77   3   0  12 0.00  0.0    0  6.7 13 220   M    M   2        17 220
22  85  66  76   1   0  11 0.02  0.0    0  6.6 14 270   M    M   7        19 270
23  87  71  79   4   0  14 0.03  0.0    0  7.5 26 210   M    M   7        36 220
24  86  67  77   2   0  12 0.05  0.0    0  8.1 22 250   M    M   4        32 250
25  82  60  71  -4   0   6 0.00  0.0    0  7.1 20 300   M    M   4        27 300
================================================================================
SM 2085 1569         4 213  4.50     0.0 137.9          M      117
================================================================================
AV 83.4 62.8                               5.5 FASTST   M    M   5    MAX(MPH)
                                 MISC ---->  # 41 330               # 62  350
================================================================================
NOTES:
# LAST OF SEVERAL OCCURRENCES

COLUMN 17 PEAK WIND IN M.P.H.

PRELIMINARY LOCAL CLIMATOLOGICAL DATA (WS FORM: F-6) , PAGE 2

                                          STATION:  ROANOKE VA
                                          MONTH:    JUNE
                                          YEAR:     2017
                                          LATITUDE:   37 19 N
                                          LONGITUDE:  79 58 W

[TEMPERATURE DATA]      [PRECIPITATION DATA]       SYMBOLS USED IN COLUMN 16

AVERAGE MONTHLY: 73.1   TOTAL FOR MONTH:   4.50    1 = FOG OR MIST
DPTR FM NORMAL:   0.8   DPTR FM NORMAL:    1.26    2 = FOG REDUCING VISIBILITY
HIGHEST:    91 ON 13    GRTST 24HR  1.58 ON 15-15      TO 1/4 MILE OR LESS
LOWEST:     51 ON  7                               3 = THUNDER
                        SNOW, ICE PELLETS, HAIL    4 = ICE PELLETS
                        TOTAL MONTH:   0.0 INCH    5 = HAIL
                        GRTST 24HR     0.0         6 = FREEZING RAIN OR DRIZZLE
                        GRTST DEPTH:   0           7 = DUSTSTORM OR SANDSTORM:
                                                       VSBY 1/2 MILE OR LESS
                                                   8 = SMOKE OR HAZE
[NO. OF DAYS WITH]      [WEATHER - DAYS WITH]      9 = BLOWING SNOW
                                                   X = TORNADO
MAX 32 OR BELOW:   0    0.01 INCH OR MORE:  13
MAX 90 OR ABOVE:   2    0.10 INCH OR MORE:   6
MIN 32 OR BELOW:   0    0.50 INCH OR MORE:   3
MIN  0 OR BELOW:   0    1.00 INCH OR MORE:   1

[HDD (BASE 65) ]
TOTAL THIS MO.     4    CLEAR  (SCALE 0-3)   9
DPTR FM NORMAL    -5    PTCLDY (SCALE 4-7)  14
TOTAL FM JUL 1  3213    CLOUDY (SCALE 8-10)  2
DPTR FM NORMAL  -929

[CDD (BASE 65) ]
TOTAL THIS MO.   213
DPTR FM NORMAL    20    [PRESSURE DATA]
TOTAL FM JAN 1   397    HIGHEST SLP M ON M
DPTR FM NORMAL    88    LOWEST  SLP 29.69 ON 23

[REMARKS]
