000
CXUS51 KBUF 271205
CF6ROC
PRELIMINARY LOCAL CLIMATOLOGICAL DATA (WS FORM: F-6)

                                          STATION:   ROCHESTER NY
                                          MONTH:     MAY
                                          YEAR:      2016
                                          LATITUDE:   43  7 N
                                          LONGITUDE:  77 40 W

  TEMPERATURE IN F:       :PCPN:    SNOW:  WIND      :SUNSHINE: SKY     :PK WND
================================================================================
1   2   3   4   5  6A  6B    7    8   9   10  11  12  13   14  15   16   17  18
                                     12Z  AVG MX 2MIN
DY MAX MIN AVG DEP HDD CDD  WTR  SNW DPTH SPD SPD DIR MIN PSBL S-S WX    SPD DR
================================================================================

 1  53  44  49  -3  16   0 0.27  0.0    0  9.2 16 130   M    M  10 12     23 130
 2  50  40  45  -7  20   0 0.49  0.0    0  5.7 14  40   M    M  10 12     17  50
 3  59  37  48  -5  17   0 0.00  0.0    0  2.9 10  90   M    M   8 1      13  80
 4  61  40  51  -2  14   0    T  0.0    0  5.7 16  60   M    M   8        23  30
 5  60  49  55   1  10   0    T  0.0    0 10.6 22  50   M    M   6        28  40
 6  64  47  56   2   9   0 0.02  0.0    0  8.9 21  60   M    M   7        26  60
 7  70  50  60   6   5   0 0.08  0.0    0  5.0 15 190   M    M   7 1      19 190
 8  59  43  51  -3  14   0 0.04  0.0    0 12.3 24 260   M    M   6        30 270
 9  57  37  47  -8  18   0 0.00  0.0    0  7.9 20 350   M    M   4        26 340
10  62  35  49  -6  16   0 0.00  0.0    0  5.4 15  30   M    M   5        20  20
11  69  38  54  -1  11   0 0.00  0.0    0  5.7 15 110   M    M   3        19 100
12  84  43  64   8   1   0    T  0.0    0  5.1 15 220   M    M   6        22 280
13  70  54  62   6   3   0 0.34  0.0    0 12.2 26 270   M    M   7 1      34 270
14  64  45  55  -1  10   0    T  0.0    0 13.3 32 250   M    M   8        41 270
15  46  37  42 -15  23   0 0.05    T    0 15.4 29 300   M    M   8 4      38 320
16  62  36  49  -8  16   0 0.05  0.0    0 13.5 30 270   M    M   6 1      39 270
17  63  41  52  -5  13   0 0.00  0.0    0  4.7 14 340   M    M   6 1      19 340
18  60  41  51  -7  14   0 0.00  0.0    0  5.8 14  60   M    M   4        20  50
19  70  40  55  -3  10   0 0.00  0.0    0  7.1 20  40   M    M   5        23  40
20  73  43  58   0   7   0 0.00  0.0    0  6.0 15  70   M    M   4        19  30
21  69  52  61   3   4   0 0.04  0.0    0  3.9 14 220   M    M   8        19 210
22  71  53  62   3   3   0    T  0.0    0  6.1 16  10   M    M   8        19  20
23  78  49  64   5   1   0 0.00  0.0    0  5.7 16  10   M    M   2        21  10
24  83  50  67   8   0   2 0.00  0.0    0  8.6 20 360   M    M   3        24 360
25  86  55  71  11   0   6 0.00  0.0    0 10.5 26 260   M    M   6        32 270
26  85  57  71  11   0   6 0.07  0.0    0  5.9 17 350   M    M   9        21 340
================================================================================
SM 1728 1156       255  14  1.45    T    203.1          M      164
================================================================================
AV 66.5 44.5                               7.8 FASTST   M    M   6    MAX(MPH)
                                 MISC ---->  # 32 250               # 41  270
================================================================================
NOTES:
# LAST OF SEVERAL OCCURRENCES

COLUMN 17 PEAK WIND IN M.P.H.

PRELIMINARY LOCAL CLIMATOLOGICAL DATA (WS FORM: F-6) , PAGE 2

                                          STATION:  ROCHESTER NY
                                          MONTH:    MAY
                                          YEAR:     2016
                                          LATITUDE:   43  7 N
                                          LONGITUDE:  77 40 W

[TEMPERATURE DATA]      [PRECIPITATION DATA]       SYMBOLS USED IN COLUMN 16

AVERAGE MONTHLY: 55.5   TOTAL FOR MONTH:   1.45    1 = FOG OR MIST
DPTR FM NORMAL:  -0.7   DPTR FM NORMAL:   -0.96    2 = FOG REDUCING VISIBILITY
HIGHEST:    86 ON 25    GRTST 24HR  0.52 ON  1- 2      TO 1/4 MILE OR LESS
LOWEST:     35 ON 10                               3 = THUNDER
                        SNOW, ICE PELLETS, HAIL    4 = ICE PELLETS
                        TOTAL MONTH:    T          5 = HAIL
                        GRTST 24HR    T  ON 15-15  6 = FREEZING RAIN OR DRIZZLE
                        GRTST DEPTH:   0           7 = DUSTSTORM OR SANDSTORM:
                                                       VSBY 1/2 MILE OR LESS
                                                   8 = SMOKE OR HAZE
[NO. OF DAYS WITH]      [WEATHER - DAYS WITH]      9 = BLOWING SNOW
                                                   X = TORNADO
MAX 32 OR BELOW:   0    0.01 INCH OR MORE:  10
MAX 90 OR ABOVE:   0    0.10 INCH OR MORE:   3
MIN 32 OR BELOW:   0    0.50 INCH OR MORE:   0
MIN  0 OR BELOW:   0    1.00 INCH OR MORE:   0

[HDD (BASE 65) ]
TOTAL THIS MO.   255    CLEAR  (SCALE 0-3)   2
DPTR FM NORMAL     7    PTCLDY (SCALE 4-7)  21
TOTAL FM JUL 1  5608    CLOUDY (SCALE 8-10)  3
DPTR FM NORMAL  -943

[CDD (BASE 65) ]
TOTAL THIS MO.    14
DPTR FM NORMAL    -3    [PRESSURE DATA]
TOTAL FM JAN 1    14    HIGHEST SLP M ON M
DPTR FM NORMAL    -7    LOWEST  SLP 29.52 ON 14

[REMARKS]
