000
CXUS55 KABQ 211000
CF6ROW
PRELIMINARY LOCAL CLIMATOLOGICAL DATA (WS FORM: F-6)

                                          STATION:   ROSWELL NM
                                          MONTH:     OCTOBER
                                          YEAR:      2017
                                          LATITUDE:   33 17 N
                                          LONGITUDE: 104 32 W

  TEMPERATURE IN F:       :PCPN:    SNOW:  WIND      :SUNSHINE: SKY     :PK WND
================================================================================
1   2   3   4   5  6A  6B    7    8   9   10  11  12  13   14  15   16   17  18
                                     12Z  AVG MX 2MIN
DY MAX MIN AVG DEP HDD CDD  WTR  SNW DPTH SPD SPD DIR MIN PSBL S-S WX    SPD DR
================================================================================

 1  82  63  73   7   0   8 0.01  0.0    0 14.8 28 170   M    M   5 1      34 170
 2  90  64  77  11   0  12 0.00  0.0    0 17.2 29 190   M    M   3 12     37 200
 3  85  66  76  10   0  11 0.00  0.0    0 11.6 21 150   M    M   5 1      27 150
 4  83  67  75  10   0  10 0.02  0.0    0  7.5 17 170   M    M   6 1      23 160
 5  77  65  71   6   0   6 1.15  0.0    0  6.6 22 330   M    M   7 13     26 330
 6  92  60  76  11   0  11    T  0.0    0  9.0 21 270   M    M   4 13     28 280
 7  77  50  64   0   1   0 0.00  0.0    0  5.2 15 170   M    M   0        19 340
 8  87  42  65   1   0   0 0.00  0.0    0  5.1 16 270   M    M   0 8      18 270
 9  72  47  60  -4   5   0 0.00  0.0    0 12.3 29  20   M    M   2        35  10
10  62  41  52 -11  13   0 0.00  0.0    0  6.5 17  10   M    M   2        22  10
11  77  40  59  -4   6   0 0.00  0.0    0  7.6 18 150   M    M   0        23 150
12  88  50  69   7   0   4 0.00  0.0    0  7.0 17 180   M    M   0        22 150
13  86  56  71   9   0   6 0.42  0.0    0  5.0 30 300   M    M   1 13     39 290
14  89  57  73  11   0   8    T  0.0    0  7.6 33  10   M    M   2 18     44  20
15  68  45  57  -5   8   0 0.00  0.0    0  5.9 25  20   M    M   0        30  20
16  73  42  58  -3   7   0 0.00  0.0    0  5.4 15 170   M    M   0        22 170
17  81  39  60  -1   5   0 0.00  0.0    0  5.4 14 160   M    M   0        17 160
18  85  47  66   6   0   1 0.00  0.0    0  5.8 15 190   M    M   0        19 190
19  73  53  63   3   2   0 0.04  0.0    0  7.0 23 190   M    M   4        29 200
20  83  55  69   9   0   4 0.00  0.0    0 12.4 23 200   M    M   0        29 180
================================================================================
SM 1610 1049        47  81  1.64     0.0 164.9          M       41
================================================================================
AV 80.5 52.5                               8.2 FASTST   M    M   2    MAX(MPH)
                                 MISC ---->  # 33  10               # 44   20
================================================================================
NOTES:
# LAST OF SEVERAL OCCURRENCES

COLUMN 17 PEAK WIND IN M.P.H.

PRELIMINARY LOCAL CLIMATOLOGICAL DATA (WS FORM: F-6) , PAGE 2

                                          STATION:  ROSWELL NM
                                          MONTH:    OCTOBER
                                          YEAR:     2017
                                          LATITUDE:   33 17 N
                                          LONGITUDE: 104 32 W

[TEMPERATURE DATA]      [PRECIPITATION DATA]       SYMBOLS USED IN COLUMN 16

AVERAGE MONTHLY: 66.5   TOTAL FOR MONTH:   1.64    1 = FOG OR MIST
DPTR FM NORMAL:   3.4   DPTR FM NORMAL:    0.80    2 = FOG REDUCING VISIBILITY
HIGHEST:    92 ON  6    GRTST 24HR  1.15 ON  5- 5      TO 1/4 MILE OR LESS
LOWEST:     39 ON 17                               3 = THUNDER
                        SNOW, ICE PELLETS, HAIL    4 = ICE PELLETS
                        TOTAL MONTH:   0.0 INCH    5 = HAIL
                        GRTST 24HR     0.0         6 = FREEZING RAIN OR DRIZZLE
                        GRTST DEPTH:   0           7 = DUSTSTORM OR SANDSTORM:
                                                       VSBY 1/2 MILE OR LESS
                                                   8 = SMOKE OR HAZE
[NO. OF DAYS WITH]      [WEATHER - DAYS WITH]      9 = BLOWING SNOW
                                                   X = TORNADO
MAX 32 OR BELOW:   0    0.01 INCH OR MORE:   5
MAX 90 OR ABOVE:   2    0.10 INCH OR MORE:   2
MIN 32 OR BELOW:   0    0.50 INCH OR MORE:   1
MIN  0 OR BELOW:   0    1.00 INCH OR MORE:   1

[HDD (BASE 65) ]
TOTAL THIS MO.    47    CLEAR  (SCALE 0-3)  14
DPTR FM NORMAL   -26    PTCLDY (SCALE 4-7)   6
TOTAL FM JUL 1    53    CLOUDY (SCALE 8-10)  0
DPTR FM NORMAL   -36

[CDD (BASE 65) ]
TOTAL THIS MO.    81
DPTR FM NORMAL    47    [PRESSURE DATA]
TOTAL FM JAN 1  2165    HIGHEST SLP M ON M
DPTR FM NORMAL   380    LOWEST  SLP 29.55 ON  8

[REMARKS]
