000
CXUS56 KFGZ 220900
CF6RQE
PRELIMINARY LOCAL CLIMATOLOGICAL DATA (WS FORM: F-6)

                                          STATION:   WINDOW ROCK AZ AIRPORT
                                          MONTH:     AUGUST
                                          YEAR:      2017
                                          LATITUDE:   35 39 N
                                          LONGITUDE: 109  4 W

  TEMPERATURE IN F:       :PCPN:    SNOW:  WIND      :SUNSHINE: SKY     :PK WND
================================================================================
1   2   3   4   5  6A  6B    7    8   9   10  11  12  13   14  15   16   17  18
                                     12Z  AVG MX 2MIN
DY MAX MIN AVG DEP HDD CDD  WTR  SNW DPTH SPD SPD DIR MIN PSBL S-S WX    SPD DR
================================================================================

 1  85  55  70   0   0   5 0.00    M    M  4.8 16  30   M    M   2        21  40
 2  88  56  72   2   0   7 0.00    M    M  3.9 18  50   M    M   1        28  30
 3  88  54  71   2   0   6 0.00    M    M  5.0 18  60   M    M   0        27  60
 4  82  58  70   1   0   5    T  0.0    0  3.1 23 240   M    M   5        30 240
 5  82  56  69   0   0   4 0.00    M    M  5.3 20 280   M    M   4        27 250
 6  82  57  70   1   0   5 0.05    M    M  5.7 22 230   M    M   4        30 230
 7  86  51  69   0   0   4 0.00    M    M  4.0 14 250   M    M   1        23 250
 8  86  49  68  -1   0   3 0.00    M    M  4.7 20 270   M    M   0        26 260
 9  88  47  68  -1   0   3 0.00    M    M  4.5 20 250   M    M   0        26 210
10  89  56  73   4   0   8    T    M    M  4.6 17 250   M    M   3        25 180
11  75  62  69   0   0   4 0.06  0.0    0  3.6 13 180   M    M   9        17 100
12  86  51  69   0   0   4 0.00  0.0    0  5.4 21 300   M    M   2 12     29 300
13  86  51  69   1   0   4    T  0.0    0  5.7 17 340   M    M   2        24 270
14  86  52  69   1   0   4 0.01    M    M  6.5 28 220   M    M   1        35 220
15  79  51  65  -3   0   0 0.00  0.0    0  8.1 24 230   M    M   2        44 200
16  82  40  61  -7   4   0 0.00  0.0    0  4.6 18 210   M    M   0        24 230
17  85  49  67  -1   0   2 0.00  0.0    0  3.5 16 210   M    M   1        23 250
18  89  44  67  -1   0   2 0.00  0.0    0  2.8 14 170   M    M   1        19 230
19  90  45  68   1   0   3 0.00  0.0    0  3.7 16 340   M    M   1        22 330
20  84  57  71   4   0   6 0.12    M    M  5.8 24  50   M    M   4 1      31 110
21  79  50  65  -2   0   0 0.16    M    M  3.0 15 110   M    M   3 1      20 100
================================================================================
SM 1777 1091         4  79  0.40     0.0  98.3          M       46
================================================================================
AV 84.6 52.0                               4.7 FASTST   M    M   2    MAX(MPH)
                                 MISC ---->  # 28 220               # 44  200
================================================================================
NOTES:
# LAST OF SEVERAL OCCURRENCES

COLUMN 17 PEAK WIND IN M.P.H.

PRELIMINARY LOCAL CLIMATOLOGICAL DATA (WS FORM: F-6) , PAGE 2

                                          STATION:  WINDOW ROCK AZ AIRPORT
                                          MONTH:    AUGUST
                                          YEAR:     2017
                                          LATITUDE:   35 39 N
                                          LONGITUDE: 109  4 W

[TEMPERATURE DATA]      [PRECIPITATION DATA]       SYMBOLS USED IN COLUMN 16

AVERAGE MONTHLY: 68.3   TOTAL FOR MONTH:   0.40    1 = FOG OR MIST
DPTR FM NORMAL:  -0.2   DPTR FM NORMAL:   -0.93    2 = FOG REDUCING VISIBILITY
HIGHEST:    90 ON 19    GRTST 24HR  0.16 ON 21-21      TO 1/4 MILE OR LESS
LOWEST:     40 ON 16                               3 = THUNDER
                        SNOW, ICE PELLETS, HAIL    4 = ICE PELLETS
                        TOTAL MONTH:   0.0 INCH    5 = HAIL
                        GRTST 24HR     0.0         6 = FREEZING RAIN OR DRIZZLE
                        GRTST DEPTH:   0           7 = DUSTSTORM OR SANDSTORM:
                                                       VSBY 1/2 MILE OR LESS
                                                   8 = SMOKE OR HAZE
[NO. OF DAYS WITH]      [WEATHER - DAYS WITH]      9 = BLOWING SNOW
                                                   X = TORNADO
MAX 32 OR BELOW:   0    0.01 INCH OR MORE:   5
MAX 90 OR ABOVE:   1    0.10 INCH OR MORE:   2
MIN 32 OR BELOW:   0    0.50 INCH OR MORE:   0
MIN  0 OR BELOW:   0    1.00 INCH OR MORE:   0

[HDD (BASE 65) ]
TOTAL THIS MO.     4    CLEAR  (SCALE 0-3)  14
DPTR FM NORMAL     4    PTCLDY (SCALE 4-7)   6
TOTAL FM JUL 1     4    CLOUDY (SCALE 8-10)  1
DPTR FM NORMAL     4

[CDD (BASE 65) ]
TOTAL THIS MO.    79
DPTR FM NORMAL     2    [PRESSURE DATA]
TOTAL FM JAN 1   430    HIGHEST SLP M ON M
DPTR FM NORMAL   173    LOWEST  SLP 29.80 ON 15

[REMARKS]
