744
CXUS54 KLZK 231130
CF6RUE
PRELIMINARY LOCAL CLIMATOLOGICAL DATA (WS FORM: F-6)

                                          STATION:   Russellville
                                          MONTH:     SEPTEMBER
                                          YEAR:      2017
                                          LATITUDE:   35 15 N
                                          LONGITUDE:  93  6 W

  TEMPERATURE IN F:       :PCPN:    SNOW:  WIND      :SUNSHINE: SKY     :PK WND
================================================================================
1   2   3   4   5  6A  6B    7    8   9   10  11  12  13   14  15   16   17  18
                                     12Z  AVG MX 2MIN
DY MAX MIN AVG DEP HDD CDD  WTR  SNW DPTH SPD SPD DIR MIN PSBL S-S WX    SPD DR
================================================================================

 1  86  61  74  -5   0   9 0.00    M    M  2.1 13 270   M    M   1        15 270
 2  84  58  71  -8   0   6 0.00    M    M  1.1  8 270   M    M   0 1      11 220
 3  90  63  77  -2   0  12 0.00    M    M  1.1  8 260   M    M   0 1      12 270
 4  93  69  81   3   0  16 0.00    M    M  1.7  8 270   M    M   3 1      12 240
 5  82  56  69  -9   0   4    T    M    M  4.4 15 360   M    M   4 13     20 350
 6  78  53  66 -12   0   1 0.00    M    M  4.5 14 320   M    M   1        20  10
 7  80  49  65 -12   0   0 0.00    M    M  1.4  7 190   M    M   0        10 260
 8  83  52  68  -9   0   3 0.00    M    M  1.1  8 110   M    M   0        11  80
 9  84  56  70  -7   0   5 0.00    M    M  2.8 15  60   M    M   0 1      20  60
10  82  54  68  -8   0   3 0.00    M    M  3.0 16  60   M    M   2 1      22  40
11  82  55  69  -7   0   4 0.00    M    M  4.6 14  40   M    M   0        22  60
12  73  58  66 -10   0   1 0.04    M    M  4.6 15 290   M    M   4        19 290
13  84  61  73  -2   0   8 0.00    M    M  3.3 13 300   M    M   4        16 270
14  89  57  73  -2   0   8 0.00    M    M  2.4  9 190   M    M   0 1      13 200
15  89  62  76   2   0  11 0.00    M    M  2.9  9 200   M    M   1        13 160
16  91  63  77   3   0  12 0.00    M    M  2.0 10 110   M    M   1 18     13 150
17  92  65  79   6   0  14 0.00  0.0    0  1.8 14  30   M    M   0 1      19  30
18  92  68  80   7   0  15 0.00  0.0    0  2.3 10 300   M    M   2 8      15 280
19  94  66  80   8   0  15 0.00  0.0    0  2.5 12 180   M    M   1 18     17 180
20  94  72  83  11   0  18 0.00  0.0    0  4.3 13 190   M    M   1 8      19 210
21  92  71  82  11   0  17 0.00  0.0    0  2.7 13 160   M    M   2        17 110
22  93  68  81  10   0  16 0.00  0.0    0  1.6  8 110   M    M   1 1      13  90
================================================================================
SM 1907 1337         0 198  0.04     0.0  58.2          M       28
================================================================================
AV 86.7 60.8                               2.6 FASTST   M    M   1    MAX(MPH)
                                 MISC ---->  # 16  60               # 22   40
================================================================================
NOTES:
# LAST OF SEVERAL OCCURRENCES

COLUMN 17 PEAK WIND IN M.P.H.

PRELIMINARY LOCAL CLIMATOLOGICAL DATA (WS FORM: F-6) , PAGE 2

                                          STATION:  Russellville
                                          MONTH:    SEPTEMBER
                                          YEAR:     2017
                                          LATITUDE:   35 15 N
                                          LONGITUDE:  93  6 W

[TEMPERATURE DATA]      [PRECIPITATION DATA]       SYMBOLS USED IN COLUMN 16

AVERAGE MONTHLY: 73.7   TOTAL FOR MONTH:   0.04    1 = FOG OR MIST
DPTR FM NORMAL:  -1.7   DPTR FM NORMAL:   -2.19    2 = FOG REDUCING VISIBILITY
HIGHEST:    94 ON 20,19 GRTST 24HR  0.04 ON 12-12      TO 1/4 MILE OR LESS
LOWEST:     49 ON  7                               3 = THUNDER
                        SNOW, ICE PELLETS, HAIL    4 = ICE PELLETS
                        TOTAL MONTH:   0.0 INCH    5 = HAIL
                        GRTST 24HR     0.0         6 = FREEZING RAIN OR DRIZZLE
                        GRTST DEPTH:   0           7 = DUSTSTORM OR SANDSTORM:
                                                       VSBY 1/2 MILE OR LESS
                                                   8 = SMOKE OR HAZE
[NO. OF DAYS WITH]      [WEATHER - DAYS WITH]      9 = BLOWING SNOW
                                                   X = TORNADO
MAX 32 OR BELOW:   0    0.01 INCH OR MORE:   1
MAX 90 OR ABOVE:   9    0.10 INCH OR MORE:   0
MIN 32 OR BELOW:   0    0.50 INCH OR MORE:   0
MIN  0 OR BELOW:   0    1.00 INCH OR MORE:   0

[HDD (BASE 65) ]
TOTAL THIS MO.     0    CLEAR  (SCALE 0-3)  18
DPTR FM NORMAL    -2    PTCLDY (SCALE 4-7)   4
TOTAL FM JUL 1     0    CLOUDY (SCALE 8-10)  0
DPTR FM NORMAL    -2

[CDD (BASE 65) ]
TOTAL THIS MO.   198
DPTR FM NORMAL   -35    [PRESSURE DATA]
TOTAL FM JAN 1  1672    HIGHEST SLP M ON M
DPTR FM NORMAL  -183    LOWEST  SLP 29.73 ON 20

[REMARKS]
