000
CXUS53 KMPX 291000
CF6RWF
PRELIMINARY LOCAL CLIMATOLOGICAL DATA (WS FORM: F-6)

                                          STATION:   REDWOOD FALLS MN
                                          MONTH:     MAY
                                          YEAR:      2016
                                          LATITUDE:   44 32 N
                                          LONGITUDE:  95  5 W

  TEMPERATURE IN F:       :PCPN:    SNOW:  WIND      :SUNSHINE: SKY     :PK WND
================================================================================
1   2   3   4   5  6A  6B    7    8   9   10  11  12  13   14  15   16   17  18
                                     12Z  AVG MX 2MIN
DY MAX MIN AVG DEP HDD CDD  WTR  SNW DPTH SPD SPD DIR MIN PSBL S-S WX    SPD DR
================================================================================

 1  63  39  51  -3  14   0 0.00    M    M  6.8 16  60   M    M   3        23  60
 2  68  37  53  -1  12   0 0.00    M    M  4.4 10 180   M    M   1        15 180
 3  75  47  61   6   4   0 0.00    M    M 13.8 26 320   M    M   1        41 320
 4  71  44  58   3   7   0 0.00    M    M  8.9 20 320   M    M   0        29 320
 5  82  40  61   6   4   0 0.00    M    M  7.1 17 240   M    M   0        22 220
 6  92  54  73  17   0   8    T    M    M 15.0 32 220   M    M   1        42 220
 7  70  50  60   4   5   0 0.00    M    M  8.4 18 350   M    M   0        27  20
 8  76  41  59   3   6   0 0.00    M    M  8.1 21 130   M    M   1 8      27 140
 9  59  53  56  -1   9   0 0.68    M    M 12.3 22 100   M    M   8 13     34 110
10  58  52  55  -2  10   0    T    M    M 10.4 22 130   M    M   9 1      33 120
11  62  51  57  -1   8   0 0.73    M    M  7.2 14 250   M    M   7 1      20 250
12  57  45  51  -7  14   0 0.00    M    M 10.5 22 290   M    M   6        27 290
13  49  37  43 -15  22   0 0.06    M    M 12.1 24 320   M    M   8 1      36 320
14  54  34  44 -14  21   0 0.00    M    M 12.9 26 310   M    M   1        37 320
15  68  32  50  -9  15   0 0.00    M    M  9.4 20 280   M    M   2        25 290
16  70  47  59   0   6   0    T    M    M  7.1 16 250   M    M   4        22 260
17  67  45  56  -3   9   0 0.00    M    M  6.5 15  70   M    M   1        23  80
18  69  39  54  -6  11   0 0.00    M    M  4.8 15 140   M    M   0        20 140
19  76  47  62   2   3   0 0.00    M    M 11.9 23 160   M    M   5        29 200
20  73  46  60   0   5   0 0.00    M    M  8.6 23 180   M    M   4        28 180
21  80  51  66   5   0   1 0.00    M    M  6.2 16 140   M    M   0        22 150
22  86  50  68   7   0   3 0.00    M    M 17.6 30 170   M    M   1        37 180
23  81  63  72  11   0   7 0.93    M    M 13.8 31 200   M    M   4 13     48 200
24  85  59  72  10   0   7    T    M    M  7.4 13  80   M    M   2 138    18  70
25  81  62  72  10   0   7 0.23    M    M 11.1 26 240   M    M   1 13     39 240
26  82  60  71   9   0   6 0.00    M    M  7.9 16 290   M    M   0        21 130
27  72  59  66   3   0   1 0.06    M    M  6.3 16 160   M    M   3 1      21 170
28  67  59  63   0   2   0 0.59    M    M  5.7 10 270   M    M   9 1      16  50
================================================================================
SM 1993 1343       187  40  3.28    M    262.2          M       82
================================================================================
AV 71.2 48.0                               9.4 FASTST   M    M   3    MAX(MPH)
                                 MISC ---->  # 32 220               # 48  200
================================================================================
NOTES:
# LAST OF SEVERAL OCCURRENCES

COLUMN 17 PEAK WIND IN M.P.H.

PRELIMINARY LOCAL CLIMATOLOGICAL DATA (WS FORM: F-6) , PAGE 2

                                          STATION:  REDWOOD FALLS MN
                                          MONTH:    MAY
                                          YEAR:     2016
                                          LATITUDE:   44 32 N
                                          LONGITUDE:  95  5 W

[TEMPERATURE DATA]      [PRECIPITATION DATA]       SYMBOLS USED IN COLUMN 16

AVERAGE MONTHLY: 59.6   TOTAL FOR MONTH:   3.28    1 = FOG OR MIST
DPTR FM NORMAL:   1.0   DPTR FM NORMAL:    0.39    2 = FOG REDUCING VISIBILITY
HIGHEST:    92 ON  6    GRTST 24HR  0.93 ON 23-23      TO 1/4 MILE OR LESS
LOWEST:     32 ON 15                               3 = THUNDER
                        SNOW, ICE PELLETS, HAIL    4 = ICE PELLETS
                        TOTAL MONTH:    M          5 = HAIL
                        GRTST 24HR    M  ON   M    6 = FREEZING RAIN OR DRIZZLE
                        GRTST DEPTH:  M  ON   M    7 = DUSTSTORM OR SANDSTORM:
                                                       VSBY 1/2 MILE OR LESS
                                                   8 = SMOKE OR HAZE
[NO. OF DAYS WITH]      [WEATHER - DAYS WITH]      9 = BLOWING SNOW
                                                   X = TORNADO
MAX 32 OR BELOW:   0    0.01 INCH OR MORE:   7
MAX 90 OR ABOVE:   1    0.10 INCH OR MORE:   5
MIN 32 OR BELOW:   1    0.50 INCH OR MORE:   4
MIN  0 OR BELOW:   0    1.00 INCH OR MORE:   0

[HDD (BASE 65) ]
TOTAL THIS MO.   187    CLEAR  (SCALE 0-3)  17
DPTR FM NORMAL   -27    PTCLDY (SCALE 4-7)   9
TOTAL FM JUL 1  6364    CLOUDY (SCALE 8-10)  2
DPTR FM NORMAL -1463

[CDD (BASE 65) ]
TOTAL THIS MO.    40
DPTR FM NORMAL     8    [PRESSURE DATA]
TOTAL FM JAN 1    47    HIGHEST SLP M ON M
DPTR FM NORMAL    11    LOWEST  SLP 29.68 ON  6

[REMARKS]
