000
CXUS55 KPIH 241200
CF6RXE

PRELIMINARY LOCAL CLIMATOLOGICAL DATA (WS FORM: F-6)

                                          STATION:   REXBURG ID
                                          MONTH:     JULY
                                          YEAR:      2017
                                          LATITUDE:   43 49 N
                                          LONGITUDE: 111 48 W

  TEMPERATURE IN F:       :PCPN:    SNOW:  WIND      :SUNSHINE: SKY     :PK WND
================================================================================
1   2   3   4   5  6A  6B    7    8   9   10  11  12  13   14  15   16   17  18
                                     12Z  AVG MX 2MIN
DY MAX MIN AVG DEP HDD CDD  WTR  SNW DPTH SPD SPD DIR MIN PSBL S-S WX    SPD DR
================================================================================

 1  83  45  64   0   1   0 0.00    M    M  3.5  8  20   M    M   0        12 250
 2  87  52  70   6   0   5    T    M    M  4.7 20  10   M    M   0 3      29  10
 3  88  51  70   6   0   5 0.00    M    M  5.9 15 290   M    M   0        22 310
 4  89  52  71   7   0   6 0.00    M    M  5.4 13 160   M    M   0        16 160
 5  95  54  75  10   0  10    T    M    M  6.2 22  30   M    M   0        30  10
 6  94  59  77  12   0  12    T    M    M  4.3 12  20   M    M   0        16 340
 7  92  56  74   9   0   9    T    M    M  5.8 17  30   M    M   0        24  30
 8  94  53  74   9   0   9 0.02    M    M  5.0 28 250   M    M   0 3      36 250
 9  87  58  73   7   0   8 0.01    M    M  7.2 24 140   M    M   1 3      35 150
10  89  57  73   7   0   8 0.00    M    M  8.8 22 220   M    M   0        27 200
11  87  52  70   4   0   5 0.00    M    M 10.4 22 200   M    M   0        29 200
12  87  54  71   5   0   6 0.00    M    M  5.8 17 180   M    M   0        24 190
13  92  51  72   5   0   7 0.00    M    M  4.3 10 270   M    M   0        13 280
14  95  54  75   8   0  10 0.00    M    M  3.4 15 210   M    M   0        19 200
15  94  59  77  10   0  12 0.00    M    M  5.0 23 230   M    M   0        29 230
16  85  59  72   5   0   7 0.00    M    M  9.8 25 200   M    M   0        33 210
17  90  53  72   4   0   7 0.00    M    M 10.0 23 170   M    M   0        31 170
18  91  51  71   3   0   6 0.00    M    M  6.6 15 240   M    M   0        19 220
19  91  56  74   6   0   9 0.00    M    M  6.1 14 180   M    M   0        18 200
20  87  54  71   3   0   6    T    M    M  8.3 17 180   M    M   1 3      24 200
21  86  47  67  -1   0   2 0.00    M    M  5.6 15 220   M    M   0        20 200
22  87  50  69   1   0   4 0.00    M    M  4.0 13 210   M    M   0        18 230
23  91  49  70   1   0   5 0.00    M    M  5.4 14 210   M    M   0        19 220
================================================================================
SM 2061 1226         1 158  0.03    M    141.5          M        2
================================================================================
AV 89.6 53.3                               6.2 FASTST   M    M   0    MAX(MPH)
                                 MISC ---->  # 28 250               # 36  250
================================================================================
NOTES:
# LAST OF SEVERAL OCCURRENCES
PRECIPITATION SUSPECT DURING FREEZING/FROZEN EVENTS

COLUMN 17 PEAK WIND IN M.P.H.

PRELIMINARY LOCAL CLIMATOLOGICAL DATA (WS FORM: F-6) , PAGE 2

                                          STATION:  REXBURG ID
                                          MONTH:    JULY
                                          YEAR:     2017
                                          LATITUDE:   43 49 N
                                          LONGITUDE: 111 48 W

[TEMPERATURE DATA]      [PRECIPITATION DATA]       SYMBOLS USED IN COLUMN 16

AVERAGE MONTHLY: 71.5   TOTAL FOR MONTH:   0.03    1 = FOG OR MIST
DPTR FM NORMAL:   5.2   DPTR FM NORMAL:   -0.53    2 = FOG REDUCING VISIBILITY
HIGHEST:    95 ON 14, 5 GRTST 24HR  0.02 ON  8- 8      TO 1/4 MILE OR LESS
LOWEST:     45 ON  1                               3 = THUNDER
                        SNOW, ICE PELLETS, HAIL    4 = ICE PELLETS
                        TOTAL MONTH:    M          5 = HAIL
                        GRTST 24HR    M  ON   M    6 = FREEZING RAIN OR DRIZZLE
                        GRTST DEPTH:  M  ON   M    7 = DUSTSTORM OR SANDSTORM:
                                                       VSBY 1/2 MILE OR LESS
                                                   8 = SMOKE OR HAZE
[NO. OF DAYS WITH]      [WEATHER - DAYS WITH]      9 = BLOWING SNOW
                                                   X = TORNADO
MAX 32 OR BELOW:   0    0.01 INCH OR MORE:   2
MAX 90 OR ABOVE:  11    0.10 INCH OR MORE:   0
MIN 32 OR BELOW:   0    0.50 INCH OR MORE:   0
MIN  0 OR BELOW:   0    1.00 INCH OR MORE:   0

[HDD (BASE 65) ]
TOTAL THIS MO.     1    CLEAR  (SCALE 0-3)  23
DPTR FM NORMAL   -26    PTCLDY (SCALE 4-7)   0
TOTAL FM JUL 1     1    CLOUDY (SCALE 8-10)  0
DPTR FM NORMAL   -26

[CDD (BASE 65) ]
TOTAL THIS MO.   158
DPTR FM NORMAL   101    [PRESSURE DATA]
TOTAL FM JAN 1   190    HIGHEST SLP 29.89 ON 13
DPTR FM NORMAL   111    LOWEST  SLP 29.74 ON 10

[REMARKS]
