000
CXUS55 KPIH 011200
CF6RXE

PRELIMINARY LOCAL CLIMATOLOGICAL DATA (WS FORM: F-6)

                                          STATION:   REXBURG ID
                                          MONTH:     FEBRUARY
                                          YEAR:      2015
                                          LATITUDE:   43 49 N
                                          LONGITUDE: 111 48 W

  TEMPERATURE IN F:       :PCPN:    SNOW:  WIND      :SUNSHINE: SKY     :PK WND
================================================================================
1   2   3   4   5  6A  6B    7    8   9   10  11  12  13   14  15   16   17  18
                                     12Z  AVG MX 2MIN
DY MAX MIN AVG DEP HDD CDD  WTR  SNW DPTH SPD SPD DIR MIN PSBL S-S WX    SPD DR
================================================================================

 1  32  24  28   8  37   0 0.08    M    M  2.9 10  30   M    M  10 1      12  30
 2  34  29  32  12  33   0 0.08    M    M  2.3  8 250   M    M  10 16     10 260
 3  34  31  33  13  32   0 0.10    M    M  2.9 10 230   M    M  10 16     13 230
 4  35  32  34  14  31   0 0.02    M    M  1.6  8 230   M    M  10 1       9 240
 5  48  32  40  20  25   0 0.00    M    M  6.9 20 180   M    M   1        25 180
 6  54  32  43  23  22   0 0.00    M    M  7.4 16 180   M    M   2        23 170
 7  52  36  44  24  21   0 0.01    M    M 14.5 39 250   M    M   4        51 240
 8  53  35  44  24  21   0 0.00    M    M  9.2 22 200   M    M   2        27 200
 9  51  33  42  22  23   0    T    M    M 12.9 29 210   M    M   7        40 210
10  42  32  37  16  28   0 0.00    M    M  9.4 20 200   M    M   8        25 200
11  47  26  37  16  28   0 0.00    M    M  3.3  8  70   M    M   1        11  60
12  50  29  40  19  25   0 0.00    M    M  3.7 13 240   M    M   3        16 220
13  53  24  39  18  26   0 0.00    M    M  3.2  8  60   M    M   0        12  50
14  53  29  41  19  24   0 0.00    M    M  3.4 12 200   M    M   1        16 180
15  48  24  36  14  29   0 0.00    M    M  4.1 15  30   M    M   4 12     19  30
16  40  22  31   9  34   0 0.00    M    M  8.2 20  40   M    M   1        26  30
17  40  14  27   5  38   0 0.00    M    M  4.5 13 220   M    M   0        15 220
18  47  18  33  10  32   0 0.00    M    M  5.2 14 230   M    M   0        17 230
19  51  24  38  15  27   0 0.00    M    M  6.0 16 230   M    M   1        21 230
20  46  28  37  13  28   0    T    M    M  5.5 13 290   M    M   8        16 280
21  38  16  27   3  38   0    T    M    M 12.9 29  30   M    M   4        42  50
22  32  10  21  -3  44   0 0.00    M    M 11.1 18  10   M    M   0        24  10
23  40   5  23  -2  42   0 0.00    M    M  3.6 12  60   M    M   0        16  60
24  43  19  31   6  34   0 0.00    M    M  7.9 16 210   M    M   3        21 220
25  44  23  34   8  31   0    T    M    M  7.9 20  20   M    M   6        26  30
26  40  20  30   4  35   0 0.00    M    M  7.4 16  30   M    M   5        22  20
27  34  20  27   1  38   0    T    M    M  5.9 13  70   M    M   7 1      15  60
28  41  15  28   1  37   0 0.00    M    M 11.2 21  60   M    M   0 8      27  50
================================================================================
SM 1222  682       863   0  0.29    M    185.0          M      108
================================================================================
AV 43.6 24.4                               6.6 FASTST   M    M   4    MAX(MPH)
                                 MISC ---->  # 39 250               # 51  240
================================================================================
NOTES:
# LAST OF SEVERAL OCCURRENCES

COLUMN 17 PEAK WIND IN M.P.H.

PRELIMINARY LOCAL CLIMATOLOGICAL DATA (WS FORM: F-6) , PAGE 2

                                          STATION:  REXBURG ID
                                          MONTH:    FEBRUARY
                                          YEAR:     2015
                                          LATITUDE:   43 49 N
                                          LONGITUDE: 111 48 W

[TEMPERATURE DATA]      [PRECIPITATION DATA]       SYMBOLS USED IN COLUMN 16

AVERAGE MONTHLY: 34.0   TOTAL FOR MONTH:   0.29    1 = FOG OR MIST
DPTR FM NORMAL:  11.7   DPTR FM NORMAL:   -0.54    2 = FOG REDUCING VISIBILITY
HIGHEST:    54 ON  6    GRTST 24HR  0.15 ON  1- 2      TO 1/4 MILE OR LESS
LOWEST:      5 ON 23                               3 = THUNDER
                        SNOW, ICE PELLETS, HAIL    4 = ICE PELLETS
                        TOTAL MONTH:    M          5 = HAIL
                        GRTST 24HR    M  ON   M    6 = FREEZING RAIN OR DRIZZLE
                        GRTST DEPTH:  M  ON   M    7 = DUSTSTORM OR SANDSTORM:
                                                       VSBY 1/2 MILE OR LESS
                                                   8 = SMOKE OR HAZE
[NO. OF DAYS WITH]      [WEATHER - DAYS WITH]      9 = BLOWING SNOW
                                                   X = TORNADO
MAX 32 OR BELOW:   2    0.01 INCH OR MORE:   5
MAX 90 OR ABOVE:   0    0.10 INCH OR MORE:   1
MIN 32 OR BELOW:  25    0.50 INCH OR MORE:   0
MIN  0 OR BELOW:   0    1.00 INCH OR MORE:   0

[HDD (BASE 65) ]
TOTAL THIS MO.   863    CLEAR  (SCALE 0-3)  15
DPTR FM NORMAL  -333    PTCLDY (SCALE 4-7)   9
TOTAL FM JUL 1  5084    CLOUDY (SCALE 8-10)  4
DPTR FM NORMAL  -889

[CDD (BASE 65) ]
TOTAL THIS MO.     0
DPTR FM NORMAL     0    [PRESSURE DATA]
TOTAL FM JAN 1     0    HIGHEST SLP 30.53 ON 11
DPTR FM NORMAL     0    LOWEST  SLP 29.81 ON 27

[REMARKS]
