000
CXUS55 KTWC 200855
CF6SAD
PRELIMINARY LOCAL CLIMATOLOGICAL DATA (WS FORM: F-6)

                                          STATION:   SAFFORD AZ AIRPORT
                                          MONTH:     DECEMBER
                                          YEAR:      2014
                                          LATITUDE:   32 50 N
                                          LONGITUDE: 109 38 W

  TEMPERATURE IN F:       :PCPN:    SNOW:  WIND      :SUNSHINE: SKY     :PK WND
================================================================================
1   2   3   4   5  6A  6B    7    8   9   10  11  12  13   14  15   16   17  18
                                     12Z  AVG MX 2MIN
DY MAX MIN AVG DEP HDD CDD  WTR  SNW DPTH SPD SPD DIR MIN PSBL S-S WX    SPD DR
================================================================================

 1  69  32  51   2  14   0 0.00  0.0    0  5.1 13 140   M    M   0        15 140
 2  64  49  57   8   8   0    T    M    0  7.4 18 150   M    M   3        21 110
 3  72  51  62  13   3   0    T  0.0    0  2.9 10 100   M    M   5        12 100
 4  57  46  52   4  13   0 0.57  0.0    0  6.9 21 300   M    M   M 1      26 300
 5  64  41  53   5  12   0 0.00  0.0    0  5.0 14 120   M    M   1 1      18 120
 6  61  45  53   5  12   0    T    M    0  7.9 18 110   M    M   1        21 110
 7  68  38  53   5  12   0 0.00  0.0    0  4.7 10 150   M    M   0        12 100
 8  71  46  59  12   6   0 0.00  0.0    0 10.1 17 140   M    M   0        22 140
 9  71  54  63  16   2   0 0.00  0.0    0  8.8 14 150   M    M   0        17 130
10  74  51  63  16   2   0 0.00  0.0    0  6.9 17 140   M    M   1        20 120
11  74  44  59  12   6   0 0.00  0.0    0  6.3 13 120   M    M   0        17 140
12  72  42  57  10   8   0 0.00  0.0    0  6.6 16 120   M    M   0        23 250
13  66  41  54   8  11   0 0.10    M    0 10.9 33 310   M    M   4 1      39 320
14  55  37  46   0  19   0 0.00  0.0    0  6.2 16 310   M    M   3        20 310
15  57  30  44  -2  21   0 0.00  0.0    0  5.5 14 130   M    M   0        17 140
16  62  46  54   8  11   0 0.00  0.0    0  8.4 17 140   M    M   1        21 140
17  56  43  50   4  15   0 0.20    M    0  5.1 16 310   M    M   9 1      20 310
18  52  38  45  -1  20   0 0.06    M    0  5.2 17 280   M    M   7 1      20 280
19  51  32  42  -4  23   0 0.00  0.0    0  3.6  9 100   M    M   3 12     10 100
================================================================================
SM 1216  806       218   0  0.93     0.0 123.5          M       38
================================================================================
AV 64.0 42.4                               6.5 FASTST   M    M   2    MAX(MPH)
                                 MISC ---->  # 33 310               # 39  320
================================================================================
NOTES:
# LAST OF SEVERAL OCCURRENCES

COLUMN 17 PEAK WIND IN M.P.H.

PRELIMINARY LOCAL CLIMATOLOGICAL DATA (WS FORM: F-6) , PAGE 2

                                          STATION:  SAFFORD AZ AIRPORT
                                          MONTH:    DECEMBER
                                          YEAR:     2014
                                          LATITUDE:   32 50 N
                                          LONGITUDE: 109 38 W

[TEMPERATURE DATA]      [PRECIPITATION DATA]       SYMBOLS USED IN COLUMN 16

AVERAGE MONTHLY: 53.2   TOTAL FOR MONTH:   0.93    1 = FOG OR MIST
DPTR FM NORMAL:   6.1   DPTR FM NORMAL:    0.27    2 = FOG REDUCING VISIBILITY
HIGHEST:    74 ON 11,10 GRTST 24HR  0.57 ON  4- 4      TO 1/4 MILE OR LESS
LOWEST:     30 ON 15                               3 = THUNDER
                        SNOW, ICE PELLETS, HAIL    4 = ICE PELLETS
                        TOTAL MONTH:   0.0 INCH    5 = HAIL
                        GRTST 24HR     0.0         6 = FREEZING RAIN OR DRIZZLE
                        GRTST DEPTH:   0           7 = DUSTSTORM OR SANDSTORM:
                                                       VSBY 1/2 MILE OR LESS
                                                   8 = SMOKE OR HAZE
[NO. OF DAYS WITH]      [WEATHER - DAYS WITH]      9 = BLOWING SNOW
                                                   X = TORNADO
MAX 32 OR BELOW:   0    0.01 INCH OR MORE:   4
MAX 90 OR ABOVE:   0    0.10 INCH OR MORE:   3
MIN 32 OR BELOW:   3    0.50 INCH OR MORE:   1
MIN  0 OR BELOW:   0    1.00 INCH OR MORE:   0

[HDD (BASE 65) ]
TOTAL THIS MO.   218    CLEAR  (SCALE 0-3)  13
DPTR FM NORMAL  -120    PTCLDY (SCALE 4-7)   4
TOTAL FM JUL 1   544    CLOUDY (SCALE 8-10)  1
DPTR FM NORMAL  -157

[CDD (BASE 65) ]
TOTAL THIS MO.     0
DPTR FM NORMAL     0    [PRESSURE DATA]
TOTAL FM JAN 1  2759    HIGHEST SLP M ON M
DPTR FM NORMAL   147    LOWEST  SLP 29.88 ON 10

[REMARKS]
