000
CXUS52 KCHS 270715
CF6SAV
PRELIMINARY LOCAL CLIMATOLOGICAL DATA (WS FORM: F-6)

                                          STATION:   SAVANNAH GA
                                          MONTH:     MAY
                                          YEAR:      2017
                                          LATITUDE:   32  7 N
                                          LONGITUDE:  81 12 W

  TEMPERATURE IN F:       :PCPN:    SNOW:  WIND      :SUNSHINE: SKY     :PK WND
================================================================================
1   2   3   4   5  6A  6B    7    8   9   10  11  12  13   14  15   16   17  18
                                     12Z  AVG MX 2MIN
DY MAX MIN AVG DEP HDD CDD  WTR  SNW DPTH SPD SPD DIR MIN PSBL S-S WX    SPD DR
================================================================================

 1  89  71  80  11   0  15 0.38  0.0    0 15.6 28 180   M    M   9 13     34 180
 2  85  59  72   2   0   7 0.00  0.0    0  8.1 18 270   M    M   2        24 300
 3  87  56  72   2   0   7 0.00  0.0    0  5.8 17 160   M    M   4        25 130
 4  84  61  73   3   0   8 0.86  0.0    0 12.9 25 160   M    M   7 138    38 140
 5  74  54  64  -6   1   0    T  0.0    0 14.7 29 250   M    M   7        36 260
 6  77  52  65  -6   0   0 0.00  0.0    0 13.8 25 310   M    M   2        33 310
 7  79  51  65  -6   0   0 0.00  0.0    0  6.1 17 300   M    M   1        23 300
 8  82  51  67  -4   0   2 0.00  0.0    0  4.7 14 330   M    M   1        19 310
 9  92  57  75   3   0  10 0.00  0.0    0  6.6 15 170   M    M   1        20 270
10  95  61  78   6   0  13 0.00  0.0    0  7.1 16 300   M    M   1        23 270
11  96  67  82  10   0  17 0.00  0.0    0  9.7 22 280   M    M   5        28 280
12  93  66  80   8   0  15 0.00  0.0    0  8.1 16 220   M    M   5        21 260
13  74  66  70  -3   0   5 1.44  0.0    0  6.9 29 130   M    M   7 13     35 140
14  84  64  74   1   0   9 0.00  0.0    0  7.1 15  80   M    M   4        18  80
15  90  60  75   2   0  10 0.00  0.0    0  3.9 14 170   M    M   0 1      16 150
16  93  64  79   6   0  14 0.00  0.0    0  5.6 16 160   M    M   1        20 150
17  88  68  78   4   0  13 0.00  0.0    0  9.8 18 160   M    M   2 1      23 160
18  87  68  78   4   0  13 0.00  0.0    0  8.4 17 140   M    M   5 1      21 140
19  89  65  77   3   0  12 0.00  0.0    0  5.5 15 150   M    M   7        18 150
20  91  71  81   7   0  16 0.00  0.0    0  8.0 18 140   M    M   5 1      24 130
21  87  74  81   6   0  16 0.37  0.0    0  8.3 23 170   M    M   6 138    29 170
22  86  69  78   3   0  13 6.61    T    0  6.5 35 290   M    M   8 135X   46 290
23  82  71  77   2   0  12 1.31  0.0    0  7.5 30 290   M    M   9 13     38 280
24  81  69  75  -1   0  10 0.44  0.0    0 11.7 31 170   M    M   9 13     39 170
25  83  63  73  -3   0   8 0.00  0.0    0 12.9 28 270   M    M   4        35 270
26  88  58  73  -3   0   8 0.00  0.0    0  6.4 16 310   M    M   2        20 300
================================================================================
SM 2236 1636         1 253 11.41    T    221.7          M      114
================================================================================
AV 86.0 62.9                               8.5 FASTST   M    M   4    MAX(MPH)
                                 MISC ---->  # 35 290               # 46  290
================================================================================
NOTES:
# LAST OF SEVERAL OCCURRENCES

COLUMN 17 PEAK WIND IN M.P.H.

PRELIMINARY LOCAL CLIMATOLOGICAL DATA (WS FORM: F-6) , PAGE 2

                                          STATION:  SAVANNAH GA
                                          MONTH:    MAY
                                          YEAR:     2017
                                          LATITUDE:   32  7 N
                                          LONGITUDE:  81 12 W

[TEMPERATURE DATA]      [PRECIPITATION DATA]       SYMBOLS USED IN COLUMN 16

AVERAGE MONTHLY: 74.5   TOTAL FOR MONTH:  11.41    1 = FOG OR MIST
DPTR FM NORMAL:   1.7   DPTR FM NORMAL:    9.06    2 = FOG REDUCING VISIBILITY
HIGHEST:    96 ON 11    GRTST 24HR  6.61 ON 22-22      TO 1/4 MILE OR LESS
LOWEST:     51 ON  8, 7                            3 = THUNDER
                        SNOW, ICE PELLETS, HAIL    4 = ICE PELLETS
                        TOTAL MONTH:    T          5 = HAIL
                        GRTST 24HR    T  ON 22-22  6 = FREEZING RAIN OR DRIZZLE
                        GRTST DEPTH:   0           7 = DUSTSTORM OR SANDSTORM:
                                                       VSBY 1/2 MILE OR LESS
                                                   8 = SMOKE OR HAZE
[NO. OF DAYS WITH]      [WEATHER - DAYS WITH]      9 = BLOWING SNOW
                                                   X = TORNADO
MAX 32 OR BELOW:   0    0.01 INCH OR MORE:   7
MAX 90 OR ABOVE:   7    0.10 INCH OR MORE:   7
MIN 32 OR BELOW:   0    0.50 INCH OR MORE:   4
MIN  0 OR BELOW:   0    1.00 INCH OR MORE:   3

[HDD (BASE 65) ]
TOTAL THIS MO.     1    CLEAR  (SCALE 0-3)  10
DPTR FM NORMAL    -5    PTCLDY (SCALE 4-7)  13
TOTAL FM JUL 1  1023    CLOUDY (SCALE 8-10)  3
DPTR FM NORMAL  -786

[CDD (BASE 65) ]
TOTAL THIS MO.   253
DPTR FM NORMAL    44    [PRESSURE DATA]
TOTAL FM JAN 1   593    HIGHEST SLP M ON M
DPTR FM NORMAL   248    LOWEST  SLP 29.53 ON 24

[REMARKS]
