000
CXUS53 KMKX 270700
CF6SBM
PRELIMINARY LOCAL CLIMATOLOGICAL DATA (WS FORM: F-6)

                                          STATION:   SHEBOYGAN WI
                                          MONTH:     DECEMBER
                                          YEAR:      2016
                                          LATITUDE:   43 46 N
                                          LONGITUDE:  87 51 W

  TEMPERATURE IN F:       :PCPN:    SNOW:  WIND      :SUNSHINE: SKY     :PK WND
================================================================================
1   2   3   4   5  6A  6B    7    8   9   10  11  12  13   14  15   16   17  18
                                     12Z  AVG MX 2MIN
DY MAX MIN AVG DEP HDD CDD  WTR  SNW DPTH SPD SPD DIR MIN PSBL S-S WX    SPD DR
================================================================================

 1  42  35  39  10  26   0    T    M    0 11.1 21 300   M    M  10        26 310
 2  36  32  34   6  31   0 0.00  0.0    0  8.2 14 310   M    M  10        19 330
 3  32  29  31   3  34   0 0.00  0.0    0  5.6 13 240   M    M  10        16 270
 4  33  28  31   3  34   0 0.27    M    0  4.8 14 250   M    M  10 12     18 250
 5  38  31  35   8  30   0 0.00  0.0    0  9.2 16 250   M    M  10 1      21 240
 6  40  26  33   6  32   0 0.00    M    M 12.1 28 260   M    M   9 18     36 260
 7  27  21  24  -2  41   0    T    M    M 18.9 30 260   M    M   4        35 270
 8  28  18  23  -3  42   0    T    M    M 16.6 26 290   M    M   7        33 290
 9  26  15  21  -5  44   0 0.00    M    M  9.5 20 280   M    M   3        26 270
10  20  13  17  -8  48   0 0.02    M    M  6.9 16 280   M    M   5 1      20 280
11  28  19  24  -1  41   0 0.27    M    M  3.0 17 290   M    M  10 1      26 290
12  24   9  17  -7  48   0    T    M    M 13.9 24 280   M    M   6 1      33 280
13  14   0   7 -17  58   0 0.00  0.0    0 11.7 21 260   M    M   1        25 290
14  14   1   8 -16  57   0 0.00  0.0    0 18.5 28 280   M    M   1        40 280
15   8  -3   3 -21  62   0 0.00  0.0    0 12.9 23 280   M    M   0        33 300
16  20   8  14  -9  51   0 0.27    M    M  5.8 12 200   M    M  10 1      14 190
17  22  11  17  -6  48   0 0.03    M    0 11.4 22 350   M    M  10 1      28 350
18  11 -11   0 -23  65   0    T    M    0 11.2 21 340   M    M   3 8      29 340
19  16 -12   2 -20  63   0 0.00  0.0    0 15.1 28 220   M    M   0 8      32 220
20  36  16  26   4  39   0 0.00    M    M 18.7 31 240   M    M   1 8      40 250
21  35  24  30   8  35   0    T    M    M 10.4 21 250   M    M   5        25 170
22  36  23  30   8  35   0 0.00    M    M 11.4 20 280   M    M   3        25 310
23  37  24  31   9  34   0 0.18    M    M  9.7 23 220   M    M   6 1      29 210
24  35  33  34  13  31   0 0.00    M    M  5.8 15 310   M    M  10 1      21 310
25  36  33  35  14  30   0    M    M    M 12.2 21 140   M    M  10 18     29 120
26  46  23  35  14  30   0 0.33    M    M 19.6 41 240   M    M   6 123    54 240
================================================================================
SM  740  446      1089   0  1.37     0.0 294.2          M      160
================================================================================
AV 28.5 17.2                              11.3 FASTST   M    M   6    MAX(MPH)
                                 MISC ---->  # 41 240               # 54  240
================================================================================
NOTES:
# LAST OF SEVERAL OCCURRENCES

COLUMN 17 PEAK WIND IN M.P.H.

PRELIMINARY LOCAL CLIMATOLOGICAL DATA (WS FORM: F-6) , PAGE 2

                                          STATION:  SHEBOYGAN WI
                                          MONTH:    DECEMBER
                                          YEAR:     2016
                                          LATITUDE:   43 46 N
                                          LONGITUDE:  87 51 W

[TEMPERATURE DATA]      [PRECIPITATION DATA]       SYMBOLS USED IN COLUMN 16

AVERAGE MONTHLY: 22.8   TOTAL FOR MONTH:   1.37    1 = FOG OR MIST
DPTR FM NORMAL:  -1.5   DPTR FM NORMAL:    0.10    2 = FOG REDUCING VISIBILITY
HIGHEST:    46 ON 26    GRTST 24HR  0.51 ON 25-26      TO 1/4 MILE OR LESS
LOWEST:    -12 ON 19                               3 = THUNDER
                        SNOW, ICE PELLETS, HAIL    4 = ICE PELLETS
                        TOTAL MONTH:   0.0 INCH    5 = HAIL
                        GRTST 24HR     0.0         6 = FREEZING RAIN OR DRIZZLE
                        GRTST DEPTH:   0           7 = DUSTSTORM OR SANDSTORM:
                                                       VSBY 1/2 MILE OR LESS
                                                   8 = SMOKE OR HAZE
[NO. OF DAYS WITH]      [WEATHER - DAYS WITH]      9 = BLOWING SNOW
                                                   X = TORNADO
MAX 32 OR BELOW:  14    0.01 INCH OR MORE:   7
MAX 90 OR ABOVE:   0    0.10 INCH OR MORE:   5
MIN 32 OR BELOW:  23    0.50 INCH OR MORE:   0
MIN  0 OR BELOW:   4    1.00 INCH OR MORE:   0

[HDD (BASE 65) ]
TOTAL THIS MO.  1089    CLEAR  (SCALE 0-3)   7
DPTR FM NORMAL    30    PTCLDY (SCALE 4-7)   8
TOTAL FM JUL 1  2227    CLOUDY (SCALE 8-10) 11
DPTR FM NORMAL  -470

[CDD (BASE 65) ]
TOTAL THIS MO.     0
DPTR FM NORMAL     0    [PRESSURE DATA]
TOTAL FM JAN 1   527    HIGHEST SLP M ON M
DPTR FM NORMAL   133    LOWEST  SLP 29.61 ON  1

[REMARKS]
