000
CXUS55 KLOX 271655
CF6SBP
PRELIMINARY LOCAL CLIMATOLOGICAL DATA (WS FORM: F-6)

                                          STATION:   SAN LUIS OBISPO AIRPORT CA
                                          MONTH:     AUGUST
                                          YEAR:      2015
                                          LATITUDE:   35 13 N
                                          LONGITUDE: 120 38 W

  TEMPERATURE IN F:       :PCPN:    SNOW:  WIND      :SUNSHINE: SKY     :PK WND
================================================================================
1   2   3   4   5  6A  6B    7    8   9   10  11  12  13   14  15   16   17  18
                                     12Z  AVG MX 2MIN
DY MAX MIN AVG DEP HDD CDD  WTR  SNW DPTH SPD SPD DIR MIN PSBL S-S WX    SPD DR
================================================================================

 1  78  62  70   4   0   5 0.00  0.0    0 11.4 22 300   M    M   4        25 300
 2  78  62  70   4   0   5 0.00  0.0    0 12.9 24 310   M    M   6        29 310
 3  78  60  69   3   0   4 0.00  0.0    0 11.1 26 310   M    M   5        33 310
 4  77  57  67   1   0   2 0.00  0.0    0  9.5 23 320   M    M   2        29 320
 5  82  62  72   6   0   7 0.00  0.0    0 10.1 25 310   M    M   4        30 320
 6  77  60  69   3   0   4 0.00  0.0    0  6.9 21 300   M    M   5 1      24 300
 7  77  59  68   1   0   3 0.00  0.0    0  6.5 20 300   M    M   5        23 300
 8  78  54  66  -1   0   1 0.00  0.0    0  7.7 20 310   M    M   1        23 330
 9  76  58  67   0   0   2 0.00  0.0    0  7.3 16 220   M    M   4 1      23 100
10  76  62  69   2   0   4    T  0.0    0  6.8 18 300   M    M   7 1      22 300
11  77  61  69   2   0   4 0.00  0.0    0  7.4 23 320   M    M   5        26 310
12  80  55  68   1   0   3 0.00  0.0    0 10.0 24 320   M    M   2        28 320
13  82  59  71   4   0   6 0.00  0.0    0 11.1 26 320   M    M   2        31 310
14  83  56  70   3   0   5 0.00  0.0    0  8.8 26 310   M    M   0        29 310
15  92  56  74   7   0   9 0.00  0.0    0  4.8 20 310   M    M   0        23 310
16  90  59  75   8   0  10 0.00  0.0    0  6.3 18 320   M    M   0 1      22 310
17  84  60  72   5   0   7 0.00  0.0    0  4.8 14 320   M    M   5 18     23  90
18  82  61  72   5   0   7 0.00  0.0    0  5.9 14 320   M    M   6 8      17 330
19  79  62  71   4   0   6 0.00  0.0    0  9.6 21 310   M    M   5 8      25 310
20  78  64  71   4   0   6 0.00  0.0    0 11.6 22 320   M    M   6 8      24 320
21  78  63  71   4   0   6 0.00  0.0    0  8.1 18 310   M    M   6 8      22 320
22  78  61  70   3   0   5 0.00  0.0    0  8.1 18 310   M    M   4 8      22 310
23  78  62  70   3   0   5 0.00  0.0    0 10.1 21 310   M    M   4        25 310
24  81  57  69   2   0   4 0.00  0.0    0  8.8 22 300   M    M   0        26 300
25  85  60  73   5   0   8 0.00  0.0    0  8.8 22 310   M    M   0 18     24 310
26  90  59  75   7   0  10 0.00  0.0    0  7.0 21 310   M    M   1 18     23 300
================================================================================
SM 2094 1551         0 138    T      0.0 221.4          M       89
================================================================================
AV 80.5 59.7                               8.5 FASTST   M    M   3    MAX(MPH)
                                 MISC ---->  # 26 310               # 33  310
================================================================================
NOTES:
# LAST OF SEVERAL OCCURRENCES

COLUMN 17 PEAK WIND IN M.P.H.

PRELIMINARY LOCAL CLIMATOLOGICAL DATA (WS FORM: F-6) , PAGE 2

                                          STATION:  SAN LUIS OBISPO AIRPORT CA
                                          MONTH:    AUGUST
                                          YEAR:     2015
                                          LATITUDE:   35 13 N
                                          LONGITUDE: 120 38 W

[TEMPERATURE DATA]      [PRECIPITATION DATA]       SYMBOLS USED IN COLUMN 16

AVERAGE MONTHLY: 70.1   TOTAL FOR MONTH:      T    1 = FOG OR MIST
DPTR FM NORMAL:   3.2   DPTR FM NORMAL:   -0.03    2 = FOG REDUCING VISIBILITY
HIGHEST:    92 ON 15    GRTST 24HR    T  ON 10-10      TO 1/4 MILE OR LESS
LOWEST:     54 ON  8                               3 = THUNDER
                        SNOW, ICE PELLETS, HAIL    4 = ICE PELLETS
                        TOTAL MONTH:   0.0 INCH    5 = HAIL
                        GRTST 24HR     0.0         6 = FREEZING RAIN OR DRIZZLE
                        GRTST DEPTH:   0           7 = DUSTSTORM OR SANDSTORM:
                                                       VSBY 1/2 MILE OR LESS
                                                   8 = SMOKE OR HAZE
[NO. OF DAYS WITH]      [WEATHER - DAYS WITH]      9 = BLOWING SNOW
                                                   X = TORNADO
MAX 32 OR BELOW:   0    0.01 INCH OR MORE:   0
MAX 90 OR ABOVE:   3    0.10 INCH OR MORE:   0
MIN 32 OR BELOW:   0    0.50 INCH OR MORE:   0
MIN  0 OR BELOW:   0    1.00 INCH OR MORE:   0

[HDD (BASE 65) ]
TOTAL THIS MO.     0    CLEAR  (SCALE 0-3)  10
DPTR FM NORMAL    -1    PTCLDY (SCALE 4-7)  16
TOTAL FM JUL 1     0    CLOUDY (SCALE 8-10)  0
DPTR FM NORMAL   -33

[CDD (BASE 65) ]
TOTAL THIS MO.   138
DPTR FM NORMAL    79    [PRESSURE DATA]
TOTAL FM JAN 1   321    HIGHEST SLP M ON M
DPTR FM NORMAL   169    LOWEST  SLP 29.75 ON 16

[REMARKS]
