000
CXUS51 KAKQ 291010
CF6SBY
PRELIMINARY LOCAL CLIMATOLOGICAL DATA (WS FORM: F-6)

                                          STATION:   SALISBURY MD
                                          MONTH:     APRIL
                                          YEAR:      2016
                                          LATITUDE:   38 20 N
                                          LONGITUDE:  75 30 W

  TEMPERATURE IN F:       :PCPN:    SNOW:  WIND      :SUNSHINE: SKY     :PK WND
================================================================================
1   2   3   4   5  6A  6B    7    8   9   10  11  12  13   14  15   16   17  18
                                     12Z  AVG MX 2MIN
DY MAX MIN AVG DEP HDD CDD  WTR  SNW DPTH SPD SPD DIR MIN PSBL S-S WX    SPD DR
================================================================================

 1  78  66  72  22   0   7 0.63  0.0    0 13.7 24 220   M    M   6 13     33 220
 2  70  44  57   7   8   0 0.76  0.0    0  9.9 36 280   M    M   8 13     49 270
 3  51  38  45  -5  20   0    T  0.0    0 15.7 38 290   M    M   1        54 290
 4  73  40  57   6   8   0 0.26  0.0    0 14.6 30 210   M    M   3 1      37 220
 5  45  28  37 -14  28   0 0.19  1.0    1 11.5 24 320   M    M   5 1      33 320
 6  56  24  40 -11  25   0 0.00  0.0    0  8.9 21 180   M    M   0        27 180
 7  65  50  58   6   7   0 0.14  0.0    0 14.2 26 180   M    M   4 1      35 190
 8  54  34  44  -8  21   0 0.00  0.0    0  8.2 23 260   M    M   3        29 260
 9  49  33  41 -11  24   0 0.35    T    0 11.4 30 310   M    M   8 1      37 290
10  50  30  40 -12  25   0 0.00  0.0    0  8.1 15 320   M    M   0        20 330
11  69  40  55   2  10   0    T  0.0    0 15.2 28 200   M    M   4        35 210
12  61  45  53   0  12   0 0.64  0.0    0 11.3 24 200   M    M   6 1      35 190
13  56  35  46  -7  19   0 0.00  0.0    0  7.5 18  40   M    M   0        23  50
14  60  33  47  -7  18   0 0.00  0.0    0  5.4 16  70   M    M   0        22  40
15  60  33  47  -7  18   0 0.00  0.0    0  5.9 18  40   M    M   0        23  70
16  63  32  48  -6  17   0 0.00  0.0    0  4.3 17  40   M    M   0        21  60
17  71  37  54   0  11   0 0.00  0.0    0  6.5 17  50   M    M   0        20  50
18  82  39  61   6   4   0 0.00  0.0    0  4.5 15 340   M    M   0        20 350
19  84  45  65  10   0   0 0.00  0.0    0  6.8 25 330   M    M   0        36 330
20  69  41  55   0  10   0 0.00  0.0    0  5.9 17 120   M    M   0        22  20
21  73  36  55  -1  10   0 0.00  0.0    0  8.7 22 210   M    M   2        27 220
22  80  61  71  15   0   6 0.18  0.0    0 10.9 30 260   M    M   3 1      36 260
23  70  53  62   6   3   0 0.02  0.0    0  8.8 21  10   M    M   8 18     28  10
24  68  44  56   0   9   0 0.00  0.0    0  7.3 14 140   M    M   0        18  30
25  75  39  57   0   8   0 0.00  0.0    0  8.2 21 210   M    M   0        29 190
26  84  61  73  16   0   8 0.14  0.0    0 12.7 24 230   M    M   3 13     33 250
27  62  49  56  -1   9   0 0.07    M    0  8.9 16  60   M    M   9 1      20  50
28  52  49  51  -7  14   0 0.27  0.0    0  7.4 16  50   M    M  10 1      21  60
================================================================================
SM 1830 1159       338  21  3.65     1.0 262.4          M       83
================================================================================
AV 65.4 41.4                               9.4 FASTST   M    M   3    MAX(MPH)
                                 MISC ---->  # 38 290               # 54  290
================================================================================
NOTES:
# LAST OF SEVERAL OCCURRENCES

COLUMN 17 PEAK WIND IN M.P.H.

PRELIMINARY LOCAL CLIMATOLOGICAL DATA (WS FORM: F-6) , PAGE 2

                                          STATION:  SALISBURY MD
                                          MONTH:    APRIL
                                          YEAR:     2016
                                          LATITUDE:   38 20 N
                                          LONGITUDE:  75 30 W

[TEMPERATURE DATA]      [PRECIPITATION DATA]       SYMBOLS USED IN COLUMN 16

AVERAGE MONTHLY: 53.4   TOTAL FOR MONTH:   3.65    1 = FOG OR MIST
DPTR FM NORMAL:  -0.3   DPTR FM NORMAL:    0.30    2 = FOG REDUCING VISIBILITY
HIGHEST:    84 ON 26,19 GRTST 24HR  1.20 ON  1- 2      TO 1/4 MILE OR LESS
LOWEST:     24 ON  6                               3 = THUNDER
                        SNOW, ICE PELLETS, HAIL    4 = ICE PELLETS
                        TOTAL MONTH:   1.0 INCH    5 = HAIL
                        GRTST 24HR   1.0 ON  5- 5  6 = FREEZING RAIN OR DRIZZLE
                        GRTST DEPTH:   1 ON  5     7 = DUSTSTORM OR SANDSTORM:
                                                       VSBY 1/2 MILE OR LESS
                                                   8 = SMOKE OR HAZE
[NO. OF DAYS WITH]      [WEATHER - DAYS WITH]      9 = BLOWING SNOW
                                                   X = TORNADO
MAX 32 OR BELOW:   0    0.01 INCH OR MORE:  12
MAX 90 OR ABOVE:   0    0.10 INCH OR MORE:  10
MIN 32 OR BELOW:   4    0.50 INCH OR MORE:   3
MIN  0 OR BELOW:   0    1.00 INCH OR MORE:   0

[HDD (BASE 65) ]
TOTAL THIS MO.   338    CLEAR  (SCALE 0-3)  18
DPTR FM NORMAL     8    PTCLDY (SCALE 4-7)   5
TOTAL FM JUL 1  3453    CLOUDY (SCALE 8-10)  5
DPTR FM NORMAL  -812

[CDD (BASE 65) ]
TOTAL THIS MO.    21
DPTR FM NORMAL     6    [PRESSURE DATA]
TOTAL FM JAN 1    24    HIGHEST SLP M ON M
DPTR FM NORMAL     7    LOWEST  SLP 29.47 ON  2

[REMARKS]
