000
CXUS55 KLOX 221655
CF6SDB
PRELIMINARY LOCAL CLIMATOLOGICAL DATA (WS FORM: F-6)

                                          STATION:   SANDBERG CA
                                          MONTH:     AUGUST
                                          YEAR:      2017
                                          LATITUDE:   34 45 N
                                          LONGITUDE: 118 44 W

  TEMPERATURE IN F:       :PCPN:    SNOW:  WIND      :SUNSHINE: SKY     :PK WND
================================================================================
1   2   3   4   5  6A  6B    7    8   9   10  11  12  13   14  15   16   17  18
                                     12Z  AVG MX 2MIN
DY MAX MIN AVG DEP HDD CDD  WTR  SNW DPTH SPD SPD DIR MIN PSBL S-S WX    SPD DR
================================================================================

 1 100  71  86  11   0  21 0.09  0.0    0 10.4 33 130   M    M   1        53 130
 2  85  75  80   5   0  15 0.02  0.0    0  5.6 15 330   M    M   5        21 320
 3  92  70  81   6   0  16 0.18  0.0    0  8.3 23  70   M    M   5        31  70
 4  91  72  82   7   0  17 0.00  0.0    0 12.3 25 320   M    M   2        37 320
 5  88  73  81   6   0  16 0.00  0.0    0 17.5 33 330   M    M   0        42 300
 6  89  69  79   4   0  14 0.00  0.0    0 11.9 29 330   M    M   0        40 330
 7  89  68  79   4   0  14 0.00  0.0    0 12.1 22 340   M    M   0        30 330
 8  91  67  79   4   0  14 0.00  0.0    0  9.4 23 350   M    M   0        29 330
 9  88  68  78   3   0  13 0.00  0.0    0 11.2 22 330   M    M   0        35 320
10  92  68  80   5   0  15 0.00  0.0    0 11.3 25 330   M    M   0        33 340
11  95  69  82   7   0  17 0.00  0.0    0 12.1 23 340   M    M   0        29 350
12  91  69  80   5   0  15 0.00  0.0    0 12.6 21 340   M    M   0         M  M
13  90  68  79   5   0  14 0.00  0.0    0 10.4 16 340   M    M   0         M  M
14  80  57  69  -5   0   4 0.00  0.0    0 11.6 22 320   M    M   0        27 320
15  74  53  64 -10   1   0 0.00  0.0    M 10.6 18 170   M    M   3 128    24 160
16  77  52  65  -9   0   0 0.00  0.0    0  8.8 17 220   M    M   3 12     22 230
17  88  61  75   1   0  10 0.00  0.0    0  8.7 18 210   M    M   0        24 220
18  89  69  79   5   0  14 0.00  0.0    0 11.0 23 340   M    M   0        27 340
19  86  65  76   2   0  11 0.00  0.0    0 11.4 23 180   M    M   0        28 180
20  84  65  75   1   0  10 0.00  0.0    0 12.3 23 220   M    M   0        31 220
21  84  63  74   0   0   9 0.00  0.0    0 10.9 23 170   M    M   0        31 190
================================================================================
SM 1843 1392         1 259  0.29     0.0 230.5          M       19
================================================================================
AV 87.8 66.3                              11.0 FASTST   M    M   1    MAX(MPH)
                                 MISC ---->  # 33 130               # 53  130
================================================================================
NOTES:
# LAST OF SEVERAL OCCURRENCES

COLUMN 17 PEAK WIND IN M.P.H.

PRELIMINARY LOCAL CLIMATOLOGICAL DATA (WS FORM: F-6) , PAGE 2

                                          STATION:  SANDBERG CA
                                          MONTH:    AUGUST
                                          YEAR:     2017
                                          LATITUDE:   34 45 N
                                          LONGITUDE: 118 44 W

[TEMPERATURE DATA]      [PRECIPITATION DATA]       SYMBOLS USED IN COLUMN 16

AVERAGE MONTHLY: 77.0   TOTAL FOR MONTH:   0.29    1 = FOG OR MIST
DPTR FM NORMAL:   2.5   DPTR FM NORMAL:    0.27    2 = FOG REDUCING VISIBILITY
HIGHEST:   100 ON  1    GRTST 24HR  0.18 ON  3- 3      TO 1/4 MILE OR LESS
LOWEST:     52 ON 16                               3 = THUNDER
                        SNOW, ICE PELLETS, HAIL    4 = ICE PELLETS
                        TOTAL MONTH:   0.0 INCH    5 = HAIL
                        GRTST 24HR     0.0         6 = FREEZING RAIN OR DRIZZLE
                        GRTST DEPTH:   0           7 = DUSTSTORM OR SANDSTORM:
                                                       VSBY 1/2 MILE OR LESS
                                                   8 = SMOKE OR HAZE
[NO. OF DAYS WITH]      [WEATHER - DAYS WITH]      9 = BLOWING SNOW
                                                   X = TORNADO
MAX 32 OR BELOW:   0    0.01 INCH OR MORE:   3
MAX 90 OR ABOVE:   8    0.10 INCH OR MORE:   1
MIN 32 OR BELOW:   0    0.50 INCH OR MORE:   0
MIN  0 OR BELOW:   0    1.00 INCH OR MORE:   0

[HDD (BASE 65) ]
TOTAL THIS MO.     1    CLEAR  (SCALE 0-3)  19
DPTR FM NORMAL     1    PTCLDY (SCALE 4-7)   2
TOTAL FM JUL 1     1    CLOUDY (SCALE 8-10)  0
DPTR FM NORMAL    -7

[CDD (BASE 65) ]
TOTAL THIS MO.   259
DPTR FM NORMAL    54    [PRESSURE DATA]
TOTAL FM JAN 1  1269    HIGHEST SLP M ON M
DPTR FM NORMAL   601    LOWEST  SLP 29.75 ON 11

[REMARKS]
