000
CXUS55 KLOX 311155
CF6SDB
PRELIMINARY LOCAL CLIMATOLOGICAL DATA (WS FORM: F-6)

                                          STATION:   SANDBERG CA
                                          MONTH:     AUGUST
                                          YEAR:      2015
                                          LATITUDE:   34 45 N
                                          LONGITUDE: 118 44 W

  TEMPERATURE IN F:       :PCPN:    SNOW:  WIND      :SUNSHINE: SKY     :PK WND
================================================================================
1   2   3   4   5  6A  6B    7    8   9   10  11  12  13   14  15   16   17  18
                                     12Z  AVG MX 2MIN
DY MAX MIN AVG DEP HDD CDD  WTR  SNW DPTH SPD SPD DIR MIN PSBL S-S WX    SPD DR
================================================================================

 1  92  69  81   6   0  16 0.00  0.0    0 11.7 22 330   M    M   0        28 350
 2  93  68  81   6   0  16 0.00  0.0    0 11.6 24 340   M    M   0        31 340
 3  91  65  78   3   0  13 0.00  0.0    0 12.2 22 330   M    M   0        27 330
 4  89  66  78   3   0  13 0.00  0.0    0 10.9 20 160   M    M   0        26 180
 5  92  65  79   4   0  14 0.00  0.0    0 10.0 18 170   M    M   0        24 190
 6  88  67  78   3   0  13 0.00  0.0    0 11.6 23 160   M    M   1        31 160
 7  81  59  70  -5   0   5 0.00  0.0    0 11.9 25 170   M    M   0        33 180
 8  82  58  70  -5   0   5 0.00  0.0    0  8.5 17 330   M    M   0        24 170
 9  86  63  75   0   0  10 0.00  0.0    0 11.8 21 180   M    M   0        28 180
10  85  60  73  -2   0   8 0.00  0.0    0  9.3 18 170   M    M   0        29 160
11  84  61  73  -2   0   8 0.00  0.0    0 11.3 23 180   M    M   0        29 210
12  92  63  78   3   0  13 0.00  0.0    0  8.2 21 220   M    M   0        29 220
13  96  72  84  10   0  19 0.00  0.0    0 11.1 20 220   M    M   0        26 190
14  95  71  83   9   0  18 0.00  0.0    0 10.9 21 180   M    M   0        27 150
15  99  71  85  11   0  20 0.00  0.0    0 10.3 21 180   M    M   0        27 170
16  99  77  88  14   0  23 0.00  0.0    0 10.0 18 340   M    M   0        25 340
17  95  66  81   7   0  16 0.00  0.0    0 11.1 20 180   M    M   0        29 180
18  93  67  80   6   0  15 0.00  0.0    0 13.5 25 330   M    M   0        30 330
19  93  70  82   8   0  17 0.00  0.0    0 13.4 35 320   M    M   0        41 290
20  92  68  80   6   0  15 0.00  0.0    0 11.2 26 320   M    M   0        35 340
21  85  63  74   0   0   9 0.00  0.0    0  8.8 22 330   M    M   0        28 320
22  89  64  77   3   0  12 0.00  0.0    0 10.8 23 320   M    M   0        29 320
23  91  66  79   5   0  14 0.00  0.0    0  8.3 16 330   M    M   0        20 170
24  96  70  83   9   0  18 0.00  0.0    0 10.5 17 340   M    M   0        23 130
25  87  72  80   6   0  15 0.00  0.0    0 11.3 22 340   M    M   3        28 340
26  90  69  80   7   0  15 0.00  0.0    0 12.9 26 340   M    M   0        34 340
27  91  71  81   8   0  16 0.00  0.0    0 15.2 28 340   M    M   1        34 350
28  96  74  85  12   0  20 0.00  0.0    0 12.1 25 340   M    M   0        32 340
29  87  68  78   5   0  13 0.00  0.0    0 15.3 24 330   M    M   0        34 330
30  81  60  71  -2   0   6 0.00  0.0    0 14.0 30 330   M    M   0        39 340
================================================================================
SM 2710 2003         0 415  0.00     0.0 339.7          M        5
================================================================================
AV 90.3 66.8                              11.3 FASTST   M    M   0    MAX(MPH)
                                 MISC ---->  # 35 320               # 41  290
================================================================================
NOTES:
# LAST OF SEVERAL OCCURRENCES

COLUMN 17 PEAK WIND IN M.P.H.

PRELIMINARY LOCAL CLIMATOLOGICAL DATA (WS FORM: F-6) , PAGE 2

                                          STATION:  SANDBERG CA
                                          MONTH:    AUGUST
                                          YEAR:     2015
                                          LATITUDE:   34 45 N
                                          LONGITUDE: 118 44 W

[TEMPERATURE DATA]      [PRECIPITATION DATA]       SYMBOLS USED IN COLUMN 16

AVERAGE MONTHLY: 78.6   TOTAL FOR MONTH:   0.00    1 = FOG OR MIST
DPTR FM NORMAL:   4.3   DPTR FM NORMAL:   -0.03    2 = FOG REDUCING VISIBILITY
HIGHEST:    99 ON 16,15 GRTST 24HR  0.00 ON 30-30      TO 1/4 MILE OR LESS
LOWEST:     58 ON  8                               3 = THUNDER
                        SNOW, ICE PELLETS, HAIL    4 = ICE PELLETS
                        TOTAL MONTH:   0.0 INCH    5 = HAIL
                        GRTST 24HR     0.0         6 = FREEZING RAIN OR DRIZZLE
                        GRTST DEPTH:   0           7 = DUSTSTORM OR SANDSTORM:
                                                       VSBY 1/2 MILE OR LESS
                                                   8 = SMOKE OR HAZE
[NO. OF DAYS WITH]      [WEATHER - DAYS WITH]      9 = BLOWING SNOW
                                                   X = TORNADO
MAX 32 OR BELOW:   0    0.01 INCH OR MORE:   0
MAX 90 OR ABOVE:  18    0.10 INCH OR MORE:   0
MIN 32 OR BELOW:   0    0.50 INCH OR MORE:   0
MIN  0 OR BELOW:   0    1.00 INCH OR MORE:   0

[HDD (BASE 65) ]
TOTAL THIS MO.     0    CLEAR  (SCALE 0-3)  30
DPTR FM NORMAL    -4    PTCLDY (SCALE 4-7)   0
TOTAL FM JUL 1    10    CLOUDY (SCALE 8-10)  0
DPTR FM NORMAL    -2

[CDD (BASE 65) ]
TOTAL THIS MO.   415
DPTR FM NORMAL   129    [PRESSURE DATA]
TOTAL FM JAN 1  1114    HIGHEST SLP M ON M
DPTR FM NORMAL   365    LOWEST  SLP 29.75 ON 16

[REMARKS]
