000
CXUS53 KLMK 230800
CF6SDF
PRELIMINARY LOCAL CLIMATOLOGICAL DATA (WS FORM: F-6)

                                          STATION:   LOUISVILLE KY
                                          MONTH:     JUNE
                                          YEAR:      2017
                                          LATITUDE:   38 10 N
                                          LONGITUDE:  85 44 W

  TEMPERATURE IN F:       :PCPN:    SNOW:  WIND      :SUNSHINE: SKY     :PK WND
================================================================================
1   2   3   4   5  6A  6B    7    8   9   10  11  12  13   14  15   16   17  18
                                     12Z  AVG MX 2MIN
DY MAX MIN AVG DEP HDD CDD  WTR  SNW DPTH SPD SPD DIR MIN PSBL S-S WX    SPD DR
================================================================================

 1  83  62  73   1   0   8 0.00  0.0    0  4.6 15 290   M    M   4        21 260
 2  87  61  74   2   0   9 0.00  0.0    0  1.9 13 150   M    M   1        17 140
 3  90  62  76   4   0  11 0.00  0.0    0  4.2 13 150   M    M   3        15 170
 4  88  63  76   3   0  11 0.00  0.0    0  5.5 16 210   M    M   6        21 270
 5  86  66  76   3   0  11 0.29  0.0    0  6.1 25  10   M    M   8 13     30  20
 6  81  64  73   0   0   8 0.00  0.0    0  8.1 17  10   M    M   5        24  20
 7  72  61  67  -7   0   2 0.00  0.0    0  8.5 20  20   M    M   5        24  20
 8  76  56  66  -8   0   1 0.00  0.0    0  5.8 12 350   M    M   4        14 340
 9  84  57  71  -3   0   6 0.00  0.0    0  5.7 16 220   M    M   3        25 220
10  86  63  75   1   0  10 0.00  0.0    0  8.1 18 180   M    M   4        25 180
11  90  67  79   4   0  14 0.00  0.0    0  9.0 20 200   M    M   3        28 200
12  92  73  83   8   0  18 0.04  0.0    0  7.6 16 180   M    M   4 3      26 300
13  94  73  84   9   0  19    T  0.0    0  8.0 32 350   M    M   6 3      38 360
14  94  72  83   7   0  18 0.00  0.0    0  7.5 16 120   M    M   4        22 230
15  83  70  77   1   0  12 0.43  0.0    0  8.7 29 320   M    M   7 13     40 330
16  89  70  80   4   0  15 0.00  0.0    0  4.9 14 150   M    M   6 18     17 150
17  91  71  81   5   0  16 0.00  0.0    0  9.4 20 170   M    M   5 18     27 170
18  88  72  80   4   0  15 0.34  0.0    0 11.2 21 250   M    M   6 13     26 250
19  86  68  77   0   0  12    T  0.0    0  8.5 23 270   M    M   4        27 270
20  89  68  79   2   0  14 0.00  0.0    0  7.9 17 280   M    M   4        22 280
21  93  68  81   4   0  16 0.00  0.0    0  9.1 20 220   M    M   7        29 260
22  82  72  77   0   0  12 0.44  0.0    0  9.7 22 160   M    M   9 1      27 210
================================================================================
SM 1904 1459         0 258  1.54     0.0 160.0          M      108
================================================================================
AV 86.6 66.3                               7.3 FASTST   M    M   5    MAX(MPH)
                                 MISC ---->  # 32 350               # 40  330
================================================================================
NOTES:
# LAST OF SEVERAL OCCURRENCES

COLUMN 17 PEAK WIND IN M.P.H.

PRELIMINARY LOCAL CLIMATOLOGICAL DATA (WS FORM: F-6) , PAGE 2

                                          STATION:  LOUISVILLE KY
                                          MONTH:    JUNE
                                          YEAR:     2017
                                          LATITUDE:   38 10 N
                                          LONGITUDE:  85 44 W

[TEMPERATURE DATA]      [PRECIPITATION DATA]       SYMBOLS USED IN COLUMN 16

AVERAGE MONTHLY: 76.4   TOTAL FOR MONTH:   1.54    1 = FOG OR MIST
DPTR FM NORMAL:   1.7   DPTR FM NORMAL:   -1.34    2 = FOG REDUCING VISIBILITY
HIGHEST:    94 ON 14,13 GRTST 24HR  0.44 ON 22-22      TO 1/4 MILE OR LESS
LOWEST:     56 ON  8                               3 = THUNDER
                        SNOW, ICE PELLETS, HAIL    4 = ICE PELLETS
                        TOTAL MONTH:   0.0 INCH    5 = HAIL
                        GRTST 24HR     0.0         6 = FREEZING RAIN OR DRIZZLE
                        GRTST DEPTH:   0           7 = DUSTSTORM OR SANDSTORM:
                                                       VSBY 1/2 MILE OR LESS
                                                   8 = SMOKE OR HAZE
[NO. OF DAYS WITH]      [WEATHER - DAYS WITH]      9 = BLOWING SNOW
                                                   X = TORNADO
MAX 32 OR BELOW:   0    0.01 INCH OR MORE:   5
MAX 90 OR ABOVE:   7    0.10 INCH OR MORE:   4
MIN 32 OR BELOW:   0    0.50 INCH OR MORE:   0
MIN  0 OR BELOW:   0    1.00 INCH OR MORE:   0

[HDD (BASE 65) ]
TOTAL THIS MO.     0    CLEAR  (SCALE 0-3)   4
DPTR FM NORMAL    -1    PTCLDY (SCALE 4-7)  16
TOTAL FM JUL 1  3087    CLOUDY (SCALE 8-10)  2
DPTR FM NORMAL -1006

[CDD (BASE 65) ]
TOTAL THIS MO.   258
DPTR FM NORMAL    40    [PRESSURE DATA]
TOTAL FM JAN 1   550    HIGHEST SLP M ON M
DPTR FM NORMAL   158    LOWEST  SLP 29.71 ON  5

[REMARKS]
