000
CXUS53 KLMK 180800
CF6SDF
PRELIMINARY LOCAL CLIMATOLOGICAL DATA (WS FORM: F-6)

                                          STATION:   LOUISVILLE KY
                                          MONTH:     APRIL
                                          YEAR:      2014
                                          LATITUDE:   38 10 N
                                          LONGITUDE:  85 44 W

  TEMPERATURE IN F:       :PCPN:    SNOW:  WIND      :SUNSHINE: SKY     :PK WND
================================================================================
1   2   3   4   5  6A  6B    7    8   9   10  11  12  13   14  15   16   17  18
                                     12Z  AVG MX 2MIN
DY MAX MIN AVG DEP HDD CDD  WTR  SNW DPTH SPD SPD DIR MIN PSBL S-S WX    SPD DR
================================================================================

 1  80  55  68  15   0   3 0.10  0.0    0 11.6 26 260   M    M   6 3      35 230
 2  66  51  59   5   6   0    T  0.0    0  7.6 18 350   M    M   9        32 350
 3  69  54  62   8   3   0 1.37  0.0    0  7.6 24 160   M    M  10 13     30 150
 4  65  45  55   1  10   0 1.32  0.0    0 16.2 33 280   M    M  10 13     39 320
 5  55  37  46  -9  19   0 0.00  0.0    0  8.2 21 320   M    M   5        26 330
 6  63  39  51  -4  14   0 0.00  0.0    0  6.1 14  40   M    M   6        19  70
 7  60  46  53  -2  12   0 0.93  0.0    0  9.7 26 250   M    M  10 138    34 250
 8  63  44  54  -2  11   0 0.03  0.0    0  7.4 18  10   M    M   8 1      22  10
 9  67  41  54  -2  11   0 0.00  0.0    0  6.5 16 250   M    M   3 18     27  20
10  79  44  62   6   3   0 0.00  0.0    0 13.2 26 200   M    M   5        37 200
11  77  59  68  11   0   3 0.00  0.0    0 10.1 23 250   M    M   8        28 240
12  81  54  68  11   0   3 0.00  0.0    0 10.7 24 170   M    M   5 1      32 170
13  84  69  77  20   0  12 0.00  0.0    0 17.1 28 190   M    M   9        36 190
14  75  41  58   0   7   0 0.69  0.0    0 15.0 28 200   M    M  10 1      37 200
15  47  34  41 -17  24   0 0.18  0.1    0 12.0 23 340   M    M   7 1      32  10
16  55  31  43 -15  22   0 0.00  0.0    0  7.2 17  90   M    M   5        24  80
17  69  40  55  -4  10   0 0.00  0.0    0  6.3 18 260   M    M   6        24 200
================================================================================
SM 1155  784       152  21  4.62     0.1 172.5          M      122
================================================================================
AV 67.9 46.1                              10.1 FASTST   M    M   7    MAX(MPH)
                                 MISC ---->  # 33 280               # 39  320
================================================================================
NOTES:
# LAST OF SEVERAL OCCURRENCES

COLUMN 17 PEAK WIND IN M.P.H.

PRELIMINARY LOCAL CLIMATOLOGICAL DATA (WS FORM: F-6) , PAGE 2

                                          STATION:  LOUISVILLE KY
                                          MONTH:    APRIL
                                          YEAR:     2014
                                          LATITUDE:   38 10 N
                                          LONGITUDE:  85 44 W

[TEMPERATURE DATA]      [PRECIPITATION DATA]       SYMBOLS USED IN COLUMN 16

AVERAGE MONTHLY: 57.0   TOTAL FOR MONTH:   4.62    1 = FOG OR MIST
DPTR FM NORMAL:   1.0   DPTR FM NORMAL:    2.49    2 = FOG REDUCING VISIBILITY
HIGHEST:    84 ON 13    GRTST 24HR  2.43 ON  3- 4      TO 1/4 MILE OR LESS
LOWEST:     31 ON 16                               3 = THUNDER
                        SNOW, ICE PELLETS, HAIL    4 = ICE PELLETS
                        TOTAL MONTH:   0.1 INCH    5 = HAIL
                        GRTST 24HR   0.1 ON   M    6 = FREEZING RAIN OR DRIZZLE
                        GRTST DEPTH:   0           7 = DUSTSTORM OR SANDSTORM:
                                                       VSBY 1/2 MILE OR LESS
                                                   8 = SMOKE OR HAZE
[NO. OF DAYS WITH]      [WEATHER - DAYS WITH]      9 = BLOWING SNOW
                                                   X = TORNADO
MAX 32 OR BELOW:   0    0.01 INCH OR MORE:   7
MAX 90 OR ABOVE:   0    0.10 INCH OR MORE:   6
MIN 32 OR BELOW:   1    0.50 INCH OR MORE:   4
MIN  0 OR BELOW:   0    1.00 INCH OR MORE:   2

[HDD (BASE 65) ]
TOTAL THIS MO.   152    CLEAR  (SCALE 0-3)   1
DPTR FM NORMAL   -17    PTCLDY (SCALE 4-7)  10
TOTAL FM JUL 1  4454    CLOUDY (SCALE 8-10)  6
DPTR FM NORMAL   506

[CDD (BASE 65) ]
TOTAL THIS MO.    21
DPTR FM NORMAL     4    [PRESSURE DATA]
TOTAL FM JAN 1    21    HIGHEST SLP M ON M
DPTR FM NORMAL    -2    LOWEST  SLP 29.36 ON  7

[REMARKS]
