000
CXUS53 KLSX 301600
CF6SET
PRELIMINARY LOCAL CLIMATOLOGICAL DATA (WS FORM: F-6)

                                          STATION:   ST_CHARLES MO
                                          MONTH:     JULY
                                          YEAR:      2015
                                          LATITUDE:   38 55 N
                                          LONGITUDE:  90 26 W

  TEMPERATURE IN F:       :PCPN:    SNOW:  WIND      :SUNSHINE: SKY     :PK WND
================================================================================
1   2   3   4   5  6A  6B    7    8   9   10  11  12  13   14  15   16   17  18
                                     12Z  AVG MX 2MIN
DY MAX MIN AVG DEP HDD CDD  WTR  SNW DPTH SPD SPD DIR MIN PSBL S-S WX    SPD DR
================================================================================

 1  85  71  78   1   0  13 0.08  0.0    0  4.7 16 200   M    M   5 138    21 190
 2  78  63  71  -7   0   6 0.33  0.0    0  9.5 18  40   M    M   6 1      22  40
 3  82  65  74  -4   0   9 0.00  0.0    0  5.5 12  20   M    M   3 18     22 140
 4  83  65  74  -4   0   9 0.00  0.0    0  2.2  8  30   M    M   1 18     16  50
 5  86  65  76  -2   0  11 0.00  0.0    0  5.4 12 170   M    M   1 18     14 120
 6  90  70  80   2   0  15    T  0.0    0  7.0 20 220   M    M   2 138    24 220
 7  81  67  74  -4   0   9 0.13  0.0    0  8.1 20 260   M    M   8 18     26 270
 8  71  58  65 -13   0   0 2.20  0.0    0 10.6 18 280   M    M  10 13     33 320
 9  77  61  69  -9   0   4 0.00  0.0    0  6.5 20 290   M    M   6        25 280
10  79  66  73  -5   0   8 0.19  0.0    0  4.1  9  70   M    M   7 1       M  M
11  92  70  81   3   0  16 0.00  0.0    0  7.8 20 330   M    M   2 3      26 330
12  94  71  83   5   0  18 0.40  0.0    0  5.6 23 310   M    M   2 13     38 310
13  98  75  87   9   0  22 0.00  0.0    0  6.4 16 240   M    M   0        21 250
14  98  76  87   9   0  22 0.00  0.0    0  8.6 17  10   M    M   1        22 340
15  84  70  77  -1   0  12 0.00  0.0    0  6.6 14  70   M    M   0        17  80
16  91  72  82   4   0  17 0.00  0.0    0  9.1 17 170   M    M   4        22 170
17  95  78  87   9   0  22 0.00  0.0    0  7.2 18 250   M    M   2        22 250
18  93  79  86   8   0  21 0.00  0.0    0  6.6 20 260   M    M   0        27 250
19  83  70  77  -1   0  12 1.07  0.0    0  6.1 26 320   M    M   6 13     35  30
20  83  71  77  -1   0  12 0.43  0.0    0  4.6 23 270   M    M   3 13     29 280
21  83  70  77  -1   0  12 0.00  0.0    0  6.9 14 340   M    M   0        16 330
22  83  66  75  -3   0  10 0.00  0.0    0  6.2 13 110   M    M   5        15 110
23  85  69  77  -1   0  12 0.00  0.0    0  6.6 12  60   M    M   3        16 120
24  89  67  78   0   0  13 0.00  0.0    0  4.9 12 130   M    M   1 1      14  90
25  88  74  81   3   0  16    T  0.0    0  5.9 16 300   M    M   1 1      20 310
26  87  72  80   2   0  15 0.17  0.0    0  5.3 31 300   M    M   3 13     42 300
27  92  73  83   5   0  18 0.36  0.0    0  5.4 24  20   M    M   3 13     33  10
28  96  72  84   6   0  19 0.00  0.0    0  2.8  9 120   M    M   1 3      13 320
29  88  72  80   2   0  15 0.00  0.0    0  6.9 20 320   M    M   1 1      26 310
================================================================================
SM 2514 2018         0 388  5.36     0.0 183.1          M       87
================================================================================
AV 86.7 69.6                               6.3 FASTST   M    M   3    MAX(MPH)
                                 MISC ---->  # 31 300               # 42  300
================================================================================
NOTES:
# LAST OF SEVERAL OCCURRENCES

COLUMN 17 PEAK WIND IN M.P.H.

PRELIMINARY LOCAL CLIMATOLOGICAL DATA (WS FORM: F-6) , PAGE 2

                                          STATION:  ST_CHARLES MO
                                          MONTH:    JULY
                                          YEAR:     2015
                                          LATITUDE:   38 55 N
                                          LONGITUDE:  90 26 W

[TEMPERATURE DATA]      [PRECIPITATION DATA]       SYMBOLS USED IN COLUMN 16

AVERAGE MONTHLY: 78.1   TOTAL FOR MONTH:   5.36    1 = FOG OR MIST
DPTR FM NORMAL:   0.2   DPTR FM NORMAL:    1.30    2 = FOG REDUCING VISIBILITY
HIGHEST:    98 ON 14,13 GRTST 24HR  2.20 ON  8- 8      TO 1/4 MILE OR LESS
LOWEST:     58 ON  8                               3 = THUNDER
                        SNOW, ICE PELLETS, HAIL    4 = ICE PELLETS
                        TOTAL MONTH:   0.0 INCH    5 = HAIL
                        GRTST 24HR     0.0         6 = FREEZING RAIN OR DRIZZLE
                        GRTST DEPTH:   0           7 = DUSTSTORM OR SANDSTORM:
                                                       VSBY 1/2 MILE OR LESS
                                                   8 = SMOKE OR HAZE
[NO. OF DAYS WITH]      [WEATHER - DAYS WITH]      9 = BLOWING SNOW
                                                   X = TORNADO
MAX 32 OR BELOW:   0    0.01 INCH OR MORE:  10
MAX 90 OR ABOVE:  10    0.10 INCH OR MORE:   9
MIN 32 OR BELOW:   0    0.50 INCH OR MORE:   2
MIN  0 OR BELOW:   0    1.00 INCH OR MORE:   2

[HDD (BASE 65) ]
TOTAL THIS MO.     0    CLEAR  (SCALE 0-3)  17
DPTR FM NORMAL     0    PTCLDY (SCALE 4-7)  11
TOTAL FM JUL 1     0    CLOUDY (SCALE 8-10)  1
DPTR FM NORMAL     0

[CDD (BASE 65) ]
TOTAL THIS MO.   388
DPTR FM NORMAL    12    [PRESSURE DATA]
TOTAL FM JAN 1   856    HIGHEST SLP M ON M
DPTR FM NORMAL    72    LOWEST  SLP 29.63 ON M

[REMARKS]
