000
CXUS56 KOTX 260900
CF6SFF
PRELIMINARY LOCAL CLIMATOLOGICAL DATA (WS FORM: F-6)

                                          STATION:   SPOKANE WA FELTS AIRPORT
                                          MONTH:     AUGUST
                                          YEAR:      2016
                                          LATITUDE:   47 40 N
                                          LONGITUDE: 117 20 W

  TEMPERATURE IN F:       :PCPN:    SNOW:  WIND      :SUNSHINE: SKY     :PK WND
================================================================================
1   2   3   4   5  6A  6B    7    8   9   10  11  12  13   14  15   16   17  18
                                     12Z  AVG MX 2MIN
DY MAX MIN AVG DEP HDD CDD  WTR  SNW DPTH SPD SPD DIR MIN PSBL S-S WX    SPD DR
================================================================================

 1  87  52  70  -2   0   5 0.00    M    M  3.5 12 180   M    M   0 8      14 180
 2  82  53  68  -4   0   3 0.00    M    M 10.1 26 240   M    M   1        35 240
 3  80  53  67  -5   0   2 0.00    M    M  6.4 15 230   M    M   4        23 220
 4  87  53  70  -1   0   5 0.00    M    M  2.4  9  90   M    M   1 8       M  M
 5  93  54  74   3   0   9 0.00    M    M  2.4  8 200   M    M   0 8      10 200
 6  89  62  76   5   0  11 0.00    M    M  2.8 15 210   M    M   1        22 210
 7  77  56  67  -4   0   2    T    M    M  5.4 18 200   M    M   2 3      23 200
 8  76  54  65  -6   0   0 0.00    M    M  5.4 14 230   M    M   5 8      17 240
 9  65  55  60 -11   5   0 0.07    M    M  4.1 15 220   M    M   9 3      20 220
10  78  54  66  -5   0   1 0.00    M    M  3.9 14 210   M    M   5        18 200
11  86  54  70  -1   0   5 0.00    M    M  2.4 10 280   M    M   2 18     14 290
12  91  55  73   3   0   8 0.00    M    M  3.5 13 260   M    M   1 8      18 250
13  93  58  76   6   0  11 0.00    M    M  3.2 13 150   M    M   1 8      14 150
14  95  60  78   8   0  13 0.00    M    M  4.0 15 230   M    M   0        20 210
15  95  56  76   6   0  11 0.00    M    M  3.1 10 250   M    M   0 8      13 190
16  95  55  75   5   0  10 0.00    M    M  2.7 12 180   M    M   0 8      15 180
17  96  59  78   9   0  13 0.00    M    M  4.4 10 200   M    M   0 8      16 220
18  94  60  77   8   0  12 0.00    M    M  5.3 21  60   M    M   0 8      31  70
19  88  58  73   4   0   8 0.00    M    M  6.9 20  60   M    M   0 8      25  70
20  93  53  73   4   0   8 0.00    M    M  3.3 10 230   M    M   0 8      14 230
21  93  57  75   7   0  10 0.00    M    M 10.7 25 230   M    M   0 8      32 220
22  77  56  67  -1   0   2 0.00    M    M  6.2 20 220   M    M   2 8      23 220
23  80  50  65  -3   0   0 0.00    M    M  3.1 12 210   M    M   1 8      18 210
24  84  52  68   0   0   3 0.00    M    M  3.1 15  50   M    M   1 8      19  90
25  86  50  68   0   0   3 0.00    M    M  2.9 10  60   M    M   1        14  50
================================================================================
SM 2160 1379         5 155  0.07    M    111.2          M       37
================================================================================
AV 86.4 55.2                               4.4 FASTST   M    M   1    MAX(MPH)
                                 MISC ---->  # 26 240               # 35  240
================================================================================
NOTES:
# LAST OF SEVERAL OCCURRENCES

COLUMN 17 PEAK WIND IN M.P.H.

PRELIMINARY LOCAL CLIMATOLOGICAL DATA (WS FORM: F-6) , PAGE 2

                                          STATION:  SPOKANE WA FELTS AIRPORT
                                          MONTH:    AUGUST
                                          YEAR:     2016
                                          LATITUDE:   47 40 N
                                          LONGITUDE: 117 20 W

[TEMPERATURE DATA]      [PRECIPITATION DATA]       SYMBOLS USED IN COLUMN 16

AVERAGE MONTHLY: 70.8   TOTAL FOR MONTH:   0.07    1 = FOG OR MIST
DPTR FM NORMAL:   0.8   DPTR FM NORMAL:   -0.46    2 = FOG REDUCING VISIBILITY
HIGHEST:    96 ON 17    GRTST 24HR  0.07 ON  9- 9      TO 1/4 MILE OR LESS
LOWEST:     50 ON 25,23                            3 = THUNDER
                        SNOW, ICE PELLETS, HAIL    4 = ICE PELLETS
                        TOTAL MONTH:    M          5 = HAIL
                        GRTST 24HR    M  ON   M    6 = FREEZING RAIN OR DRIZZLE
                        GRTST DEPTH:  M  ON   M    7 = DUSTSTORM OR SANDSTORM:
                                                       VSBY 1/2 MILE OR LESS
                                                   8 = SMOKE OR HAZE
[NO. OF DAYS WITH]      [WEATHER - DAYS WITH]      9 = BLOWING SNOW
                                                   X = TORNADO
MAX 32 OR BELOW:   0    0.01 INCH OR MORE:   1
MAX 90 OR ABOVE:  10    0.10 INCH OR MORE:   0
MIN 32 OR BELOW:   0    0.50 INCH OR MORE:   0
MIN  0 OR BELOW:   0    1.00 INCH OR MORE:   0

[HDD (BASE 65) ]
TOTAL THIS MO.     5    CLEAR  (SCALE 0-3)  21
DPTR FM NORMAL    -6    PTCLDY (SCALE 4-7)   3
TOTAL FM JUL 1    16    CLOUDY (SCALE 8-10)  1
DPTR FM NORMAL   -16

[CDD (BASE 65) ]
TOTAL THIS MO.   155
DPTR FM NORMAL    17    [PRESSURE DATA]
TOTAL FM JAN 1   434    HIGHEST SLP  0.00 ON  4
DPTR FM NORMAL    78    LOWEST  SLP  0.00 ON M

[REMARKS]
