000
CXUS54 KHGX 191424
CF6SGR
PRELIMINARY LOCAL CLIMATOLOGICAL DATA (WS FORM: F-6)

                                          STATION:   SUGARLAND/HULL FLD
                                          MONTH:     DECEMBER
                                          YEAR:      2014
                                          LATITUDE:   29 37 N
                                          LONGITUDE:  95 39 W

  TEMPERATURE IN F:       :PCPN:    SNOW:  WIND      :SUNSHINE: SKY     :PK WND
================================================================================
1   2   3   4   5  6A  6B    7    8   9   10  11  12  13   14  15   16   17  18
                                     12Z  AVG MX 2MIN
DY MAX MIN AVG DEP HDD CDD  WTR  SNW DPTH SPD SPD DIR MIN PSBL S-S WX    SPD DR
================================================================================

 1  69  45  57   0   8   0 0.19  0.0    0  8.5 18 340   M    M   9 12     26 330
 2  57  45  51  -6  14   0    T    M    0  7.3 16 360   M    M  10        21  10
 3  71  53  62   6   3   0 0.00  0.0    0  4.9  9 120   M    M   7 18     13 130
 4  73  58  66  10   0   1 0.07  0.0    0  6.6 12 120   M    M   9 128    16 120
 5  81  65  73  17   0   8 0.04  0.0    0  8.6 21 180   M    M   8 12     25 210
 6  71  61  66  10   0   1 0.01  0.0    0  8.0 16  30   M    M  10 12     20  30
 7  61  53  57   2   8   0 0.00  0.0    0  7.8 15  40   M    M  10 18     18  40
 8  68  45  57   2   8   0 0.00  0.0    0  5.0 13  20   M    M   3        20  20
 9  71  42  57   2   8   0 0.00  0.0    0  2.2  9  20   M    M   0 18     15  70
10  69  43  56   1   9   0 0.00  0.0    0  5.0  9 130   M    M   2 18     13 170
11  74  59  67  12   0   2 0.01  0.0    0  6.5 15 170   M    M  10        19 180
12  76  60  68  14   0   3    T  0.0    0  8.6 17 170   M    M   5        21 170
13  76  58  67  13   0   2 0.00  0.0    0  8.1 17 140   M    M   3 1      21 130
14  77  58  68  14   0   3 0.02  0.0    0 10.8 22 140   M    M   6 1      27 160
15  79  56  68  14   0   3    T  0.0    0  8.9 21 240   M    M   6        26 230
16  67  48  58   4   7   0 0.00  0.0    0  8.1 20 360   M    M   1        23 360
17  66  45  56   2   9   0 0.02  0.0    0  7.9 16 130   M    M   7 1      21 120
18  72  61  67  13   0   2 0.10  0.0    0  6.2 15  60   M    M  10 18     19  70
================================================================================
SM 1278  955        74  25  0.46     0.0 129.0          M      116
================================================================================
AV 71.0 53.1                               7.2 FASTST   M    M   6    MAX(MPH)
                                 MISC ---->  # 22 140               # 27  160
================================================================================
NOTES:
# LAST OF SEVERAL OCCURRENCES

COLUMN 17 PEAK WIND IN M.P.H.

PRELIMINARY LOCAL CLIMATOLOGICAL DATA (WS FORM: F-6) , PAGE 2

                                          STATION:  SUGARLAND/HULL FLD
                                          MONTH:    DECEMBER
                                          YEAR:     2014
                                          LATITUDE:   29 37 N
                                          LONGITUDE:  95 39 W

[TEMPERATURE DATA]      [PRECIPITATION DATA]       SYMBOLS USED IN COLUMN 16

AVERAGE MONTHLY: 62.0   TOTAL FOR MONTH:   0.46    1 = FOG OR MIST
DPTR FM NORMAL:   7.0   DPTR FM NORMAL:   -2.02    2 = FOG REDUCING VISIBILITY
HIGHEST:    81 ON  5    GRTST 24HR  0.19 ON 30- 1      TO 1/4 MILE OR LESS
LOWEST:     42 ON  9                               3 = THUNDER
                        SNOW, ICE PELLETS, HAIL    4 = ICE PELLETS
                        TOTAL MONTH:   0.0 INCH    5 = HAIL
                        GRTST 24HR     0.0         6 = FREEZING RAIN OR DRIZZLE
                        GRTST DEPTH:   0           7 = DUSTSTORM OR SANDSTORM:
                                                       VSBY 1/2 MILE OR LESS
                                                   8 = SMOKE OR HAZE
[NO. OF DAYS WITH]      [WEATHER - DAYS WITH]      9 = BLOWING SNOW
                                                   X = TORNADO
MAX 32 OR BELOW:   0    0.01 INCH OR MORE:   8
MAX 90 OR ABOVE:   0    0.10 INCH OR MORE:   2
MIN 32 OR BELOW:   0    0.50 INCH OR MORE:   0
MIN  0 OR BELOW:   0    1.00 INCH OR MORE:   0

[HDD (BASE 65) ]
TOTAL THIS MO.    74    CLEAR  (SCALE 0-3)   5
DPTR FM NORMAL  -122    PTCLDY (SCALE 4-7)   6
TOTAL FM JUL 1   299    CLOUDY (SCALE 8-10)  7
DPTR FM NORMAL   -82

[CDD (BASE 65) ]
TOTAL THIS MO.    25
DPTR FM NORMAL     8    [PRESSURE DATA]
TOTAL FM JAN 1  3151    HIGHEST SLP M ON M
DPTR FM NORMAL   217    LOWEST  SLP 29.88 ON 15

[REMARKS]
