000
CXUS54 KLZK 011330
CF6SGT
PRELIMINARY LOCAL CLIMATOLOGICAL DATA (WS FORM: F-6)

                                          STATION:   Stuttgart Airport
                                          MONTH:     JUNE
                                          YEAR:      2015
                                          LATITUDE:   34 35 N
                                          LONGITUDE:  91 34 W

  TEMPERATURE IN F:       :PCPN:    SNOW:  WIND      :SUNSHINE: SKY     :PK WND
================================================================================
1   2   3   4   5  6A  6B    7    8   9   10  11  12  13   14  15   16   17  18
                                     12Z  AVG MX 2MIN
DY MAX MIN AVG DEP HDD CDD  WTR  SNW DPTH SPD SPD DIR MIN PSBL S-S WX    SPD DR
================================================================================

 1  75  63  69  -6   0   4 0.00  0.0    0  9.8 14  30   M    M   8        18  30
 2  75  63  69  -7   0   4 0.00  0.0    0  9.8 10  80   M    M   4         M  M
 3  81  63  72  -4   0   7 0.00  0.0    0  5.8  7  60   M    M   6         M  M
 4  82  64  73  -3   0   8 0.00  0.0    0  4.9  9  40   M    M   0         M  M
 5  90  66  78   2   0  13 0.00  0.0    0  2.9  8 130   M    M   0         M  M
 6  86  72  79   2   0  14 0.00  0.0    0  4.0 10 130   M    M   4         M  M
 7  93  73  83   6   0  18 0.00  0.0    0  5.8  9 190   M    M   1         M  M
 8  95  75  85   8   0  20 0.00  0.0    0 10.3 15 280   M    M   1        20 280
 9  93  73  83   6   0  18 0.24  0.0    0  4.2  9 260   M    M   1         M  M
10  93  72  83   5   0  18 0.00  0.0    0  4.3  9 130   M    M   1         M  M
11  93  75  84   6   0  19 0.00  0.0    0  8.7 14 190   M    M   0         M  M
12  93  73  83   5   0  18 0.00  0.0    0 12.1 17 150   M    M   2        24 150
13  88  73  81   3   0  16 0.05  0.0    0 12.8 18 170   M    M   4        23 180
14  91  73  82   3   0  17 0.31  0.0    0 10.7 14 150   M    M   4 3      18 150
15  91  73  82   3   0  17 0.00  0.0    0  8.7 13 190   M    M   3        18 160
16  93  75  84   5   0  19 0.00  0.0    0  9.1 15 190   M    M   2        21 160
17  93  73  83   4   0  18 0.01  0.0    0  9.2 17 150   M    M   2        21 150
18  86  73  80   0   0  15 0.38  0.0    0 11.4 18 170   M    M   5 3      22 180
19  88  72  80   0   0  15 1.03  0.0    0   M   M   M   M    M   7         M  M
20  93  73  83   3   0  18 0.00  0.0    0   M   M   M   M    M   1         M  M
21  90  75  83   3   0  18 0.00  0.0    0  5.8  7 210   M    M   0         M  M
22  93  77  85   5   0  20 0.00  0.0    0  6.8 12 220   M    M   1         M  M
23  97  75  86   6   0  21 0.00  0.0    0  8.4 15 270   M    M   1         M  M
24  99  77  88   7   0  23 0.00  0.0    0  5.8  6 250   M    M   0         M  M
25  97  73  85   4   0  20 0.00  0.0    0  4.6  5 270   M    M   0         M  M
26  93  72  83   2   0  18 0.65  0.0    0 10.9 14 270   M    M   2 3      21 270
27  82  72  77  -4   0  12 0.02  0.0    0  8.6 14 350   M    M   6         M  M
28  90  68  79  -2   0  14 0.00  0.0    0  5.5  9 190   M    M   1         M  M
29  93  70  82   1   0  17 0.04  0.0    0  9.5 14 250   M    M   3         M  M
30  90  73  82   1   0  17 0.10  0.0    0  6.8  9 200   M    M   2 3       M  M
================================================================================
SM 2696 2149         0 476  2.83     0.0 217.2          M       72
================================================================================
AV 89.9 71.6                               7.8 FASTST   M    M   2    MAX(MPH)
                                 MISC ---->    18   M                 24    M
================================================================================
NOTES:
# LAST OF SEVERAL OCCURRENCES

COLUMN 17 PEAK WIND IN M.P.H.

PRELIMINARY LOCAL CLIMATOLOGICAL DATA (WS FORM: F-6) , PAGE 2

                                          STATION:  Stuttgart Airport
                                          MONTH:    JUNE
                                          YEAR:     2015
                                          LATITUDE:   34 35 N
                                          LONGITUDE:  91 34 W

[TEMPERATURE DATA]      [PRECIPITATION DATA]       SYMBOLS USED IN COLUMN 16

AVERAGE MONTHLY: 80.8   TOTAL FOR MONTH:   2.83    1 = FOG OR MIST
DPTR FM NORMAL:   2.0   DPTR FM NORMAL:   -0.47    2 = FOG REDUCING VISIBILITY
HIGHEST:    99 ON 24    GRTST 24HR  1.03 ON 19-19      TO 1/4 MILE OR LESS
LOWEST:     63 ON  3, 2                            3 = THUNDER
                        SNOW, ICE PELLETS, HAIL    4 = ICE PELLETS
                        TOTAL MONTH:   0.0 INCH    5 = HAIL
                        GRTST 24HR     0.0         6 = FREEZING RAIN OR DRIZZLE
                        GRTST DEPTH:   0           7 = DUSTSTORM OR SANDSTORM:
                                                       VSBY 1/2 MILE OR LESS
                                                   8 = SMOKE OR HAZE
[NO. OF DAYS WITH]      [WEATHER - DAYS WITH]      9 = BLOWING SNOW
                                                   X = TORNADO
MAX 32 OR BELOW:   0    0.01 INCH OR MORE:  10
MAX 90 OR ABOVE:  21    0.10 INCH OR MORE:   6
MIN 32 OR BELOW:   0    0.50 INCH OR MORE:   2
MIN  0 OR BELOW:   0    1.00 INCH OR MORE:   1

[HDD (BASE 65) ]
TOTAL THIS MO.     0    CLEAR  (SCALE 0-3)  21
DPTR FM NORMAL     0    PTCLDY (SCALE 4-7)   9
TOTAL FM JUL 1  3302    CLOUDY (SCALE 8-10)  0
DPTR FM NORMAL   115

[CDD (BASE 65) ]
TOTAL THIS MO.   476
DPTR FM NORMAL    66    [PRESSURE DATA]
TOTAL FM JAN 1   817    HIGHEST SLP M ON M
DPTR FM NORMAL   140    LOWEST  SLP M ON M

[REMARKS]
#FINAL-06-15#
