000
CXUS54 KLZK 231130
CF6SGT
PRELIMINARY LOCAL CLIMATOLOGICAL DATA (WS FORM: F-6)

                                          STATION:   Stuttgart Airport
                                          MONTH:     FEBRUARY
                                          YEAR:      2018
                                          LATITUDE:   34 35 N
                                          LONGITUDE:  91 34 W

  TEMPERATURE IN F:       :PCPN:    SNOW:  WIND      :SUNSHINE: SKY     :PK WND
================================================================================
1   2   3   4   5  6A  6B    7    8   9   10  11  12  13   14  15   16   17  18
                                     12Z  AVG MX 2MIN
DY MAX MIN AVG DEP HDD CDD  WTR  SNW DPTH SPD SPD DIR MIN PSBL S-S WX    SPD DR
================================================================================

 1  53  34  44   3  21   0 0.02    M    M 12.7 22  30   M    M   5 1      33  20
 2  39  27  33  -8  32   0 0.00  0.0    0 12.0 21  20   M    M   0        30  20
 3  47  30  39  -2  26   0 0.12    M    0  7.2 15 170   M    M   5 1       M  M
 4  57  29  43   1  22   0 0.03    M    0 10.2 28 360   M    M   6 12     38 350
 5  45  24  35  -7  30   0 0.00  0.0    0  9.0 20  10   M    M   4         M  M
 6  44  33  39  -3  26   0 0.96    M    M 12.1 18  30   M    M  10 13     23  30
 7  38  29  34  -8  31   0 0.14    M    M 13.5 20 360   M    M   6 1      24 340
 8  49  26  38  -4  27   0 0.00    M    M  5.1  9 140   M    M   0 1       M  M
 9  63  35  49   6  16   0 0.21    M    M  8.7 15 170   M    M   6         M  M
10  55  38  47   4  18   0 1.10    M    0  9.0 17  20   M    M  10 1       M  M
11  38  32  35  -8  30   0 0.02    M    0 13.2 18  20   M    M  10 1      18 330
12  41  29  35  -8  30   0 0.00  0.0    0 14.8 20  20   M    M   5        22  30
13   M   M   M   M   M   M 0.37    M    0  5.8  9 100   M    M   7 1       M  M
14  60  45  53   9  12   0 0.38    M    0  7.2 12 210   M    M   8 12      M  M
15  76  60  68  24   0   3 0.01  0.0    0 15.1 22 210   M    M   9 1      32 230
16  66  43  55  11  10   0 0.03    M    0 14.2 20 360   M    M   8 1      38  20
17   M   M   M   M   M   M 0.25    M    0 10.4 20 320   M    M   9 1       M  M
18  55  37  46   1  19   0    T    M    M 10.5 16 120   M    M   9 1       M  M
19  76  55  66  21   0   1 0.00  0.0    0 15.6 28 190   M    M   6 1      35 190
20  79  65  72  26   0   7 0.07  0.0    0 17.1 24 170   M    M   7 3      30 170
21  71  39  55   9  10   0 3.72    M    0 17.8 29 350   M    M  10 13     35 350
22   M   M   M   M   M   M 1.00    M    0 12.6 17  90   M    M   9 13     24  90
================================================================================
SM 1052  710       360  11  8.43     0.0 253.8          M      149
================================================================================
AV 55.4 37.4                              11.5 FASTST   M    M   7    MAX(MPH)
                                 MISC ---->  # 29 350               # 38  350
================================================================================
NOTES:
# LAST OF SEVERAL OCCURRENCES

COLUMN 17 PEAK WIND IN M.P.H.

PRELIMINARY LOCAL CLIMATOLOGICAL DATA (WS FORM: F-6) , PAGE 2

                                          STATION:  Stuttgart Airport
                                          MONTH:    FEBRUARY
                                          YEAR:     2018
                                          LATITUDE:   34 35 N
                                          LONGITUDE:  91 34 W

[TEMPERATURE DATA]      [PRECIPITATION DATA]       SYMBOLS USED IN COLUMN 16

AVERAGE MONTHLY: 46.4   TOTAL FOR MONTH:   8.43    1 = FOG OR MIST
DPTR FM NORMAL:   3.0   DPTR FM NORMAL:    5.19    2 = FOG REDUCING VISIBILITY
HIGHEST:    79 ON 20    GRTST 24HR  3.72 ON 21-21      TO 1/4 MILE OR LESS
LOWEST:     24 ON  5                               3 = THUNDER
                        SNOW, ICE PELLETS, HAIL    4 = ICE PELLETS
                        TOTAL MONTH:   0.0 INCH    5 = HAIL
                        GRTST 24HR     0.0         6 = FREEZING RAIN OR DRIZZLE
                        GRTST DEPTH:   0           7 = DUSTSTORM OR SANDSTORM:
                                                       VSBY 1/2 MILE OR LESS
                                                   8 = SMOKE OR HAZE
[NO. OF DAYS WITH]      [WEATHER - DAYS WITH]      9 = BLOWING SNOW
                                                   X = TORNADO
MAX 32 OR BELOW:   0    0.01 INCH OR MORE:  16
MAX 90 OR ABOVE:   0    0.10 INCH OR MORE:  10
MIN 32 OR BELOW:   8    0.50 INCH OR MORE:   4
MIN  0 OR BELOW:   0    1.00 INCH OR MORE:   3

[HDD (BASE 65) ]
TOTAL THIS MO.   360    CLEAR  (SCALE 0-3)   2
DPTR FM NORMAL  -118    PTCLDY (SCALE 4-7)  10
TOTAL FM JUL 1  2304    CLOUDY (SCALE 8-10) 10
DPTR FM NORMAL  -197

[CDD (BASE 65) ]
TOTAL THIS MO.    11
DPTR FM NORMAL    11    [PRESSURE DATA]
TOTAL FM JAN 1    11    HIGHEST SLP M ON M
DPTR FM NORMAL    11    LOWEST  SLP M ON M

[REMARKS]
