000
CXUS54 KLZK 271430
CF6SGT
PRELIMINARY LOCAL CLIMATOLOGICAL DATA (WS FORM: F-6)

                                          STATION:   Stuttgart Airport
                                          MONTH:     JANUARY
                                          YEAR:      2015
                                          LATITUDE:   34 35 N
                                          LONGITUDE:  91 34 W

  TEMPERATURE IN F:       :PCPN:    SNOW:  WIND      :SUNSHINE: SKY     :PK WND
================================================================================
1   2   3   4   5  6A  6B    7    8   9   10  11  12  13   14  15   16   17  18
                                     12Z  AVG MX 2MIN
DY MAX MIN AVG DEP HDD CDD  WTR  SNW DPTH SPD SPD DIR MIN PSBL S-S WX    SPD DR
================================================================================

 1  37  34  36  -4  29   0 0.33  0.0    0  2.5  8  50   M    M  10         M  M
 2  46  36  41   1  24   0 0.09    M    0  8.4 13  60   M    M  10         M  M
 3  54  45  50  10  15   0 1.26  0.0    0  9.7 23 260   M    M  10        31 260
 4  46  27  37  -3  28   0 0.00  0.0    0 15.9 22 300   M    M   3        30 280
 5  34  21  28 -12  37   0 0.00  0.0    0  9.3 17  10   M    M   0        22 360
 6  48  27  38  -2  27   0 0.00  0.0    0  6.1  9  70   M    M   0         M  M
 7  36  18  27 -13  38   0 0.00  0.0    0 15.5 27  10   M    M   2        35  10
 8  28  12  20 -20  45   0 0.00  0.0    0  9.6 14 160   M    M   0        18 170
 9  37  21  29 -11  36   0 0.00  0.0    0  8.6 16 340   M    M   0         M  M
10  36  19  28 -12  37   0 0.00  0.0    0  6.1  9 110   M    M   4         M  M
11  37  30  34  -6  31   0 0.28  0.0    0  4.9  8  50   M    M  10         M  M
12  39  34  37  -3  28   0 0.13    M    0 12.9 22  10   M    M  10        25  10
13  34  25  30 -10  35   0 0.00  0.0    0 14.3 23  20   M    M   8        28  20
14  36  23  30 -10  35   0 0.00  0.0    0  6.6 10 360   M    M   1         M  M
15  45  30  38  -2  27   0 0.00  0.0    0  3.0  6 150   M    M   6         M  M
16  55  27  41   1  24   0 0.00  0.0    0  6.0 10 170   M    M   0         M  M
17  63  36  50  10  15   0 0.00  0.0    0 11.4 17 190   M    M   1        22 180
18  64  32  48   8  17   0 0.00  0.0    0  9.3 15 260   M    M   0         M  M
19  66  39  53  13  12   0 0.00  0.0    0  9.6 16 230   M    M   0         M  M
20  63  37  50  10  15   0 0.00  0.0    0  7.9 12  10   M    M   0         M  M
21  57  34  46   6  19   0 0.00  0.0    0  3.5  9  30   M    M   0         M  M
22  46  39  43   3  22   0 0.07    M    0 12.6 20  60   M    M  10        25  60
23  43  32  38  -2  27   0 0.00  0.0    0 11.6 18  10   M    M   7        24  20
24  61  28  45   5  20   0 0.00  0.0    0  9.3 13 240   M    M   0        16 260
25  63  37  50  10  15   0 0.00  0.0    0 15.9 25 280   M    M   6        37 280
26  55  34  45   5  20   0 0.00  0.0    0  9.8 17 330   M    M   3        23 330
================================================================================
SM 1229  777       678   0  2.16     0.0 240.3          M      101
================================================================================
AV 47.3 29.9                               9.2 FASTST   M    M   4    MAX(MPH)
                                 MISC ---->  # 27  10                 37    M
================================================================================
NOTES:
# LAST OF SEVERAL OCCURRENCES

COLUMN 17 PEAK WIND IN M.P.H.

PRELIMINARY LOCAL CLIMATOLOGICAL DATA (WS FORM: F-6) , PAGE 2

                                          STATION:  Stuttgart Airport
                                          MONTH:    JANUARY
                                          YEAR:     2015
                                          LATITUDE:   34 35 N
                                          LONGITUDE:  91 34 W

[TEMPERATURE DATA]      [PRECIPITATION DATA]       SYMBOLS USED IN COLUMN 16

AVERAGE MONTHLY: 38.6   TOTAL FOR MONTH:   2.16    1 = FOG OR MIST
DPTR FM NORMAL:  -1.4   DPTR FM NORMAL:   -0.89    2 = FOG REDUCING VISIBILITY
HIGHEST:    66 ON 19    GRTST 24HR  1.26 ON  3- 3      TO 1/4 MILE OR LESS
LOWEST:     12 ON  8                               3 = THUNDER
                        SNOW, ICE PELLETS, HAIL    4 = ICE PELLETS
                        TOTAL MONTH:   0.0 INCH    5 = HAIL
                        GRTST 24HR     0.0         6 = FREEZING RAIN OR DRIZZLE
                        GRTST DEPTH:   0           7 = DUSTSTORM OR SANDSTORM:
                                                       VSBY 1/2 MILE OR LESS
                                                   8 = SMOKE OR HAZE
[NO. OF DAYS WITH]      [WEATHER - DAYS WITH]      9 = BLOWING SNOW
                                                   X = TORNADO
MAX 32 OR BELOW:   1    0.01 INCH OR MORE:   6
MAX 90 OR ABOVE:   0    0.10 INCH OR MORE:   4
MIN 32 OR BELOW:  15    0.50 INCH OR MORE:   1
MIN  0 OR BELOW:   0    1.00 INCH OR MORE:   1

[HDD (BASE 65) ]
TOTAL THIS MO.   678    CLEAR  (SCALE 0-3)  15
DPTR FM NORMAL    28    PTCLDY (SCALE 4-7)   5
TOTAL FM JUL 1  1903    CLOUDY (SCALE 8-10)  6
DPTR FM NORMAL     2

[CDD (BASE 65) ]
TOTAL THIS MO.     0
DPTR FM NORMAL     0    [PRESSURE DATA]
TOTAL FM JAN 1     0    HIGHEST SLP M ON M
DPTR FM NORMAL     0    LOWEST  SLP M ON M

[REMARKS]
