000
CXUS56 KMFR 261000
CF6SIY
PRELIMINARY LOCAL CLIMATOLOGICAL DATA (WS FORM: F-6)

                                          STATION:   MONTAGUE CA
                                          MONTH:     JULY
                                          YEAR:      2017
                                          LATITUDE:   41 46 N
                                          LONGITUDE: 122 28 W

  TEMPERATURE IN F:       :PCPN:    SNOW:  WIND      :SUNSHINE: SKY     :PK WND
================================================================================
1   2   3   4   5  6A  6B    7    8   9   10  11  12  13   14  15   16   17  18
                                     12Z  AVG MX 2MIN
DY MAX MIN AVG DEP HDD CDD  WTR  SNW DPTH SPD SPD DIR MIN PSBL S-S WX    SPD DR
================================================================================

 1  89  58  74   5   0   9 0.00    M    M  9.4 22 360   M    M   0        27  10
 2  97  48  73   3   0   8 0.00    M    M  5.8 20 350   M    M   0        24 350
 3  96  56  76   6   0  11 0.00    M    M  5.7 18 330   M    M   0        22 320
 4  94  56  75   5   0  10 0.00    M    M  9.5 24 170   M    M   0        30 160
 5  95  56  76   5   0  11 0.00    M    M 10.7 26 160   M    M   0        33 160
 6  99  51  75   4   0  10 0.00    M    M  8.1 23 170   M    M   0        31 150
 7  97  52  75   4   0  10 0.00    M    M  6.1 20 320   M    M   0        24 320
 8  99  53  76   4   0  11 0.00    M    M  5.9 18 330   M    M   0        23 320
 9  96  57  77   5   0  12 0.00    M    M  8.7 21 330   M    M   0        25 330
10  94  55  75   3   0  10 0.00    M    M  8.1 20 360   M    M   0        24 360
11  94  58  76   4   0  11 0.00    M    M  8.4 18  10   M    M   0        28  50
12  96  56  76   3   0  11 0.00    M    M  6.6 17 360   M    M   0        23 350
13  95  56  76   3   0  11 0.00    M    M  6.2 18 360   M    M   0        24 350
14  97  57  77   4   0  12 0.00    M    M  5.6 22 330   M    M   0        26 330
15  94  59  77   4   0  12 0.00    M    M  7.5 20  10   M    M   0        26 360
16  92  57  75   2   0  10 0.00    M    M  8.6 18  10   M    M   0        23  20
17  92  54  73  -1   0   8 0.00    M    M  7.4 18 340   M    M   0        25 340
18  92  51  72  -2   0   7 0.00    M    M  7.5 18 210   M    M   0        25 190
19  90  51  71  -3   0   6 0.00    M    M  6.1 16 350   M    M   0        20 350
20  90  50  70  -4   0   5 0.00    M    M  7.1 18 330   M    M   0        23 330
21  92  56  74   0   0   9 0.00    M    M  8.3 21 360   M    M   0        25 360
22  99  51  75   1   0  10 0.00    M    M  8.1 22 320   M    M   0        27 320
23 100  57  79   5   0  14 0.00    M    M  4.9 18 330   M    M   0        23 330
24  98  58  78   4   0  13    T    M    M  5.5 24  30   M    M   0 3      31  30
25  96  63  80   6   0  15 0.00    M    M  5.8 22 100   M    M   0        29 100
================================================================================
SM 2373 1376         0 256    T     M    181.6          M        0
================================================================================
AV 94.9 55.0                               7.3 FASTST   M    M   0    MAX(MPH)
                                 MISC ---->  # 26 160               # 33  160
================================================================================
NOTES:
# LAST OF SEVERAL OCCURRENCES

COLUMN 17 PEAK WIND IN M.P.H.

PRELIMINARY LOCAL CLIMATOLOGICAL DATA (WS FORM: F-6) , PAGE 2

                                          STATION:  MONTAGUE CA
                                          MONTH:    JULY
                                          YEAR:     2017
                                          LATITUDE:   41 46 N
                                          LONGITUDE: 122 28 W

[TEMPERATURE DATA]      [PRECIPITATION DATA]       SYMBOLS USED IN COLUMN 16

AVERAGE MONTHLY: 75.0   TOTAL FOR MONTH:      T    1 = FOG OR MIST
DPTR FM NORMAL:   2.5   DPTR FM NORMAL:   -0.32    2 = FOG REDUCING VISIBILITY
HIGHEST:   100 ON 23    GRTST 24HR    T  ON 24-24      TO 1/4 MILE OR LESS
LOWEST:     48 ON  2                               3 = THUNDER
                        SNOW, ICE PELLETS, HAIL    4 = ICE PELLETS
                        TOTAL MONTH:    M          5 = HAIL
                        GRTST 24HR    M  ON   M    6 = FREEZING RAIN OR DRIZZLE
                        GRTST DEPTH:  M  ON   M    7 = DUSTSTORM OR SANDSTORM:
                                                       VSBY 1/2 MILE OR LESS
                                                   8 = SMOKE OR HAZE
[NO. OF DAYS WITH]      [WEATHER - DAYS WITH]      9 = BLOWING SNOW
                                                   X = TORNADO
MAX 32 OR BELOW:   0    0.01 INCH OR MORE:   0
MAX 90 OR ABOVE:  24    0.10 INCH OR MORE:   0
MIN 32 OR BELOW:   0    0.50 INCH OR MORE:   0
MIN  0 OR BELOW:   0    1.00 INCH OR MORE:   0

[HDD (BASE 65) ]
TOTAL THIS MO.     0    CLEAR  (SCALE 0-3)  25
DPTR FM NORMAL    -1    PTCLDY (SCALE 4-7)   0
TOTAL FM JUL 1     0    CLOUDY (SCALE 8-10)  0
DPTR FM NORMAL    -1

[CDD (BASE 65) ]
TOTAL THIS MO.   256
DPTR FM NORMAL    68    [PRESSURE DATA]
TOTAL FM JAN 1   409    HIGHEST SLP M ON M
DPTR FM NORMAL   150    LOWEST  SLP 29.74 ON 24

[REMARKS]
