000
CXUS56 KMTR 291000
CF6SJC
PRELIMINARY LOCAL CLIMATOLOGICAL DATA (WS FORM: F-6)

                                          STATION:   SAN JOSE AIRPORT
                                          MONTH:     JULY
                                          YEAR:      2015
                                          LATITUDE:   37 21 N
                                          LONGITUDE: 121 55 W

  TEMPERATURE IN F:       :PCPN:    SNOW:  WIND      :SUNSHINE: SKY     :PK WND
================================================================================
1   2   3   4   5  6A  6B    7    8   9   10  11  12  13   14  15   16   17  18
                                     12Z  AVG MX 2MIN
DY MAX MIN AVG DEP HDD CDD  WTR  SNW DPTH SPD SPD DIR MIN PSBL S-S WX    SPD DR
================================================================================

 1  91  62  77   7   0  12    T  0.0    0  7.2 17 300   M    M   6        22 110
 2  79  63  71   0   0   6 0.00  0.0    0  6.8 13 300   M    M   6        16 310
 3  81  62  72   1   0   7    T  0.0    0  7.2 18 290   M    M   2        22 300
 4  79  62  71   0   0   6 0.00  0.0    0  6.6 16 290   M    M   4 18     21 290
 5  81  60  71   0   0   6 0.00  0.0    0  9.8 18 300   M    M   5 18     21 300
 6  77  63  70  -1   0   5 0.00  0.0    0  9.0 22 310   M    M   6        26 320
 7  77  61  69  -2   0   4 0.00  0.0    0  8.6 22 310   M    M   6        28 310
 8  73  60  67  -4   0   2 0.00  0.0    0  8.4 20 310   M    M   7        33 290
 9  74  61  68  -3   0   3    T  0.0    0  8.2 17 290   M    M   9        22 340
10  73  61  67  -4   0   2    T  0.0    0  7.3 17 290   M    M   8        21 290
11  75  58  67  -4   0   2 0.00  0.0    0  7.2 24 320   M    M   4        28 320
12  76  61  69  -2   0   4 0.00  0.0    0  9.2 23 310   M    M   6        28 290
13  78  60  69  -2   0   4 0.00  0.0    0  9.0 22 300   M    M   6        29 310
14  74  59  67  -4   0   2 0.00  0.0    0  8.0 23 300   M    M   4        26 300
15  83  60  72   1   0   7 0.00  0.0    0  9.1 16 310   M    M   3        20 130
16  85  58  72   1   0   7 0.00  0.0    0  8.9 20 290   M    M   1        24 280
17  81  59  70  -1   0   5 0.00  0.0    0  7.1 16 290   M    M   3        20 290
18  79  58  69  -2   0   4 0.00  0.0    0  7.4 20 310   M    M   4        23 290
19  89  64  77   6   0  12    T  0.0    0  5.8 20 310   M    M   6        22 320
20  87  64  76   5   0  11 0.00  0.0    0  8.2 21 310   M    M   4        26 300
21  76  62  69  -2   0   4 0.00  0.0    0  7.3 17 290   M    M   3        21 290
22  77  59  68  -3   0   3 0.00  0.0    0  9.8 21 300   M    M   2        25 320
23  73  57  65  -6   0   0 0.00  0.0    0  8.1 18 310   M    M   4        23 290
24  78  55  67  -4   0   2 0.00  0.0    0  7.1 21 310   M    M   1        24 310
25  75  58  67  -4   0   2 0.00  0.0    0  8.1 18 300   M    M   2        23 310
26  79  60  70  -1   0   5 0.00  0.0    0  5.8 21 310   M    M   4        25 300
27  86  58  72   1   0   7 0.00  0.0    0  6.7 23 320   M    M   0        28 310
28  94  60  77   6   0  12 0.00  0.0    0  5.5 18 320   M    M   0        23 300
================================================================================
SM 2230 1685         0 146    T      0.0 217.4          M      116
================================================================================
AV 79.6 60.2                               7.8 FASTST   M    M   4    MAX(MPH)
                                 MISC ---->  # 24 320               # 33  290
================================================================================
NOTES:
# LAST OF SEVERAL OCCURRENCES

COLUMN 17 PEAK WIND IN M.P.H.

PRELIMINARY LOCAL CLIMATOLOGICAL DATA (WS FORM: F-6) , PAGE 2

                                          STATION:  SAN JOSE AIRPORT
                                          MONTH:    JULY
                                          YEAR:     2015
                                          LATITUDE:   37 21 N
                                          LONGITUDE: 121 55 W

[TEMPERATURE DATA]      [PRECIPITATION DATA]       SYMBOLS USED IN COLUMN 16

AVERAGE MONTHLY: 69.9   TOTAL FOR MONTH:      T    1 = FOG OR MIST
DPTR FM NORMAL:  -1.1   DPTR FM NORMAL:   -0.00    2 = FOG REDUCING VISIBILITY
HIGHEST:    94 ON 28    GRTST 24HR    T  ON 19-19      TO 1/4 MILE OR LESS
LOWEST:     55 ON 24                               3 = THUNDER
                        SNOW, ICE PELLETS, HAIL    4 = ICE PELLETS
                        TOTAL MONTH:   0.0 INCH    5 = HAIL
                        GRTST 24HR     0.0         6 = FREEZING RAIN OR DRIZZLE
                        GRTST DEPTH:   0           7 = DUSTSTORM OR SANDSTORM:
                                                       VSBY 1/2 MILE OR LESS
                                                   8 = SMOKE OR HAZE
[NO. OF DAYS WITH]      [WEATHER - DAYS WITH]      9 = BLOWING SNOW
                                                   X = TORNADO
MAX 32 OR BELOW:   0    0.01 INCH OR MORE:   0
MAX 90 OR ABOVE:   2    0.10 INCH OR MORE:   0
MIN 32 OR BELOW:   0    0.50 INCH OR MORE:   0
MIN  0 OR BELOW:   0    1.00 INCH OR MORE:   0

[HDD (BASE 65) ]
TOTAL THIS MO.     0    CLEAR  (SCALE 0-3)   8
DPTR FM NORMAL     0    PTCLDY (SCALE 4-7)  19
TOTAL FM JUL 1     0    CLOUDY (SCALE 8-10)  1
DPTR FM NORMAL     0

[CDD (BASE 65) ]
TOTAL THIS MO.   146
DPTR FM NORMAL   -22    [PRESSURE DATA]
TOTAL FM JAN 1   273    HIGHEST SLP M ON M
DPTR FM NORMAL   -80    LOWEST  SLP 29.78 ON 17

[REMARKS]
