000
CXUS56 KFGZ 240900
CF6SJN
PRELIMINARY LOCAL CLIMATOLOGICAL DATA (WS FORM: F-6)

                                          STATION:   SAINT JOHNS AZ AIRPORT
                                          MONTH:     APRIL
                                          YEAR:      2017
                                          LATITUDE:   34 31 N
                                          LONGITUDE: 109 23 W

  TEMPERATURE IN F:       :PCPN:    SNOW:  WIND      :SUNSHINE: SKY     :PK WND
================================================================================
1   2   3   4   5  6A  6B    7    8   9   10  11  12  13   14  15   16   17  18
                                     12Z  AVG MX 2MIN
DY MAX MIN AVG DEP HDD CDD  WTR  SNW DPTH SPD SPD DIR MIN PSBL S-S WX    SPD DR
================================================================================

 1  53  23  38 -11  27   0 0.01    M    M  4.6 22  30   M    M   4 1      26  30
 2  65  22  44  -5  21   0 0.00    M    M  9.8 25 290   M    M   1        30 290
 3  67  33  50   1  15   0 0.07    M    M 18.6 46 300   M    M   2 18     59 310
 4  55  32  44  -6  21   0 0.00    M    M 13.3 26 280   M    M   2        33 290
 5  66  22  44  -6  21   0 0.00    M    M  3.9 12  50   M    M   0        16  30
 6  76  28  52   2  13   0 0.00    M    M  4.5 17 250   M    M   0        23 250
 7  78  36  57   6   8   0 0.00    M    M 10.1 29 260   M    M   0        35 280
 8  75  39  57   6   8   0 0.00    M    M 15.1 39 250   M    M   0        48 250
 9  66  38  52   1  13   0 0.00    M    M  9.4 21 320   M    M   1        26 260
10  70  26  48  -4  17   0 0.00    M    M  5.1 18 330   M    M   0 8      23 330
11  77  26  52   0  13   0 0.00    M    M  5.7 23 230   M    M   0        29 240
12  78  35  57   5   8   0 0.00  0.0    0  5.7 20 330   M    M   0        26 330
13  81  32  57   4   8   0 0.00  0.0    0  9.0 26 240   M    M   0 8      36 240
14  79  33  56   3   9   0 0.00    M    M  9.8 26 250   M    M   0        35 240
15  77  31  54   1  11   0 0.00    M    M  6.2 22 280   M    M   0        28 290
16  77  34  56   2   9   0 0.00    M    M  6.9 17 290   M    M   0 8      22 280
17  80  39  60   6   5   0 0.00    M    M  8.7 23 270   M    M   0        37 310
18  82  40  61   7   4   0 0.00    M    M  9.9 29 270   M    M   0        37 270
19  78  50  64   9   1   0 0.00    M    M 12.7 24 290   M    M   0        35 270
20  78  35  57   2   8   0 0.00    M    M 10.8 25 270   M    M   0        34 240
21  75  40  58   3   7   0 0.00  0.0    0  8.7 23 300   M    M   0 8      27 300
22  77  33  55   0  10   0 0.00  0.0    0  5.5 18 330   M    M   0        26 290
23  82  35  59   3   6   0 0.00    M    0 11.6 31 230   M    M   0        40 250
================================================================================
SM 1692  762       263   0  0.08     0.0 205.6          M       10
================================================================================
AV 73.6 33.1                               8.9 FASTST   M    M   0    MAX(MPH)
                                 MISC ---->  # 46 300               # 59  310
================================================================================
NOTES:
# LAST OF SEVERAL OCCURRENCES

COLUMN 17 PEAK WIND IN M.P.H.

PRELIMINARY LOCAL CLIMATOLOGICAL DATA (WS FORM: F-6) , PAGE 2

                                          STATION:  SAINT JOHNS AZ AIRPORT
                                          MONTH:    APRIL
                                          YEAR:     2017
                                          LATITUDE:   34 31 N
                                          LONGITUDE: 109 23 W

[TEMPERATURE DATA]      [PRECIPITATION DATA]       SYMBOLS USED IN COLUMN 16

AVERAGE MONTHLY: 53.4   TOTAL FOR MONTH:   0.08    1 = FOG OR MIST
DPTR FM NORMAL:   1.0   DPTR FM NORMAL:   -0.35    2 = FOG REDUCING VISIBILITY
HIGHEST:    82 ON 23,18 GRTST 24HR  0.08 ON 31- 1      TO 1/4 MILE OR LESS
LOWEST:     22 ON  5, 2                            3 = THUNDER
                        SNOW, ICE PELLETS, HAIL    4 = ICE PELLETS
                        TOTAL MONTH:   0.0 INCH    5 = HAIL
                        GRTST 24HR     0.0         6 = FREEZING RAIN OR DRIZZLE
                        GRTST DEPTH:   0           7 = DUSTSTORM OR SANDSTORM:
                                                       VSBY 1/2 MILE OR LESS
                                                   8 = SMOKE OR HAZE
[NO. OF DAYS WITH]      [WEATHER - DAYS WITH]      9 = BLOWING SNOW
                                                   X = TORNADO
MAX 32 OR BELOW:   0    0.01 INCH OR MORE:   2
MAX 90 OR ABOVE:   0    0.10 INCH OR MORE:   0
MIN 32 OR BELOW:   9    0.50 INCH OR MORE:   0
MIN  0 OR BELOW:   0    1.00 INCH OR MORE:   0

[HDD (BASE 65) ]
TOTAL THIS MO.   263    CLEAR  (SCALE 0-3)  22
DPTR FM NORMAL   -31    PTCLDY (SCALE 4-7)   1
TOTAL FM JUL 1  3864    CLOUDY (SCALE 8-10)  0
DPTR FM NORMAL  -646

[CDD (BASE 65) ]
TOTAL THIS MO.     0
DPTR FM NORMAL     0    [PRESSURE DATA]
TOTAL FM JAN 1     0    HIGHEST SLP M ON M
DPTR FM NORMAL     0    LOWEST  SLP 29.62 ON  3

[REMARKS]
