000
CXUS54 KSJT 291210
CF6SJT
PRELIMINARY LOCAL CLIMATOLOGICAL DATA (WS FORM: F-6)

                                          STATION:   SAN ANGELO
                                          MONTH:     APRIL
                                          YEAR:      2016
                                          LATITUDE:   31 21 N
                                          LONGITUDE: 100 30 W

  TEMPERATURE IN F:       :PCPN:    SNOW:  WIND      :SUNSHINE: SKY     :PK WND
================================================================================
1   2   3   4   5  6A  6B    7    8   9   10  11  12  13   14  15   16   17  18
                                     12Z  AVG MX 2MIN
DY MAX MIN AVG DEP HDD CDD  WTR  SNW DPTH SPD SPD DIR MIN PSBL S-S WX    SPD DR
================================================================================

 1  58  41  50 -12  15   0    T  0.0    0 13.9 26  40   M    M   7 3      32  40
 2  72  33  53  -9  12   0 0.00  0.0    0  6.5 13  10   M    M   0        17 310
 3  79  34  57  -5   8   0 0.00  0.0    0  8.8 20 210   M    M   0        26 210
 4  87  46  67   4   0   2 0.00  0.0    0  9.6 20 200   M    M   0        25 210
 5  87  56  72   9   0   7 0.00  0.0    0 14.0 24 180   M    M   0        31 180
 6  80  50  65   2   0   0 0.00  0.0    0 10.0 26 340   M    M   0        32 340
 7  87  41  64   0   1   0 0.00  0.0    0  9.7 23 210   M    M   0        29 220
 8  76  53  65   1   0   0    T  0.0    0 10.4 20 110   M    M   2        27 110
 9  70  55  63  -1   2   0 0.04  0.0    0  8.0 16 180   M    M   6 3      23 180
10  86  62  74  10   0   9 0.28  0.0    0 14.6 25 190   M    M   5 3      36 210
11  87  60  74   9   0   9 0.00  0.0    0 13.8 26 360   M    M   1 1      33 290
12  62  55  59  -6   6   0 1.39  0.0    0 11.6 29 280   M    M  10 13     34 270
13  71  54  63  -2   2   0 0.02  0.0    0  5.5 12  70   M    M   6 1      14  60
14  81  46  64  -2   1   0 0.00  0.0    0  4.8 16  70   M    M   1 1      21  70
15  82  53  68   2   0   3 0.00  0.0    0 11.4 25 150   M    M   2        33 150
16  83  59  71   5   0   6 1.27  0.0    0 11.8 40 280   M    M   7 13     51 270
17  70  58  64  -2   1   0 1.41  0.0    0  7.8 20 200   M    M   8 13     24 200
18  63  55  59  -8   6   0 0.16  0.0    0 10.1 21  20   M    M  10 13     24  50
19  76  59  68   1   0   3 0.01  0.0    0  6.1 13 140   M    M   9 13     18 140
20  74  55  65  -2   0   0 0.32  0.0    0  6.8 23 350   M    M   2 13     26  10
21  77  55  66  -2   0   1 0.19  0.0    0  6.7 29  20   M    M   2 13     37  20
22  78  50  64  -4   1   0 0.00  0.0    0  4.4 10 110   M    M   0        16 110
23  81  52  67  -1   0   2 0.00  0.0    0  8.4 17 150   M    M   1        24 120
24  85  59  72   4   0   7 0.00  0.0    0 10.6 18 160   M    M   1        25 180
25  89  64  77   8   0  12 0.00  0.0    0 10.6 22 210   M    M   0        25 210
26  87  61  74   5   0   9 0.01  0.0    0 12.5 31 220   M    M   2 3      42 230
27  84  45  65  -4   0   0 0.00  0.0    0  7.0 17 250   M    M   0        22 250
28  86  50  68  -2   0   3 0.00  0.0    0 10.3 24 130   M    M   0 18     33 140
================================================================================
SM 2198 1461        55  73  5.10     0.0 265.7          M       82
================================================================================
AV 78.5 52.2                               9.5 FASTST   M    M   3    MAX(MPH)
                                 MISC ---->  # 40 280               # 51  270
================================================================================
NOTES:
# LAST OF SEVERAL OCCURRENCES

COLUMN 17 PEAK WIND IN M.P.H.

PRELIMINARY LOCAL CLIMATOLOGICAL DATA (WS FORM: F-6) , PAGE 2

                                          STATION:  SAN ANGELO
                                          MONTH:    APRIL
                                          YEAR:     2016
                                          LATITUDE:   31 21 N
                                          LONGITUDE: 100 30 W

[TEMPERATURE DATA]      [PRECIPITATION DATA]       SYMBOLS USED IN COLUMN 16

AVERAGE MONTHLY: 65.3   TOTAL FOR MONTH:   5.10    1 = FOG OR MIST
DPTR FM NORMAL:  -0.4   DPTR FM NORMAL:    3.80    2 = FOG REDUCING VISIBILITY
HIGHEST:    89 ON 25    GRTST 24HR  2.68 ON 16-17      TO 1/4 MILE OR LESS
LOWEST:     33 ON  2                               3 = THUNDER
                        SNOW, ICE PELLETS, HAIL    4 = ICE PELLETS
                        TOTAL MONTH:   0.0 INCH    5 = HAIL
                        GRTST 24HR     0.0         6 = FREEZING RAIN OR DRIZZLE
                        GRTST DEPTH:   0           7 = DUSTSTORM OR SANDSTORM:
                                                       VSBY 1/2 MILE OR LESS
                                                   8 = SMOKE OR HAZE
[NO. OF DAYS WITH]      [WEATHER - DAYS WITH]      9 = BLOWING SNOW
                                                   X = TORNADO
MAX 32 OR BELOW:   0    0.01 INCH OR MORE:  11
MAX 90 OR ABOVE:   0    0.10 INCH OR MORE:   7
MIN 32 OR BELOW:   0    0.50 INCH OR MORE:   3
MIN  0 OR BELOW:   0    1.00 INCH OR MORE:   3

[HDD (BASE 65) ]
TOTAL THIS MO.    55    CLEAR  (SCALE 0-3)  19
DPTR FM NORMAL   -31    PTCLDY (SCALE 4-7)   6
TOTAL FM JUL 1  1803    CLOUDY (SCALE 8-10)  3
DPTR FM NORMAL  -501

[CDD (BASE 65) ]
TOTAL THIS MO.    73
DPTR FM NORMAL   -32    [PRESSURE DATA]
TOTAL FM JAN 1   125    HIGHEST SLP M ON M
DPTR FM NORMAL   -18    LOWEST  SLP 29.43 ON 26

[REMARKS]
