487
CXUS56 KPQR 261200
CF6SLE
PRELIMINARY LOCAL CLIMATOLOGICAL DATA (WS FORM: F-6)

                                          STATION:   SALEM OR
                                          MONTH:     APRIL
                                          YEAR:      2017
                                          LATITUDE:   44 55 N
                                          LONGITUDE: 123  0 W

  TEMPERATURE IN F:       :PCPN:    SNOW:  WIND      :SUNSHINE: SKY     :PK WND
================================================================================
1   2   3   4   5  6A  6B    7    8   9   10  11  12  13   14  15   16   17  18
                                     12Z  AVG MX 2MIN
DY MAX MIN AVG DEP HDD CDD  WTR  SNW DPTH SPD SPD DIR MIN PSBL S-S WX    SPD DR
================================================================================

 1  61  43  52   3  13   0    T    M    M  5.3 15 200   M    M   8 18     19 210
 2  59  39  49   0  16   0 0.00    M    M  6.5 20 320   M    M   6        24 320
 3  57  31  44  -5  21   0 0.00  0.0    0  2.7 10 340   M    M   0        14 360
 4  59  41  50   1  15   0    T  0.0    0  3.5 16 200   M    M   7        19 190
 5  61  46  54   5  11   0 0.00  0.0    0  4.7 12 350   M    M   3        14 230
 6  66  47  57   8   8   0 0.22  0.0    0  4.9 16  30   M    M   9 1      21  20
 7  56  42  49   0  16   0 0.16    M    0 19.3 43 180   M    M   7 1      60 180
 8  53  39  46  -3  19   0 0.25    M    0  9.3 23 280   M    M   6 18     28 270
 9  58  36  47  -2  18   0 0.18    M    0 10.6 23 230   M    M   5 1      36 230
10  56  40  48  -2  17   0 0.02    M    0 10.2 25 180   M    M   8        36 200
11  54  37  46  -4  19   0 0.33    M    0  3.1  9  20   M    M   6 1      11  30
12  62  44  53   3  12   0 0.13    M    0 10.4 22 260   M    M   7 1      28 260
13  54  43  49  -1  16   0 0.10    M    0  9.4 22 200   M    M   8        27 190
14  55  41  48  -2  17   0 0.05    M    0 10.5 22 260   M    M   7 8      26 270
15  60  34  47  -3  18   0 0.00  0.0    0  6.0 15  10   M    M   0        19 360
16  65  39  52   2  13   0 0.15    M    0  5.8 18 210   M    M   4        25 200
17  60  46  53   3  12   0 0.33    M    0  8.1 16 210   M    M  10 1      21 210
18  64  48  56   6   9   0 0.12    M    0  7.0 22 190   M    M   7 1      27 190
19  59  47  53   2  12   0 0.38    M    0  6.1 14 230   M    M   8 1      19 190
20  61  41  51   0  14   0 0.08    M    0  8.9 21 200   M    M   6 18     27 190
21  69  36  53   2  12   0 0.00  0.0    0  4.5 12 360   M    M   1 1      16  40
22  64  47  56   5   9   0 0.11    M    0  9.1 28 200   M    M   6 1      37 190
23  56  47  52   1  13   0 0.41    M    0  9.0 20 170   M    M   9 18     27 170
24  58  45  52   0  13   0 0.38    M    0 12.1 24 280   M    M   9 18     32 280
25  59  45  52   0  13   0 0.22    M    0  9.8 18 180   M    M  10 1      25 170
================================================================================
SM 1486 1044       356   0  3.62     0.0 196.8          M      157
================================================================================
AV 59.4 41.8                               7.9 FASTST   M    M   6    MAX(MPH)
                                 MISC ---->  # 43 180               # 60  180
================================================================================
NOTES:
# LAST OF SEVERAL OCCURRENCES

COLUMN 17 PEAK WIND IN M.P.H.

PRELIMINARY LOCAL CLIMATOLOGICAL DATA (WS FORM: F-6) , PAGE 2

                                          STATION:  SALEM OR
                                          MONTH:    APRIL
                                          YEAR:     2017
                                          LATITUDE:   44 55 N
                                          LONGITUDE: 123  0 W

[TEMPERATURE DATA]      [PRECIPITATION DATA]       SYMBOLS USED IN COLUMN 16

AVERAGE MONTHLY: 50.6   TOTAL FOR MONTH:   3.62    1 = FOG OR MIST
DPTR FM NORMAL:   0.6   DPTR FM NORMAL:    1.18    2 = FOG REDUCING VISIBILITY
HIGHEST:    69 ON 21    GRTST 24HR  0.41 ON 23-23      TO 1/4 MILE OR LESS
LOWEST:     31 ON  3                               3 = THUNDER
                        SNOW, ICE PELLETS, HAIL    4 = ICE PELLETS
                        TOTAL MONTH:   0.0 INCH    5 = HAIL
                        GRTST 24HR     0.0         6 = FREEZING RAIN OR DRIZZLE
                        GRTST DEPTH:   0           7 = DUSTSTORM OR SANDSTORM:
                                                       VSBY 1/2 MILE OR LESS
                                                   8 = SMOKE OR HAZE
[NO. OF DAYS WITH]      [WEATHER - DAYS WITH]      9 = BLOWING SNOW
                                                   X = TORNADO
MAX 32 OR BELOW:   0    0.01 INCH OR MORE:  18
MAX 90 OR ABOVE:   0    0.10 INCH OR MORE:  15
MIN 32 OR BELOW:   1    0.50 INCH OR MORE:   0
MIN  0 OR BELOW:   0    1.00 INCH OR MORE:   0

[HDD (BASE 65) ]
TOTAL THIS MO.   356    CLEAR  (SCALE 0-3)   3
DPTR FM NORMAL   -20    PTCLDY (SCALE 4-7)  15
TOTAL FM JUL 1  4033    CLOUDY (SCALE 8-10)  7
DPTR FM NORMAL  -146

[CDD (BASE 65) ]
TOTAL THIS MO.     0
DPTR FM NORMAL     0    [PRESSURE DATA]
TOTAL FM JAN 1     0    HIGHEST SLP M ON M
DPTR FM NORMAL     0    LOWEST  SLP 29.16 ON  7

[REMARKS]
