000
CXUS56 KPQR 261200
CF6SLE
PRELIMINARY LOCAL CLIMATOLOGICAL DATA (WS FORM: F-6)

                                          STATION:   SALEM OR
                                          MONTH:     FEBRUARY
                                          YEAR:      2017
                                          LATITUDE:   44 55 N
                                          LONGITUDE: 123  0 W

  TEMPERATURE IN F:       :PCPN:    SNOW:  WIND      :SUNSHINE: SKY     :PK WND
================================================================================
1   2   3   4   5  6A  6B    7    8   9   10  11  12  13   14  15   16   17  18
                                     12Z  AVG MX 2MIN
DY MAX MIN AVG DEP HDD CDD  WTR  SNW DPTH SPD SPD DIR MIN PSBL S-S WX    SPD DR
================================================================================

 1  43  33  38  -4  27   0 0.00  0.0    0  9.7 16 350   M    M   4        19 330
 2  48  33  41  -1  24   0 0.02    M    0  9.8 17 350   M    M   6        21 360
 3  49  30  40  -2  25   0 0.92    M    0  7.2 24 180   M    M  10 16     31 190
 4  52  47  50   8  15   0 1.53    M    0 13.1 22 180   M    M   9 1      30 190
 5  47  37  42   0  23   0 2.44  0.0    0  5.9 18 190   M    M  10 1      24 190
 6  43  36  40  -2  25   0 0.41  0.0    0 10.7 24 220   M    M   8 1      32 220
 7  40  35  38  -4  27   0 0.24    M    0  5.2 14 330   M    M   9 1      16 320
 8  57  39  48   6  17   0 1.28  0.0    0  2.3 18 190   M    M  10 1      24 200
 9  60  47  54  11  11   0 0.72  0.0    0 15.9 28 180   M    M   9 1      38 180
10  50  36  43   0  22   0 0.19    M    0 11.0 24 190   M    M   6 1      35 190
11  52  33  43   0  22   0 0.00  0.0    0  2.7  9  20   M    M   4        12  20
12  50  29  40  -3  25   0 0.00  0.0    0  1.7  9  50   M    M   0 1      12 310
13  57  29  43   0  22   0 0.00  0.0    0  2.1  8 360   M    M   0        10 350
14  52  29  41  -2  24   0 0.03    M    0  1.4  7 300   M    M   4        11 340
15  57  45  51   8  14   0 0.99  0.0    0  6.3 24 180   M    M  10 1      33 180
16  56  46  51   8  14   0 1.58  0.0    0 10.2 25 190   M    M  10 1      31 190
17  56  39  48   5  17   0    T    M    0  6.9 16 360   M    M   5 12     19  20
18  55  43  49   6  16   0 0.19    M    0  6.5 17 230   M    M   9        23 220
19  51  39  45   2  20   0 0.59    M    0 10.6 25 200   M    M   9 1      35 200
20  52  43  48   4  17   0 0.89    M    0  6.0 18 200   M    M  10 1      24 180
21  46  36  41  -3  24   0 0.78    M    0  6.7 18 190   M    M   9 1      22 180
22  45  34  40  -4  25   0 0.16    M    0  2.3 13  10   M    M   9 12     16  10
23  45  30  38  -6  27   0    T    M    0  3.9 13 260   M    M   7 128    17 290
24  41  32  37  -7  28   0 0.03    M    0  8.2 18 180   M    M   9 1      24 190
25  48  29  39  -5  26   0    T    M    0  3.0 10 170   M    M   5 18     13 170
================================================================================
SM 1252  909       537   0 12.99     0.0 169.3          M      181
================================================================================
AV 50.1 36.4                               6.8 FASTST   M    M   7    MAX(MPH)
                                 MISC ---->  # 28 180               # 38  180
================================================================================
NOTES:
# LAST OF SEVERAL OCCURRENCES

COLUMN 17 PEAK WIND IN M.P.H.

PRELIMINARY LOCAL CLIMATOLOGICAL DATA (WS FORM: F-6) , PAGE 2

                                          STATION:  SALEM OR
                                          MONTH:    FEBRUARY
                                          YEAR:     2017
                                          LATITUDE:   44 55 N
                                          LONGITUDE: 123  0 W

[TEMPERATURE DATA]      [PRECIPITATION DATA]       SYMBOLS USED IN COLUMN 16

AVERAGE MONTHLY: 43.2   TOTAL FOR MONTH:  12.99    1 = FOG OR MIST
DPTR FM NORMAL:   0.3   DPTR FM NORMAL:    8.89    2 = FOG REDUCING VISIBILITY
HIGHEST:    60 ON  9    GRTST 24HR  2.53 ON  4- 5      TO 1/4 MILE OR LESS
LOWEST:     29 ON 25,14                            3 = THUNDER
                        SNOW, ICE PELLETS, HAIL    4 = ICE PELLETS
                        TOTAL MONTH:   0.0 INCH    5 = HAIL
                        GRTST 24HR     0.0         6 = FREEZING RAIN OR DRIZZLE
                        GRTST DEPTH:   0           7 = DUSTSTORM OR SANDSTORM:
                                                       VSBY 1/2 MILE OR LESS
                                                   8 = SMOKE OR HAZE
[NO. OF DAYS WITH]      [WEATHER - DAYS WITH]      9 = BLOWING SNOW
                                                   X = TORNADO
MAX 32 OR BELOW:   0    0.01 INCH OR MORE:  18
MAX 90 OR ABOVE:   0    0.10 INCH OR MORE:  15
MIN 32 OR BELOW:   7    0.50 INCH OR MORE:  10
MIN  0 OR BELOW:   0    1.00 INCH OR MORE:   4

[HDD (BASE 65) ]
TOTAL THIS MO.   537    CLEAR  (SCALE 0-3)   2
DPTR FM NORMAL   -15    PTCLDY (SCALE 4-7)   8
TOTAL FM JUL 1  3087    CLOUDY (SCALE 8-10) 15
DPTR FM NORMAL   -92

[CDD (BASE 65) ]
TOTAL THIS MO.     0
DPTR FM NORMAL     0    [PRESSURE DATA]
TOTAL FM JAN 1     0    HIGHEST SLP M ON M
DPTR FM NORMAL     0    LOWEST  SLP 29.22 ON  5

[REMARKS]
