000
CXUS51 KBTV 010700
CF6SLK
PRELIMINARY LOCAL CLIMATOLOGICAL DATA (WS FORM: F-6)

                                          STATION:   SARANAC LAKE NY
                                          MONTH:     FEBRUARY
                                          YEAR:      2015
                                          LATITUDE:   44 23 N
                                          LONGITUDE:  74 12 W

  TEMPERATURE IN F:       :PCPN:    SNOW:  WIND      :SUNSHINE: SKY     :PK WND
================================================================================
1   2   3   4   5  6A  6B    7    8   9   10  11  12  13   14  15   16   17  18
                                     12Z  AVG MX 2MIN
DY MAX MIN AVG DEP HDD CDD  WTR  SNW DPTH SPD SPD DIR MIN PSBL S-S WX    SPD DR
================================================================================

 1  11  -8   2 -11  63   0    T    M    0  3.6 10  70   M    M   6 18     14 250
 2   2 -14  -6 -19  71   0    M    M    0  9.4 20  60   M    M  10 18     26  60
 3  14 -22  -4 -17  69   0    T    M    0  7.6 17 210   M    M   6 18     22 210
 4  25  10  18   5  47   0 0.03    M    0  9.7 24 200   M    M  10 18     31 200
 5  19 -24  -2 -15  67   0 0.02    M    0  4.6 13 280   M    M   4 18     20 350
 6  18 -29  -5 -18  70   0    T    M    0  6.8 16 220   M    M   8 18     24 220
 7  20   6  13  -1  52   0 0.03    M    0  4.6 14  70   M    M  10 18     19  50
 8   7   2   5  -9  60   0 0.08    M    0 11.5 17  60   M    M  10 1268   23  50
 9  14   7  11  -3  54   0 0.00  0.0    0  7.5 13  70   M    M  10 1      17  60
10  21  -9   6  -8  59   0 0.00  0.0    0  2.0  8 340   M    M   8        11 300
11  25 -13   6  -8  59   0    T    M    0  2.3 10  60   M    M   4 1      12  60
12  23  -6   9  -5  56   0 0.01    M    0  6.4 16 260   M    M  10 18     23 240
13   1 -20  -9 -23  74   0    T    M    0  6.4 15 240   M    M   4 18     22 230
14  16 -19  -1 -15  66   0    T    M    0  3.1 13 200   M    M   9 18     16 200
15   8 -14  -3 -18  68   0    T    M    0  7.4 14 300   M    M  10 18     24 330
16   4 -26 -11 -26  76   0 0.00  0.0    0  4.3 12 270   M    M   2 8      23 280
17  17 -30  -6 -21  71   0 0.00  0.0    0  1.3  9 230   M    M   7        12 330
18  22 -20   1 -14  64   0 0.05    M    0  3.2 18 200   M    M   6 18     24 200
19  13  -8   3 -13  62   0 0.01    M    0  6.5 17 270   M    M  10 18     27 250
20   5 -12  -3 -19  68   0    T    M    0  9.3 15 260   M    M   7 18     23 240
21  20 -19   1 -15  64   0 0.02    M    0  6.2 22 200   M    M   8 128    26 200
22  26  15  21   5  44   0 0.01    M    0  5.8 15 210   M    M  10 18     21 240
23  19 -23  -2 -18  67   0    T    M    0  7.7 18 260   M    M   7 18     28 270
24  14 -25  -5 -22  70   0    T    M    0 12.1 24 200   M    M   4 18     31 200
25  19  -5   7 -10  58   0    T    M    0  8.4 21 230   M    M   6 18     30 290
26  12 -18  -3 -20  68   0 0.00  0.0    0  1.9  8 340   M    M   3        12 270
27  16 -24  -4 -22  69   0 0.00  0.0    0  3.6 14 220   M    M   2 18     20 330
28  21 -13   4 -14  61   0 0.00  0.0    0  4.4 17 210   M    M   4 18     23 250
================================================================================
SM  432 -361      1777   0  0.26     0.0 167.6          M      195
================================================================================
AV 15.4-12.9                               6.0 FASTST   M    M   7    MAX(MPH)
                                 MISC ---->  # 24 200               # 31  200
================================================================================
NOTES:
# LAST OF SEVERAL OCCURRENCES

COLUMN 17 PEAK WIND IN M.P.H.

PRELIMINARY LOCAL CLIMATOLOGICAL DATA (WS FORM: F-6) , PAGE 2

                                          STATION:  SARANAC LAKE NY
                                          MONTH:    FEBRUARY
                                          YEAR:     2015
                                          LATITUDE:   44 23 N
                                          LONGITUDE:  74 12 W

[TEMPERATURE DATA]      [PRECIPITATION DATA]       SYMBOLS USED IN COLUMN 16

AVERAGE MONTHLY:  1.3   TOTAL FOR MONTH:   0.26    1 = FOG OR MIST
DPTR FM NORMAL: -13.6   DPTR FM NORMAL:   -1.35    2 = FOG REDUCING VISIBILITY
HIGHEST:    26 ON 22    GRTST 24HR  0.11 ON  7- 8      TO 1/4 MILE OR LESS
LOWEST:    -30 ON 17                               3 = THUNDER
                        SNOW, ICE PELLETS, HAIL    4 = ICE PELLETS
                        TOTAL MONTH:   0.0 INCH    5 = HAIL
                        GRTST 24HR     0.0         6 = FREEZING RAIN OR DRIZZLE
                        GRTST DEPTH:   0           7 = DUSTSTORM OR SANDSTORM:
                                                       VSBY 1/2 MILE OR LESS
                                                   8 = SMOKE OR HAZE
[NO. OF DAYS WITH]      [WEATHER - DAYS WITH]      9 = BLOWING SNOW
                                                   X = TORNADO
MAX 32 OR BELOW:  28    0.01 INCH OR MORE:   9
MAX 90 OR ABOVE:   0    0.10 INCH OR MORE:   0
MIN 32 OR BELOW:  28    0.50 INCH OR MORE:   0
MIN  0 OR BELOW:  23    1.00 INCH OR MORE:   0

[HDD (BASE 65) ]
TOTAL THIS MO.  1777    CLEAR  (SCALE 0-3)   3
DPTR FM NORMAL   374    PTCLDY (SCALE 4-7)  15
TOTAL FM JUL 1  6783    CLOUDY (SCALE 8-10) 10
DPTR FM NORMAL    78

[CDD (BASE 65) ]
TOTAL THIS MO.     0
DPTR FM NORMAL     0    [PRESSURE DATA]
TOTAL FM JAN 1     0    HIGHEST SLP M ON M
DPTR FM NORMAL     0    LOWEST  SLP 29.51 ON 15

[REMARKS]
#FINAL-02-15#
