000
CXUS51 KBTV 250700
CF6SLK
PRELIMINARY LOCAL CLIMATOLOGICAL DATA (WS FORM: F-6)

                                          STATION:   SARANAC LAKE NY
                                          MONTH:     JULY
                                          YEAR:      2017
                                          LATITUDE:   44 23 N
                                          LONGITUDE:  74 12 W

  TEMPERATURE IN F:       :PCPN:    SNOW:  WIND      :SUNSHINE: SKY     :PK WND
================================================================================
1   2   3   4   5  6A  6B    7    8   9   10  11  12  13   14  15   16   17  18
                                     12Z  AVG MX 2MIN
DY MAX MIN AVG DEP HDD CDD  WTR  SNW DPTH SPD SPD DIR MIN PSBL S-S WX    SPD DR
================================================================================

 1  72  56  64   1   1   0 0.16  0.0    0  5.3 15 220   M    M   9 12     19 220
 2  75  59  67   4   0   2 0.08  0.0    0  8.4 18 220   M    M   7 1      25 270
 3  72  53  63   0   2   0 0.01  0.0    0  6.0 14 250   M    M   7 1      21 270
 4  74  45  60  -3   5   0 0.00  0.0    0  2.3 13  30   M    M   5 12     20  10
 5  79  38  59  -5   6   0 0.00  0.0    0  3.6 13 220   M    M   1 1      19 200
 6  76  51  64   0   1   0 0.00  0.0    0  9.1 22 210   M    M   5        28 210
 7  79  56  68   4   0   3 0.00  0.0    0  6.1 12 220   M    M   6 13     17 240
 8  69  54  62  -2   3   0 0.73  0.0    0  4.5 13 220   M    M   7 123    20 330
 9  71  51  61  -3   4   0 0.01  0.0    0  9.2 18 240   M    M   6 12     28 220
10  75  56  66   2   0   1    T  0.0    0  6.0 17 220   M    M   6        24 240
11  79  58  69   5   0   4    T  0.0    0  5.8 14 220   M    M   5 1      18 220
12  76  53  65   1   0   0 0.00  0.0    0  5.4 16  60   M    M   6 12     22  50
13  62  54  58  -6   7   0    T  0.0    0  7.0 14  50   M    M  10 1      17  60
14  75  57  66   2   0   1    T  0.0    0  5.4 13 210   M    M  10 123    17 230
15  75  59  67   3   0   2    T  0.0    0  4.4 10 280   M    M   7 1      16 280
16  77  53  65   1   0   0    T  0.0    0  3.8 13 240   M    M   5 1      20 310
17  72  52  62  -2   3   0 1.13  0.0    0  2.3 17 220   M    M   6 123    25 200
18  81  53  67   3   0   2 0.00  0.0    0  3.8 13 240   M    M   4 1      22 220
19  79  50  65   1   0   0 0.00  0.0    0  4.6 14 240   M    M   5 12     21 240
20  79  47  63  -1   2   0 0.00  0.0    0  4.8 15 230   M    M   2 12     21 220
21  79  44  62  -2   3   0 0.00  0.0    0  5.8 16 240   M    M   4 1      24 250
22  80  49  65   1   0   0 0.00  0.0    0  2.6 12 240   M    M   3 12     19 280
23  72  47  60  -3   5   0 0.01    M    0  6.1 13  60   M    M   6 1      18  50
24  63  54  59  -4   6   0 1.24  0.0    0  4.5 17 100   M    M   9 13     23 110
================================================================================
SM 1791 1249        48  15  3.37     0.0 126.8          M      141
================================================================================
AV 74.6 52.0                               5.3 FASTST   M    M   6    MAX(MPH)
                                 MISC ---->  # 22 210               # 28  210
================================================================================
NOTES:
# LAST OF SEVERAL OCCURRENCES

COLUMN 17 PEAK WIND IN M.P.H.

PRELIMINARY LOCAL CLIMATOLOGICAL DATA (WS FORM: F-6) , PAGE 2

                                          STATION:  SARANAC LAKE NY
                                          MONTH:    JULY
                                          YEAR:     2017
                                          LATITUDE:   44 23 N
                                          LONGITUDE:  74 12 W

[TEMPERATURE DATA]      [PRECIPITATION DATA]       SYMBOLS USED IN COLUMN 16

AVERAGE MONTHLY: 63.3   TOTAL FOR MONTH:   3.37    1 = FOG OR MIST
DPTR FM NORMAL:  -0.4   DPTR FM NORMAL:    0.12    2 = FOG REDUCING VISIBILITY
HIGHEST:    81 ON 18    GRTST 24HR  1.24 ON 24-24      TO 1/4 MILE OR LESS
LOWEST:     38 ON  5                               3 = THUNDER
                        SNOW, ICE PELLETS, HAIL    4 = ICE PELLETS
                        TOTAL MONTH:   0.0 INCH    5 = HAIL
                        GRTST 24HR     0.0         6 = FREEZING RAIN OR DRIZZLE
                        GRTST DEPTH:   0           7 = DUSTSTORM OR SANDSTORM:
                                                       VSBY 1/2 MILE OR LESS
                                                   8 = SMOKE OR HAZE
[NO. OF DAYS WITH]      [WEATHER - DAYS WITH]      9 = BLOWING SNOW
                                                   X = TORNADO
MAX 32 OR BELOW:   0    0.01 INCH OR MORE:   8
MAX 90 OR ABOVE:   0    0.10 INCH OR MORE:   4
MIN 32 OR BELOW:   0    0.50 INCH OR MORE:   3
MIN  0 OR BELOW:   0    1.00 INCH OR MORE:   2

[HDD (BASE 65) ]
TOTAL THIS MO.    48    CLEAR  (SCALE 0-3)   2
DPTR FM NORMAL   -24    PTCLDY (SCALE 4-7)  18
TOTAL FM JUL 1    48    CLOUDY (SCALE 8-10)  4
DPTR FM NORMAL   -24

[CDD (BASE 65) ]
TOTAL THIS MO.    15
DPTR FM NORMAL   -24    [PRESSURE DATA]
TOTAL FM JAN 1    39    HIGHEST SLP M ON M
DPTR FM NORMAL   -29    LOWEST  SLP 29.66 ON  8

[REMARKS]
