000
CXUS51 KBTV 240700
CF6SLK
PRELIMINARY LOCAL CLIMATOLOGICAL DATA (WS FORM: F-6)

                                          STATION:   SARANAC LAKE NY
                                          MONTH:     JANUARY
                                          YEAR:      2017
                                          LATITUDE:   44 23 N
                                          LONGITUDE:  74 12 W

  TEMPERATURE IN F:       :PCPN:    SNOW:  WIND      :SUNSHINE: SKY     :PK WND
================================================================================
1   2   3   4   5  6A  6B    7    8   9   10  11  12  13   14  15   16   17  18
                                     12Z  AVG MX 2MIN
DY MAX MIN AVG DEP HDD CDD  WTR  SNW DPTH SPD SPD DIR MIN PSBL S-S WX    SPD DR
================================================================================

 1  32   5  19   5  46   0 0.01    M    0  7.5 20 240   M    M   7 1      37 240
 2  41   0  21   7  44   0 0.00  0.0    0  1.2  6  40   M    M   1         8 240
 3  40  27  34  20  31   0 0.35    M    0  3.8 15 160   M    M  10 1      21 160
 4  35  17  26  12  39   0 0.13    M    0  8.1 20 240   M    M  10 128    36 250
 5  19  15  17   3  48   0    T    M    0 12.8 22 250   M    M  10 18     36 230
 6  17  -1   8  -6  57   0    T    M    0  4.7 13 220   M    M   7 18     15 220
 7  17 -12   3 -11  62   0 0.00  0.0    0  0.8 10  30   M    M   2 8      13  30
 8  11 -18  -3 -17  68   0    T    M    0  3.7 12 300   M    M   8 18     20 300
 9  14 -21  -3 -17  68   0 0.00  0.0    0  5.5 16 220   M    M   5 18     23 220
10  34   4  19   6  46   0 0.02    M    0  8.4 28 210   M    M   8 6      35 210
11  45  30  38  25  27   0 0.06    M    0 16.1 32 230   M    M   6 16     48 230
12  48  34  41  28  24   0 0.51    M    0 12.9 25 200   M    M   7 1      34 190
13  34   1  18   5  47   0    T    M    0  9.1 22 250   M    M   5 8      33 250
14  21  -8   7  -6  58   0 0.00  0.0    0  3.9 12 260   M    M   6        22 240
15  22   1  12  -1  53   0    T    M    0  4.4 13 250   M    M   6 8      20 240
16  35   0  18   5  47   0 0.00    M    0  6.9 20 220   M    M   3        26 240
17  34   6  20   7  45   0 0.11    M    0  4.9 13 140   M    M   4 168    18 120
18  34  32  33  20  32   0 0.15    M    0  6.0 14 250   M    M  10 16     18 240
19  33  28  31  18  34   0 0.05    M    0  4.0 12 250   M    M  10 1      18 270
20  35  30  33  20  32   0    T    M    0  2.0  8  50   M    M  10 1       9  50
21  39  33  36  23  29   0 0.00  0.0    0  3.9 10 240   M    M  10 12     18 230
22  36  30  33  20  32   0 0.00  0.0    0  7.8 16  60   M    M  10 12     19  40
23  35  28  32  19  33   0 0.01    M    0  9.2 16  60   M    M   7        21  50
================================================================================
SM  711  261      1002   0  1.40     0.0 147.6          M      162
================================================================================
AV 30.9 11.4                               6.4 FASTST   M    M   7    MAX(MPH)
                                 MISC ---->  # 32 230               # 48  230
================================================================================
NOTES:
# LAST OF SEVERAL OCCURRENCES

COLUMN 17 PEAK WIND IN M.P.H.

PRELIMINARY LOCAL CLIMATOLOGICAL DATA (WS FORM: F-6) , PAGE 2

                                          STATION:  SARANAC LAKE NY
                                          MONTH:    JANUARY
                                          YEAR:     2017
                                          LATITUDE:   44 23 N
                                          LONGITUDE:  74 12 W

[TEMPERATURE DATA]      [PRECIPITATION DATA]       SYMBOLS USED IN COLUMN 16

AVERAGE MONTHLY: 21.1   TOTAL FOR MONTH:   1.40    1 = FOG OR MIST
DPTR FM NORMAL:   7.7   DPTR FM NORMAL:   -0.15    2 = FOG REDUCING VISIBILITY
HIGHEST:    48 ON 12    GRTST 24HR  0.51 ON 12-12      TO 1/4 MILE OR LESS
LOWEST:    -21 ON  9                               3 = THUNDER
                        SNOW, ICE PELLETS, HAIL    4 = ICE PELLETS
                        TOTAL MONTH:   0.0 INCH    5 = HAIL
                        GRTST 24HR     0.0         6 = FREEZING RAIN OR DRIZZLE
                        GRTST DEPTH:   0           7 = DUSTSTORM OR SANDSTORM:
                                                       VSBY 1/2 MILE OR LESS
                                                   8 = SMOKE OR HAZE
[NO. OF DAYS WITH]      [WEATHER - DAYS WITH]      9 = BLOWING SNOW
                                                   X = TORNADO
MAX 32 OR BELOW:   8    0.01 INCH OR MORE:  10
MAX 90 OR ABOVE:   0    0.10 INCH OR MORE:   5
MIN 32 OR BELOW:  21    0.50 INCH OR MORE:   1
MIN  0 OR BELOW:   7    1.00 INCH OR MORE:   0

[HDD (BASE 65) ]
TOTAL THIS MO.  1002    CLEAR  (SCALE 0-3)   3
DPTR FM NORMAL  -185    PTCLDY (SCALE 4-7)  11
TOTAL FM JUL 1  4202    CLOUDY (SCALE 8-10)  9
DPTR FM NORMAL  -684

[CDD (BASE 65) ]
TOTAL THIS MO.     0
DPTR FM NORMAL     0    [PRESSURE DATA]
TOTAL FM JAN 1     0    HIGHEST SLP M ON M
DPTR FM NORMAL     0    LOWEST  SLP 29.52 ON  3

[REMARKS]
