000
CXUS53 KICT 230800
CF6SLN
PRELIMINARY LOCAL CLIMATOLOGICAL DATA (WS FORM: F-6)

                                          STATION:   SALINA KS
                                          MONTH:     JULY
                                          YEAR:      2017
                                          LATITUDE:   38 47 N
                                          LONGITUDE:  97 39 W

  TEMPERATURE IN F:       :PCPN:    SNOW:  WIND      :SUNSHINE: SKY     :PK WND
================================================================================
1   2   3   4   5  6A  6B    7    8   9   10  11  12  13   14  15   16   17  18
                                     12Z  AVG MX 2MIN
DY MAX MIN AVG DEP HDD CDD  WTR  SNW DPTH SPD SPD DIR MIN PSBL S-S WX    SPD DR
================================================================================

 1  93  56  75  -5   0  10 0.00    M    M  6.4 18 220   M    M   0        22 140
 2  93  66  80   0   0  15 0.02    M    M 10.0 26 200   M    M   2 3      33 200
 3  94  72  83   3   0  18    T    M    M  9.2 24 310   M    M   1 3      30 310
 4  91  72  82   2   0  17 0.00    M    M  7.7 16 130   M    M   1        21  90
 5  93  66  80  -1   0  15 0.00    M    M  3.7 10  50   M    M   0        14  70
 6 101  63  82   1   0  17 0.00    M    M  7.0 15 160   M    M   0        23 200
 7  95  74  85   4   0  20    T    M    M 10.0 20  30   M    M   0        24  30
 8  96  63  80  -1   0  15 0.00    M    M  6.9 17 160   M    M   0        20 150
 9 101  69  85   4   0  20 0.00    M    M 11.6 23 170   M    M   0        30 200
10 105  75  90   9   0  25 0.00    M    M 13.3 22 190   M    M   0        28 200
11 107  78  93  12   0  28 0.00    M    M 16.2 29 200   M    M   0        37 210
12 106  81  94  13   0  29 0.00    M    M 16.3 24 200   M    M   0        31 200
13  99  75  87   6   0  22 0.00    M    M 10.3 28 360   M    M   3        32  70
14  94  73  84   3   0  19 0.00    M    M  6.3 12 140   M    M   4        15 140
15  97  73  85   4   0  20 0.00    M    M  6.2 15 120   M    M   2        20 120
16  98  74  86   4   0  21 0.00    M    M  6.5 15 160   M    M   1        20 170
17 101  68  85   3   0  20 0.00    M    M 12.4 22 160   M    M   1        29 150
18 103  79  91   9   0  26 0.00    M    M 17.0 28 200   M    M   2 3      39 160
19 105  77  91   9   0  26 0.38    M    M 15.4 26 200   M    M   1 3      33 210
20 108  80  94  12   0  29 0.00    M    M 15.0 23 210   M    M   0        30 160
21 110  81  96  14   0  31 0.00    M    M 16.7 29 200   M    M   0        36 190
22 111  74  93  11   0  28 0.43    M    M 11.3 38 340   M    M   2 3      46 340
================================================================================
SM 2201 1589         0 471  0.83    M    235.4          M       20
================================================================================
AV100.1 72.2                              10.7 FASTST   M    M   1    MAX(MPH)
                                 MISC ---->  # 38 340               # 46  340
================================================================================
NOTES:
# LAST OF SEVERAL OCCURRENCES

COLUMN 17 PEAK WIND IN M.P.H.

PRELIMINARY LOCAL CLIMATOLOGICAL DATA (WS FORM: F-6) , PAGE 2

                                          STATION:  SALINA KS
                                          MONTH:    JULY
                                          YEAR:     2017
                                          LATITUDE:   38 47 N
                                          LONGITUDE:  97 39 W

[TEMPERATURE DATA]      [PRECIPITATION DATA]       SYMBOLS USED IN COLUMN 16

AVERAGE MONTHLY: 86.1   TOTAL FOR MONTH:   0.83    1 = FOG OR MIST
DPTR FM NORMAL:   5.0   DPTR FM NORMAL:   -2.34    2 = FOG REDUCING VISIBILITY
HIGHEST:   111 ON 22    GRTST 24HR  0.43 ON 22-22      TO 1/4 MILE OR LESS
LOWEST:     56 ON  1                               3 = THUNDER
                        SNOW, ICE PELLETS, HAIL    4 = ICE PELLETS
                        TOTAL MONTH:    M          5 = HAIL
                        GRTST 24HR    M  ON   M    6 = FREEZING RAIN OR DRIZZLE
                        GRTST DEPTH:  M  ON   M    7 = DUSTSTORM OR SANDSTORM:
                                                       VSBY 1/2 MILE OR LESS
                                                   8 = SMOKE OR HAZE
[NO. OF DAYS WITH]      [WEATHER - DAYS WITH]      9 = BLOWING SNOW
                                                   X = TORNADO
MAX 32 OR BELOW:   0    0.01 INCH OR MORE:   3
MAX 90 OR ABOVE:  22    0.10 INCH OR MORE:   2
MIN 32 OR BELOW:   0    0.50 INCH OR MORE:   0
MIN  0 OR BELOW:   0    1.00 INCH OR MORE:   0

[HDD (BASE 65) ]
TOTAL THIS MO.     0    CLEAR  (SCALE 0-3)  21
DPTR FM NORMAL     0    PTCLDY (SCALE 4-7)   1
TOTAL FM JUL 1     0    CLOUDY (SCALE 8-10)  0
DPTR FM NORMAL     0

[CDD (BASE 65) ]
TOTAL THIS MO.   471
DPTR FM NORMAL   120    [PRESSURE DATA]
TOTAL FM JAN 1  1065    HIGHEST SLP M ON M
DPTR FM NORMAL   261    LOWEST  SLP 29.70 ON 22

[REMARKS]
