000
CXUS55 KLOX 211655
CF6SMO
PRELIMINARY LOCAL CLIMATOLOGICAL DATA (WS FORM: F-6)

                                          STATION:   SANTA MONICA AIRPORT CA
                                          MONTH:     AUGUST
                                          YEAR:      2014
                                          LATITUDE:   34  0 N
                                          LONGITUDE: 118 27 W

  TEMPERATURE IN F:       :PCPN:    SNOW:  WIND      :SUNSHINE: SKY     :PK WND
================================================================================
1   2   3   4   5  6A  6B    7    8   9   10  11  12  13   14  15   16   17  18
                                     12Z  AVG MX 2MIN
DY MAX MIN AVG DEP HDD CDD  WTR  SNW DPTH SPD SPD DIR MIN PSBL S-S WX    SPD DR
================================================================================

 1  77  64  71   1   0   6 0.00  0.0    0  4.6 13 210   M    M   4 1      16 220
 2  79  64  72   2   0   7 0.02  0.0    0  3.4 13 210   M    M   4 18     15 240
 3  78  70  74   4   0   9 0.01  0.0    0  3.9 12 100   M    M   6 1      14  90
 4  80  64  72   2   0   7 0.00  0.0    0  4.6 12 210   M    M   0        15 220
 5  74  62  68  -2   0   3 0.00  0.0    0  5.2 13 240   M    M   3        18 240
 6  73  63  68  -1   0   3 0.00  0.0    0  6.1 12 240   M    M   5        17 230
 7  76  65  71   2   0   6 0.00  0.0    0  5.0 12 240   M    M   3         M  M
 8  76  63  70   1   0   5 0.00  0.0    M  5.9 13 240   M    M   6        20 240
 9  76  66  71   2   0   6 0.00  0.0    0  4.9 14 230   M    M   8 8      21 240
10  76  65  71   2   0   6 0.00  0.0    0  4.2 13 230   M    M   5 18     17 220
11  76  65  71   2   0   6 0.00  0.0    0  5.3 14 240   M    M   3        20 230
12  79  66  73   4   0   8 0.00  0.0    0  5.0 15 240   M    M   2        20 240
13  76  65  71   2   0   6 0.00  0.0    0  4.3 15 230   M    M   5        21 230
14  76  66  71   2   0   6 0.00  0.0    0  4.3 12 240   M    M   4        17 240
15  79  63  71   2   0   6 0.00  0.0    0  4.0 12 230   M    M   2        15 240
16  81  65  73   4   0   8 0.00  0.0    0  3.8 14 230   M    M   0        18 230
17  80  65  73   4   0   8 0.00  0.0    0  4.0 13 230   M    M   0        17 220
18  77  64  71   2   0   6 0.00  0.0    0  3.7 13 220   M    M   0        15 220
19  79  68  74   5   0   9 0.00  0.0    0  5.5 13 230   M    M   8        16 230
20  78  68  73   4   0   8 0.00  0.0    0  5.2 14 210   M    M   3        20 210
================================================================================
SM 1546 1301         0 129  0.03     0.0  92.9          M       71
================================================================================
AV 77.3 65.1                               4.6 FASTST   M    M   4    MAX(MPH)
                                 MISC ---->  # 15 240               # 21  240
================================================================================
NOTES:
# LAST OF SEVERAL OCCURRENCES

COLUMN 17 PEAK WIND IN M.P.H.

PRELIMINARY LOCAL CLIMATOLOGICAL DATA (WS FORM: F-6) , PAGE 2

                                          STATION:  SANTA MONICA AIRPORT CA
                                          MONTH:    AUGUST
                                          YEAR:     2014
                                          LATITUDE:   34  0 N
                                          LONGITUDE: 118 27 W

[TEMPERATURE DATA]      [PRECIPITATION DATA]       SYMBOLS USED IN COLUMN 16

AVERAGE MONTHLY: 71.2   TOTAL FOR MONTH:   0.03    1 = FOG OR MIST
DPTR FM NORMAL:   1.9   DPTR FM NORMAL:   -0.02    2 = FOG REDUCING VISIBILITY
HIGHEST:    81 ON 16    GRTST 24HR  0.03 ON  2- 3      TO 1/4 MILE OR LESS
LOWEST:     62 ON  5                               3 = THUNDER
                        SNOW, ICE PELLETS, HAIL    4 = ICE PELLETS
                        TOTAL MONTH:   0.0 INCH    5 = HAIL
                        GRTST 24HR     0.0         6 = FREEZING RAIN OR DRIZZLE
                        GRTST DEPTH:   0           7 = DUSTSTORM OR SANDSTORM:
                                                       VSBY 1/2 MILE OR LESS
                                                   8 = SMOKE OR HAZE
[NO. OF DAYS WITH]      [WEATHER - DAYS WITH]      9 = BLOWING SNOW
                                                   X = TORNADO
MAX 32 OR BELOW:   0    0.01 INCH OR MORE:   2
MAX 90 OR ABOVE:   0    0.10 INCH OR MORE:   0
MIN 32 OR BELOW:   0    0.50 INCH OR MORE:   0
MIN  0 OR BELOW:   0    1.00 INCH OR MORE:   0

[HDD (BASE 65) ]
TOTAL THIS MO.     0    CLEAR  (SCALE 0-3)   8
DPTR FM NORMAL     0    PTCLDY (SCALE 4-7)  11
TOTAL FM JUL 1     0    CLOUDY (SCALE 8-10)  1
DPTR FM NORMAL    -4

[CDD (BASE 65) ]
TOTAL THIS MO.   129
DPTR FM NORMAL    42    [PRESSURE DATA]
TOTAL FM JAN 1   758    HIGHEST SLP M ON M
DPTR FM NORMAL   485    LOWEST  SLP 29.74 ON 18

[REMARKS]
