000
CXAK56 PAFC 281007
CF6SNP
PRELIMINARY LOCAL CLIMATOLOGICAL DATA (WS FORM: F-6)
STATION: SAINT PAUL ISLAND
MONTH: MARCH
YEAR: 2024
LATITUDE: 57 9 N
LONGITUDE: 170 13 W
TEMPERATURE IN F: :PCPN: SNOW: WIND :SUNSHINE: SKY :PK WND
================================================================================
1 2 3 4 5 6A 6B 7 8 9 10 11 12 13 14 15 16 17 18
12Z AVG MX 2MIN
DY MAX MIN AVG DEP HDD CDD WTR SNW DPTH SPD SPD DIR MIN PSBL S-S WX SPD DR
================================================================================
1 33 24 29 4 36 0 0.26 M M 37.2 45 110 M M 10 1268 63 110
2 35 33 34 9 31 0 0.27 M M 19.4 40 110 M M 10 12 53 100
3 37 32 35 10 30 0 0.14 M M 16.1 28 240 M M 8 128 37 250
4 35 28 32 7 33 0 0.02 M M 19.2 37 190 M M 6 18 50 200
5 35 30 33 8 32 0 T M M 13.2 28 260 M M 7 18 34 260
6 33 26 30 5 35 0 0.01 M M 13.9 29 340 M M 9 18 35 340
7 30 23 27 2 38 0 0.00 M M 15.9 28 330 M M 7 8 33 320
8 26 20 23 -2 42 0 0.00 M M 16.1 25 80 M M 7 32 80
9 21 17 19 -6 46 0 T M M 16.2 24 60 M M 10 8 30 70
10 18 13 16 -9 49 0 T M M 18.8 29 40 M M 8 8 35 40
11 18 13 16 -9 49 0 0.00 M M 16.6 23 30 M M 1 8 31 20
12 17 13 15 -10 50 0 0.00 M M 19.2 24 40 M M 1 8 32 30
13 17 13 15 -10 50 0 T M M 18.1 25 360 M M 9 8 32 20
14 18 12 15 -10 50 0 T M M 12.9 18 10 M M 8 24 360
15 19 14 17 -8 48 0 T M M 15.3 21 40 M M 9 28 20
16 16 13 15 -10 50 0 T M M 17.3 23 10 M M 10 29 360
17 19 12 16 -9 49 0 T M M 6.4 17 10 M M 10 21 10
18 36 17 27 2 38 0 0.24 M M 19.7 38 70 M M 10 53 60
19 37 32 35 10 30 0 0.24 M M 20.6 29 230 M M 10 39 230
20 37 31 34 9 31 0 0.02 M M 17.2 29 140 M M 8 37 190
21 32 23 28 3 37 0 0.03 M M 16.4 32 350 M M 7 41 350
22 34 24 29 4 36 0 0.00 M M 13.6 28 50 M M 8 18 33 60
23 31 27 29 4 36 0 T M M 31.5 43 10 M M 10 128 53 360
24 27 18 23 -2 42 0 T M M 31.6 40 360 M M 10 19 53 10
25 26 17 22 -4 43 0 0.03 M M 11.8 26 320 M M 9 18 34 330
26 33 19 26 0 39 0 0.08 M M 12.7 26 200 M M 8 128 35 210
27 34 27 31 5 34 0 0.19 M M 14.8 31 210 M M 9 128 40 200
================================================================================
SM 754 571 1084 0 1.53 M 481.7 M 219
================================================================================
AV 27.9 21.1 17.8 FASTST M M 8 MAX(MPH)
MISC ----> 45 110 63 110
================================================================================
NOTES:
# LAST OF SEVERAL OCCURRENCES
COLUMN 17 PEAK WIND IN M.P.H.
PRELIMINARY LOCAL CLIMATOLOGICAL DATA (WS FORM: F-6) , PAGE 2
STATION: SAINT PAUL ISLAND
MONTH: MARCH
YEAR: 2024
LATITUDE: 57 9 N
LONGITUDE: 170 13 W
[TEMPERATURE DATA] [PRECIPITATION DATA] SYMBOLS USED IN COLUMN 16
AVERAGE MONTHLY: 24.5 TOTAL FOR MONTH: 1.53 1 = FOG OR MIST
DPTR FM NORMAL: -0.6 DPTR FM NORMAL: 0.40 2 = FOG REDUCING VISIBILITY
HIGHEST: 37 ON 20,19 GRTST 24HR 0.43 ON 1- 2 TO 1/4 MILE OR LESS
LOWEST: 12 ON 17,14 3 = THUNDER
SNOW, ICE PELLETS, HAIL 4 = ICE PELLETS
TOTAL MONTH: M 5 = HAIL
GRTST 24HR M ON M 6 = FREEZING RAIN OR DRIZZLE
GRTST DEPTH: M ON M 7 = DUSTSTORM OR SANDSTORM:
VSBY 1/2 MILE OR LESS
8 = SMOKE OR HAZE
[NO. OF DAYS WITH] [WEATHER - DAYS WITH] 9 = BLOWING SNOW
X = TORNADO
MAX 32 OR BELOW: 15 0.01 INCH OR MORE: 12
MAX 90 OR ABOVE: 0 0.10 INCH OR MORE: 6
MIN 32 OR BELOW: 26 0.50 INCH OR MORE: 0
MIN 0 OR BELOW: 0 1.00 INCH OR MORE: 0
[HDD (BASE 65) ]
TOTAL THIS MO. 1084 CLEAR (SCALE 0-3) 2
DPTR FM NORMAL 6 PTCLDY (SCALE 4-7) 9
TOTAL FM JUL 1 7559 CLOUDY (SCALE 8-10) 16
DPTR FM NORMAL -285
[CDD (BASE 65) ]
TOTAL THIS MO. 0
DPTR FM NORMAL 0 [PRESSURE DATA]
TOTAL FM JAN 1 0 HIGHEST SLP M ON M
DPTR FM NORMAL 0 LOWEST SLP 29.11 ON 23
[REMARKS]