107
CXUS56 KMTR 231000
CF6SNS
PRELIMINARY LOCAL CLIMATOLOGICAL DATA (WS FORM: F-6)

                                          STATION:   SALINAS AIRPORT
                                          MONTH:     JANUARY
                                          YEAR:      2017
                                          LATITUDE:   36 40 N
                                          LONGITUDE: 121 36 W

  TEMPERATURE IN F:       :PCPN:    SNOW:  WIND      :SUNSHINE: SKY     :PK WND
================================================================================
1   2   3   4   5  6A  6B    7    8   9   10  11  12  13   14  15   16   17  18
                                     12Z  AVG MX 2MIN
DY MAX MIN AVG DEP HDD CDD  WTR  SNW DPTH SPD SPD DIR MIN PSBL S-S WX    SPD DR
================================================================================

 1  52  39  46  -5  19   0 0.01  0.0    0  7.7 20 260   M    M   8 18     24 260
 2  50  41  46  -5  19   0 0.02    M    0  9.2 18 110   M    M  10 18     22 110
 3  58  47  53   2  12   0 0.80    M    0 18.7 30 110   M    M  10 18     35 120
 4  60  52  56   5   9   0 0.87  0.0    0 10.9 28 110   M    M  10 1      33 120
 5  52  36  44  -7  21   0 0.00  0.0    0  7.8 18 250   M    M   4 1      22 240
 6  54  34  44  -7  21   0 0.00  0.0    0  9.8 24 110   M    M   2        28 120
 7  58  49  54   3  11   0 0.37  0.0    0 20.9 35 120   M    M  10 18     42 120
 8  63  56  60   9   5   0 0.77  0.0    0 18.3 38 110   M    M   9 138    48 110
 9  60  52  56   5   9   0 0.03  0.0    0  5.8 20 250   M    M   9 1      25 250
10  60  53  57   6   8   0 0.42  0.0    0 12.3 28 270   M    M  10 18     39 270
11  58  47  53   2  12   0 0.12    M    0  6.7 20 260   M    M   6 18     25 270
12  53  42  48  -3  17   0 0.19  0.0    0  6.9 17 250   M    M   8 1      22 250
13  57  36  47  -4  18   0 0.00  0.0    0  2.5 17 270   M    M   0        21 280
14  63  37  50  -1  15   0 0.00  0.0    0  4.6 15 270   M    M   0        19 310
15  59  35  47  -4  18   0 0.00  0.0    0  4.5 16 310   M    M   0 1      19 320
16  57  37  47  -4  18   0 0.00  0.0    0  8.4 17 100   M    M   0        20 100
17  60  40  50  -1  15   0 0.00  0.0    0  7.8 25  90   M    M   0 1      29  90
18  53  45  49  -2  16   0 0.21    M    0 16.8 41 110   M    M   8 18     50 110
19  57  45  51   0  14   0 0.18    M    0  7.0 15 120   M    M   8 18     19 110
20  57  44  51  -1  14   0 0.66    M    0 12.2 32 120   M    M   9 138    45 120
21  55  43  49  -3  16   0 0.19    M    0 12.0 31 110   M    M   8        39 100
22  57  46  52   0  13   0 0.90    M    0 12.7 41 110   M    M   9        51 100
================================================================================
SM 1253  956       320   0  5.74     0.0 223.5          M      138
================================================================================
AV 57.0 43.5                              10.2 FASTST   M    M   6    MAX(MPH)
                                 MISC ---->  # 41 110               # 51  100
================================================================================
NOTES:
# LAST OF SEVERAL OCCURRENCES

COLUMN 17 PEAK WIND IN M.P.H.

PRELIMINARY LOCAL CLIMATOLOGICAL DATA (WS FORM: F-6) , PAGE 2

                                          STATION:  SALINAS AIRPORT
                                          MONTH:    JANUARY
                                          YEAR:     2017
                                          LATITUDE:   36 40 N
                                          LONGITUDE: 121 36 W

[TEMPERATURE DATA]      [PRECIPITATION DATA]       SYMBOLS USED IN COLUMN 16

AVERAGE MONTHLY: 50.2   TOTAL FOR MONTH:   5.74    1 = FOG OR MIST
DPTR FM NORMAL:  -0.9   DPTR FM NORMAL:    3.92    2 = FOG REDUCING VISIBILITY
HIGHEST:    63 ON 14, 8 GRTST 24HR  1.65 ON  3- 4      TO 1/4 MILE OR LESS
LOWEST:     34 ON  6                               3 = THUNDER
                        SNOW, ICE PELLETS, HAIL    4 = ICE PELLETS
                        TOTAL MONTH:   0.0 INCH    5 = HAIL
                        GRTST 24HR     0.0         6 = FREEZING RAIN OR DRIZZLE
                        GRTST DEPTH:   0           7 = DUSTSTORM OR SANDSTORM:
                                                       VSBY 1/2 MILE OR LESS
                                                   8 = SMOKE OR HAZE
[NO. OF DAYS WITH]      [WEATHER - DAYS WITH]      9 = BLOWING SNOW
                                                   X = TORNADO
MAX 32 OR BELOW:   0    0.01 INCH OR MORE:  15
MAX 90 OR ABOVE:   0    0.10 INCH OR MORE:  12
MIN 32 OR BELOW:   0    0.50 INCH OR MORE:   5
MIN  0 OR BELOW:   0    1.00 INCH OR MORE:   0

[HDD (BASE 65) ]
TOTAL THIS MO.   320    CLEAR  (SCALE 0-3)   6
DPTR FM NORMAL    14    PTCLDY (SCALE 4-7)   6
TOTAL FM JUL 1  1335    CLOUDY (SCALE 8-10) 10
DPTR FM NORMAL   -24

[CDD (BASE 65) ]
TOTAL THIS MO.     0
DPTR FM NORMAL     0    [PRESSURE DATA]
TOTAL FM JAN 1     0    HIGHEST SLP M ON M
DPTR FM NORMAL     0    LOWEST  SLP 29.33 ON 20

[REMARKS]
