000
CXUS55 KPIH 171200
CF6SNT

PRELIMINARY LOCAL CLIMATOLOGICAL DATA (WS FORM: F-6)

                                          STATION:   STANLEY_ID
                                          MONTH:     JANUARY
                                          YEAR:      2018
                                          LATITUDE:   44 10 N
                                          LONGITUDE: 114 56 W

  TEMPERATURE IN F:       :PCPN:    SNOW:  WIND      :SUNSHINE: SKY     :PK WND
================================================================================
1   2   3   4   5  6A  6B    7    8   9   10  11  12  13   14  15   16   17  18
                                     12Z  AVG MX 2MIN
DY MAX MIN AVG DEP HDD CDD  WTR  SNW DPTH SPD SPD DIR MIN PSBL S-S WX    SPD DR
================================================================================

 1  26  -5  11  -3  54   0 0.00    M    M  0.3  5 170   M    M   0         7  80
 2  26  -9   9  -5  56   0 0.00    M    M  0.4  6 180   M    M   0         7 180
 3  27   0  14   0  51   0 0.00    M    M  0.5  6 180   M    M   0         6 180
 4  30   3  17   3  48   0 0.00    M    M  0.1  5 180   M    M   0         5 170
 5  37  23  30  16  35   0 0.01    M    M  0.8  8 360   M    M   0         9 360
 6  39  21  30  16  35   0 0.27    M    M  2.5 10 350   M    M   0        15 360
 7  36   8  22   8  43   0 0.00    M    M  1.7  8 360   M    M   0         9 350
 8  39  15  27  13  38   0 0.00    M    M  1.4 15 160   M    M   0        23 160
 9  40  34  37  23  28   0 0.27    M    M  8.7 18 150   M    M   0        28 170
10  35  11  23   9  42   0 0.05    M    M  5.4 16 350   M    M   0        24 300
11  38  10  24  10  41   0 0.53    M    M  4.2 23 300   M    M   0        45 330
12  40  21  31  17  34   0 0.00    M    M  2.9 12 320   M    M   0        17 280
13  42  15  29  15  36   0 0.00    M    M  2.6  7 140   M    M   0        10 160
14  29   9  19   5  46   0 0.00    M    M  2.3  8 100   M    M   0        10 120
15  28   6  17   3  48   0 0.00    M    M  1.5  6 150   M    M   0         7 360
16  31   6  19   5  46   0 0.00    M    M  1.5  8 100   M    M   0        10  90
================================================================================
SM  543  168       681   0  1.13    M     36.8          M        0
================================================================================
AV 33.9 10.5                               2.3 FASTST   M    M   0    MAX(MPH)
                                 MISC ---->  # 23 300               # 45  330
================================================================================
NOTES:
# LAST OF SEVERAL OCCURRENCES
PRECIPITATION SUSPECT DURING FREEZING/FROZEN EVENTS

COLUMN 17 PEAK WIND IN M.P.H.

PRELIMINARY LOCAL CLIMATOLOGICAL DATA (WS FORM: F-6) , PAGE 2

                                          STATION:  STANLEY_ID
                                          MONTH:    JANUARY
                                          YEAR:     2018
                                          LATITUDE:   44 10 N
                                          LONGITUDE: 114 56 W

[TEMPERATURE DATA]      [PRECIPITATION DATA]       SYMBOLS USED IN COLUMN 16

AVERAGE MONTHLY: 22.2   TOTAL FOR MONTH:   1.13    1 = FOG OR MIST
DPTR FM NORMAL:   8.2   DPTR FM NORMAL:    0.28    2 = FOG REDUCING VISIBILITY
HIGHEST:    42 ON 13    GRTST 24HR  0.53 ON 11-11      TO 1/4 MILE OR LESS
LOWEST:     -9 ON  2                               3 = THUNDER
                        SNOW, ICE PELLETS, HAIL    4 = ICE PELLETS
                        TOTAL MONTH:    M          5 = HAIL
                        GRTST 24HR    M  ON   M    6 = FREEZING RAIN OR DRIZZLE
                        GRTST DEPTH:  M  ON   M    7 = DUSTSTORM OR SANDSTORM:
                                                       VSBY 1/2 MILE OR LESS
                                                   8 = SMOKE OR HAZE
[NO. OF DAYS WITH]      [WEATHER - DAYS WITH]      9 = BLOWING SNOW
                                                   X = TORNADO
MAX 32 OR BELOW:   7    0.01 INCH OR MORE:   5
MAX 90 OR ABOVE:   0    0.10 INCH OR MORE:   3
MIN 32 OR BELOW:  15    0.50 INCH OR MORE:   1
MIN  0 OR BELOW:   3    1.00 INCH OR MORE:   0

[HDD (BASE 65) ]
TOTAL THIS MO.   681    CLEAR  (SCALE 0-3)  16
DPTR FM NORMAL  -135    PTCLDY (SCALE 4-7)   0
TOTAL FM JUL 1  4772    CLOUDY (SCALE 8-10)  0
DPTR FM NORMAL  -706

[CDD (BASE 65) ]
TOTAL THIS MO.     0
DPTR FM NORMAL     0    [PRESSURE DATA]
TOTAL FM JAN 1     0    HIGHEST SLP M ON M
DPTR FM NORMAL     0    LOWEST  SLP 29.57 ON 10

[REMARKS]
