000
CXUS55 KPUB 301059
CF6SPD
PRELIMINARY LOCAL CLIMATOLOGICAL DATA (WS FORM: F-6)

                                          STATION:   SPRINGFIELD CO
                                          MONTH:     AUGUST
                                          YEAR:      2015
                                          LATITUDE:   37 16 N
                                          LONGITUDE: 102 37 W

  TEMPERATURE IN F:       :PCPN:    SNOW:  WIND      :SUNSHINE: SKY     :PK WND
================================================================================
1   2   3   4   5  6A  6B    7    8   9   10  11  12  13   14  15   16   17  18
                                     12Z  AVG MX 2MIN
DY MAX MIN AVG DEP HDD CDD  WTR  SNW DPTH SPD SPD DIR MIN PSBL S-S WX    SPD DR
================================================================================

 1  90  62  76   0   0  11 0.00  0.0    0  7.6 20 150   M    M   0        23 150
 2  94  63  79   3   0  14 0.00  0.0    0  7.7 17  90   M    M   0        22  60
 3  89  63  76   0   0  11 0.01  0.0    0  9.0 25 320   M    M   0        35  50
 4  97  54  76   0   0  11 0.00  0.0    0  8.3 23 360   M    M   0        29 350
 5  90  60  75  -1   0  10 0.00  0.0    0 11.1 22 330   M    M   0        27 330
 6 102  64  83   7   0  18 0.00  0.0    0  9.4 24  90   M    M   0        30  90
 7  98  67  83   7   0  18 0.00  0.0    0 12.7 31 180   M    M   0        40 180
 8  97  64  81   6   0  16 0.00  0.0    0  8.7 30 300   M    M   0        36 300
 9  89  63  76   1   0  11 0.00  0.0    0  9.0 20  40   M    M   0        26  20
10  87  64  76   1   0  11 0.10  0.0    0 10.3 31 140   M    M   0        38 140
11  85  63  74  -1   0   9 0.00  0.0    0 11.5 24 170   M    M   0        31 150
12  95  64  80   5   0  15 0.00  0.0    0 11.8 23 190   M    M   0        27 190
13  96  60  78   3   0  13 0.00  0.0    0  9.4 32 270   M    M   0        43 270
14  92  65  79   4   0  14 0.00  0.0    0  8.9 21 300   M    M   0        28 300
15  93  66  80   5   0  15 0.00  0.0    0 14.6 24 170   M    M   0        31 170
16  94  62  78   4   0  13 0.04  0.0    0 10.6 35  10   M    M   0        41  10
17  86  61  74   0   0   9 0.89  0.0    0  8.6 48 330   M    M   0        62 330
18  78  56  67  -7   0   2 0.07  0.0    0 14.5 36 340   M    M   0        42 350
19  73  54  64 -10   1   0 0.00  0.0    0  9.1 17 190   M    M   0        22 190
20  86  53  70  -4   0   5 0.00  0.0    0 12.7 23 180   M    M   0        30 190
21  92  62  77   3   0  12 0.00  0.0    0 11.3 25 160   M    M   0        31 150
22  98  57  78   4   0  13 0.00  0.0    0 11.5 33  40   M    M   0        42  40
23  69  54  62 -11   3   0 0.00  0.0    0 11.8 24  10   M    M   0        30  20
24  89  51  70  -3   0   5 0.00  0.0    0  7.0 16 170   M    M   0        20 160
25  94  55  75   2   0  10 0.00  0.0    0  6.6 15 100   M    M   0        20 130
26  95  59  77   4   0  12 0.00  0.0    0 11.7 25 180   M    M   0        32 180
27  94  66  80   8   0  15 0.01  0.0    0  8.9 32 340   M    M   0        42 350
28  90  58  74   2   0   9 0.00  0.0    0  7.9 17 350   M    M   0        23 360
29  88  56  72   0   0   7 0.00  0.0    0  8.0 16 140   M    M   0        19 130
================================================================================
SM 2620 1746         4 309  1.12     0.0 290.2          M        0
================================================================================
AV 90.3 60.2                              10.0 FASTST   M    M   0    MAX(MPH)
                                 MISC ---->  # 48 330               # 62  330
================================================================================
NOTES:
# LAST OF SEVERAL OCCURRENCES

COLUMN 17 PEAK WIND IN M.P.H.

PRELIMINARY LOCAL CLIMATOLOGICAL DATA (WS FORM: F-6) , PAGE 2

                                          STATION:  SPRINGFIELD CO
                                          MONTH:    AUGUST
                                          YEAR:     2015
                                          LATITUDE:   37 16 N
                                          LONGITUDE: 102 37 W

[TEMPERATURE DATA]      [PRECIPITATION DATA]       SYMBOLS USED IN COLUMN 16

AVERAGE MONTHLY: 75.3   TOTAL FOR MONTH:   1.12    1 = FOG OR MIST
DPTR FM NORMAL:   0.9   DPTR FM NORMAL:   -1.59    2 = FOG REDUCING VISIBILITY
HIGHEST:   102 ON  6    GRTST 24HR  0.93 ON 16-17      TO 1/4 MILE OR LESS
LOWEST:     51 ON 24                               3 = THUNDER
                        SNOW, ICE PELLETS, HAIL    4 = ICE PELLETS
                        TOTAL MONTH:   0.0 INCH    5 = HAIL
                        GRTST 24HR     0.0         6 = FREEZING RAIN OR DRIZZLE
                        GRTST DEPTH:   0           7 = DUSTSTORM OR SANDSTORM:
                                                       VSBY 1/2 MILE OR LESS
                                                   8 = SMOKE OR HAZE
[NO. OF DAYS WITH]      [WEATHER - DAYS WITH]      9 = BLOWING SNOW
                                                   X = TORNADO
MAX 32 OR BELOW:   0    0.01 INCH OR MORE:   6
MAX 90 OR ABOVE:  18    0.10 INCH OR MORE:   2
MIN 32 OR BELOW:   0    0.50 INCH OR MORE:   1
MIN  0 OR BELOW:   0    1.00 INCH OR MORE:   0

[HDD (BASE 65) ]
TOTAL THIS MO.     4    CLEAR  (SCALE 0-3)  29
DPTR FM NORMAL     4    PTCLDY (SCALE 4-7)   0
TOTAL FM JUL 1     4    CLOUDY (SCALE 8-10)  0
DPTR FM NORMAL     2

[CDD (BASE 65) ]
TOTAL THIS MO.   309
DPTR FM NORMAL    33    [PRESSURE DATA]
TOTAL FM JAN 1   890    HIGHEST SLP M ON M
DPTR FM NORMAL     3    LOWEST  SLP 29.68 ON 18

[REMARKS]
