000
CXUS55 KPUB 301059
CF6SPD
PRELIMINARY LOCAL CLIMATOLOGICAL DATA (WS FORM: F-6)

                                          STATION:   SPRINGFIELD CO
                                          MONTH:     JULY
                                          YEAR:      2015
                                          LATITUDE:   37 16 N
                                          LONGITUDE: 102 37 W

  TEMPERATURE IN F:       :PCPN:    SNOW:  WIND      :SUNSHINE: SKY     :PK WND
================================================================================
1   2   3   4   5  6A  6B    7    8   9   10  11  12  13   14  15   16   17  18
                                     12Z  AVG MX 2MIN
DY MAX MIN AVG DEP HDD CDD  WTR  SNW DPTH SPD SPD DIR MIN PSBL S-S WX    SPD DR
================================================================================

 1  97  63  80   5   0  15 0.11  0.0    0 12.2 39 320   M    M   0        50 310
 2  87  62  75   0   0  10 0.00  0.0    0  9.3 24  10   M    M   0        28  10
 3  89  61  75  -1   0  10 0.00  0.0    0 10.1 25 150   M    M   0        32 150
 4  96  62  79   3   0  14 0.51  0.0    0 14.0 41 230   M    M   0        53 230
 5  93  63  78   2   0  13 0.00  0.0    0 16.3 28 190   M    M   0        37 190
 6  74  63  69  -7   0   4 0.08  0.0    0 16.3 28 350   M    M   0        33 340
 7  75  54  65 -11   0   0 0.00  0.0    0 10.6 16  50   M    M   0        20 100
 8  78  54  66 -10   0   1 0.03  0.0    0 11.4 29 140   M    M   0        34 140
 9  81  55  68  -8   0   3 0.07  0.0    0  9.0 41 180   M    M   0        53 180
10  91  60  76   0   0  11 0.00  0.0    0 12.2 25 190   M    M   0        31 200
11  95  62  79   3   0  14 0.00  0.0    0 13.6 24 230   M    M   0        33 220
12  99  61  80   4   0  15 0.00  0.0    0 10.1 26 320   M    M   0        34 310
13 100  63  82   6   0  17 0.00  0.0    0 10.2 26 330   M    M   0        32 340
14  95  62  79   3   0  14 1.11  0.0    0  8.7 40  10   M    M   0        52  10
15  90  61  76   0   0  11 0.22  0.0    0  9.2 29  10   M    M   0        36 350
16  89  60  75  -1   0  10 0.00  0.0    0  8.5 32 170   M    M   0        43 180
17  94  60  77   1   0  12 0.00  0.0    0  7.8 20 210   M    M   0        25 230
18  92  61  77   0   0  12 0.12  0.0    0  9.4 31 230   M    M   0        37 230
19  89  62  76   0   0  11 0.70  0.0    0  9.1 44 290   M    M   0        63 280
20  87  63  75  -1   0  10 0.06  0.0    0 10.5 22 320   M    M   0        27 320
21  80  61  71  -5   0   6 0.00  0.0    0  8.8 18 110   M    M   0        22 130
22  91  64  78   2   0  13 0.00  0.0    0  7.3 23 180   M    M   0        27 180
23  95  59  77   1   0  12 0.00  0.0    0  7.8 25 140   M    M   0        31 140
24  97  66  82   6   0  17 0.00  0.0    0  9.7 25 180   M    M   0        32 180
25  94  63  79   3   0  14 0.09  0.0    0  7.5 33 180   M    M   0        46 180
26  96  62  79   3   0  14 0.02  0.0    0 10.6 30 280   M    M   0        44 230
27  97  65  81   5   0  16 0.03  0.0    0 15.5 31 180   M    M   0        38 180
28  87  66  77   1   0  12 0.00  0.0    0 12.6 25  20   M    M   0        30  10
29  83  60  72  -4   0   7 0.00  0.0    0  9.4 21  90   M    M   0        26 100
================================================================================
SM 2611 1778         0 318  3.15     0.0 307.7          M        0
================================================================================
AV 90.0 61.3                              10.6 FASTST   M    M   0    MAX(MPH)
                                 MISC ---->  # 44 290               # 63  280
================================================================================
NOTES:
# LAST OF SEVERAL OCCURRENCES

COLUMN 17 PEAK WIND IN M.P.H.

PRELIMINARY LOCAL CLIMATOLOGICAL DATA (WS FORM: F-6) , PAGE 2

                                          STATION:  SPRINGFIELD CO
                                          MONTH:    JULY
                                          YEAR:     2015
                                          LATITUDE:   37 16 N
                                          LONGITUDE: 102 37 W

[TEMPERATURE DATA]      [PRECIPITATION DATA]       SYMBOLS USED IN COLUMN 16

AVERAGE MONTHLY: 75.7   TOTAL FOR MONTH:   3.15    1 = FOG OR MIST
DPTR FM NORMAL:  -0.3   DPTR FM NORMAL:    0.52    2 = FOG REDUCING VISIBILITY
HIGHEST:   100 ON 13    GRTST 24HR  1.11 ON 14-14      TO 1/4 MILE OR LESS
LOWEST:     54 ON  8, 7                            3 = THUNDER
                        SNOW, ICE PELLETS, HAIL    4 = ICE PELLETS
                        TOTAL MONTH:   0.0 INCH    5 = HAIL
                        GRTST 24HR     0.0         6 = FREEZING RAIN OR DRIZZLE
                        GRTST DEPTH:   0           7 = DUSTSTORM OR SANDSTORM:
                                                       VSBY 1/2 MILE OR LESS
                                                   8 = SMOKE OR HAZE
[NO. OF DAYS WITH]      [WEATHER - DAYS WITH]      9 = BLOWING SNOW
                                                   X = TORNADO
MAX 32 OR BELOW:   0    0.01 INCH OR MORE:  13
MAX 90 OR ABOVE:  17    0.10 INCH OR MORE:   6
MIN 32 OR BELOW:   0    0.50 INCH OR MORE:   3
MIN  0 OR BELOW:   0    1.00 INCH OR MORE:   1

[HDD (BASE 65) ]
TOTAL THIS MO.     0    CLEAR  (SCALE 0-3)  29
DPTR FM NORMAL     0    PTCLDY (SCALE 4-7)   0
TOTAL FM JUL 1     0    CLOUDY (SCALE 8-10)  0
DPTR FM NORMAL     0

[CDD (BASE 65) ]
TOTAL THIS MO.   318
DPTR FM NORMAL   -10    [PRESSURE DATA]
TOTAL FM JAN 1   566    HIGHEST SLP M ON M
DPTR FM NORMAL   -24    LOWEST  SLP 29.81 ON 27

[REMARKS]
