000
CXUS53 KILX 230900
CF6SPI
PRELIMINARY LOCAL CLIMATOLOGICAL DATA (WS FORM: F-6)

                                          STATION:   SPRINGFIELD IL
                                          MONTH:     AUGUST
                                          YEAR:      2017
                                          LATITUDE:   39 50 N
                                          LONGITUDE:  89 41 W

  TEMPERATURE IN F:       :PCPN:    SNOW:  WIND      :SUNSHINE: SKY     :PK WND
================================================================================
1   2   3   4   5  6A  6B    7    8   9   10  11  12  13   14  15   16   17  18
                                     12Z  AVG MX 2MIN
DY MAX MIN AVG DEP HDD CDD  WTR  SNW DPTH SPD SPD DIR MIN PSBL S-S WX    SPD DR
================================================================================

 1  86  65  76   1   0  11    T  0.0    0  2.6 17 360   M    M   3 13     22 350
 2  88  63  76   1   0  11 0.00  0.0    0  2.1  8  30   M    M   2 123    11  30
 3  88  65  77   2   0  12 0.11  0.0    0  6.9 23 250   M    M   2 13     32 290
 4  75  56  66  -9   0   1 0.00  0.0    0  9.2 23 310   M    M   2        30 310
 5  80  54  67  -8   0   2 0.00  0.0    0  5.3 13 160   M    M   1        18 160
 6  76  66  71  -4   0   6    T  0.0    0  5.1 10 100   M    M  10        13 160
 7  78  61  70  -5   0   5 0.00  0.0    0  4.1 14  20   M    M   6 1      18 350
 8  82  53  68  -7   0   3 0.00  0.0    0  4.4 16  70   M    M   0 12     23  80
 9  84  56  70  -5   0   5 0.00  0.0    0  3.3 12 210   M    M   0 1      16 130
10  88  61  75   0   0  10 0.56  0.0    0  5.7 24 330   M    M   2 13     30 320
11  83  60  72  -3   0   7 0.06  0.0    0  5.7 15 360   M    M   2 1      18 350
12  80  56  68  -7   0   3 0.00  0.0    0  5.1 15 350   M    M   1        19 310
13  81  54  68  -7   0   3 0.00  0.0    0  2.5  9 140   M    M   1 12     13 110
14  85  63  74  -1   0   9 0.00  0.0    0  3.7 13 200   M    M   6 1      17 180
15  90  66  78   3   0  13 0.00  0.0    0  4.3  9 130   M    M   1 1      12 140
16  86  70  78   4   0  13 0.02  0.0    0  8.4 22 180   M    M   3 1      28 170
17  84  67  76   2   0  11    T  0.0    0  9.3 23 190   M    M   4        32 180
18  87  62  75   1   0  10    T  0.0    0  6.5 13 200   M    M   0        17 260
19  90  64  77   3   0  12 0.00  0.0    0  4.3 10 100   M    M   1 1      13 130
20  92  66  79   5   0  14 0.00  0.0    0  3.6 13 160   M    M   0 1      19 150
21  86  70  78   4   0  13 0.01  0.0    0  6.2 22 330   M    M   1 13     28 330
22  82  60  71  -3   0   6 0.53  0.0    0  8.7 22 320   M    M   4 13     27 310
================================================================================
SM 1851 1358         0 180  1.29     0.0 117.0          M       52
================================================================================
AV 84.1 61.7                               5.3 FASTST   M    M   2    MAX(MPH)
                                 MISC ---->  # 24 330               # 32  290
================================================================================
NOTES:
# LAST OF SEVERAL OCCURRENCES

COLUMN 17 PEAK WIND IN M.P.H.

PRELIMINARY LOCAL CLIMATOLOGICAL DATA (WS FORM: F-6) , PAGE 2

                                          STATION:  SPRINGFIELD IL
                                          MONTH:    AUGUST
                                          YEAR:     2017
                                          LATITUDE:   39 50 N
                                          LONGITUDE:  89 41 W

[TEMPERATURE DATA]      [PRECIPITATION DATA]       SYMBOLS USED IN COLUMN 16

AVERAGE MONTHLY: 72.9   TOTAL FOR MONTH:   1.29    1 = FOG OR MIST
DPTR FM NORMAL:  -1.8   DPTR FM NORMAL:   -1.03    2 = FOG REDUCING VISIBILITY
HIGHEST:    92 ON 20    GRTST 24HR  0.56 ON 10-10      TO 1/4 MILE OR LESS
LOWEST:     53 ON  8                               3 = THUNDER
                        SNOW, ICE PELLETS, HAIL    4 = ICE PELLETS
                        TOTAL MONTH:   0.0 INCH    5 = HAIL
                        GRTST 24HR     0.0         6 = FREEZING RAIN OR DRIZZLE
                        GRTST DEPTH:   0           7 = DUSTSTORM OR SANDSTORM:
                                                       VSBY 1/2 MILE OR LESS
                                                   8 = SMOKE OR HAZE
[NO. OF DAYS WITH]      [WEATHER - DAYS WITH]      9 = BLOWING SNOW
                                                   X = TORNADO
MAX 32 OR BELOW:   0    0.01 INCH OR MORE:   6
MAX 90 OR ABOVE:   3    0.10 INCH OR MORE:   3
MIN 32 OR BELOW:   0    0.50 INCH OR MORE:   2
MIN  0 OR BELOW:   0    1.00 INCH OR MORE:   0

[HDD (BASE 65) ]
TOTAL THIS MO.     0    CLEAR  (SCALE 0-3)  17
DPTR FM NORMAL     0    PTCLDY (SCALE 4-7)   4
TOTAL FM JUL 1     0    CLOUDY (SCALE 8-10)  1
DPTR FM NORMAL    -1

[CDD (BASE 65) ]
TOTAL THIS MO.   180
DPTR FM NORMAL   -35    [PRESSURE DATA]
TOTAL FM JAN 1  1072    HIGHEST SLP M ON M
DPTR FM NORMAL   178    LOWEST  SLP 29.76 ON 17

[REMARKS]
