000
CXUS54 KLZK 211130
CF6SRC
PRELIMINARY LOCAL CLIMATOLOGICAL DATA (WS FORM: F-6)

                                          STATION:   Searcy Airport
                                          MONTH:     AUGUST
                                          YEAR:      2017
                                          LATITUDE:   35 12 N
                                          LONGITUDE:  91 44 W

  TEMPERATURE IN F:       :PCPN:    SNOW:  WIND      :SUNSHINE: SKY     :PK WND
================================================================================
1   2   3   4   5  6A  6B    7    8   9   10  11  12  13   14  15   16   17  18
                                     12Z  AVG MX 2MIN
DY MAX MIN AVG DEP HDD CDD  WTR  SNW DPTH SPD SPD DIR MIN PSBL S-S WX    SPD DR
================================================================================

 1  83  65  74  -8   0   9 0.01    M    M  2.2  7 310   M    M   4         M  M
 2  85  69  77  -5   0  12 0.32    M    M  2.7  8 190   M    M   6 1       M  M
 3  89  68  79  -3   0  14 0.00    M    M  2.7  9 170   M    M   4 1       M  M
 4  86  69  78  -4   0  13 0.00    M    M  4.4 12  10   M    M   2         M  M
 5  87  69  78  -3   0  13 0.00    M    M  6.3 10 130   M    M   5        16 130
 6  81  69  75  -6   0  10 0.12    M    M  4.1  7  50   M    M   0 3       M  M
 7  77  70  74  -7   0   9    T    M    M  7.3 10  20   M    M   0 128     M  M
 8  85  67  76  -5   0  11 0.00    M    M  5.8  7  30   M    M   0 1       M  M
 9  89  68  79  -2   0  14 0.00    M    M  4.3  5 350   M    M   0         M  M
10  87  67  77  -4   0  12 0.00    M    M  0.0  M   M   M    M   0 1       M  M
11   M   M   M   M   M   M 0.00    M    M   M   M   M   M    M   0 138     M  M
12   M   M   M   M   M   M 0.00  0.0    0   M   M   M   M    M   0 1       M  M
13  78  71  75  -6   0  10 0.15  0.0    0  6.0  8  50   M    M   8 1       M  M
14  83  72  78  -3   0  13 0.73  0.0    0  1.3  7 210   M    M   8 13      M  M
15   M   M   M   M   M   M 1.56    M    0  0.0  M   M   M    M   7 13      M  M
16   M   M   M   M   M   M 0.00  0.0    0   M   M   M   M    M   0         M  M
17   M   M   M   M   M   M 0.00  0.0    0   M   M   M   M    M   0         M  M
18  92  75  84   3   0  19 0.01  0.0    0  4.4  9 210   M    M   1 3       M  M
19  95  69  82   2   0  17 0.00  0.0    0  2.3  6 140   M    M   1 13      M  M
20  98  72  85   5   0  20 0.00  0.0    0  3.2 12  60   M    M   1 1       M  M
================================================================================
SM 1295 1040         0 196  2.90     0.0  57.0          M       47
================================================================================
AV 86.3 69.3                               3.6 FASTST   M    M   2    MAX(MPH)
                                 MISC ---->  # 12  10               # 16  130
================================================================================
NOTES:
# LAST OF SEVERAL OCCURRENCES

COLUMN 17 PEAK WIND IN M.P.H.

PRELIMINARY LOCAL CLIMATOLOGICAL DATA (WS FORM: F-6) , PAGE 2

                                          STATION:  Searcy Airport
                                          MONTH:    AUGUST
                                          YEAR:     2017
                                          LATITUDE:   35 12 N
                                          LONGITUDE:  91 44 W

[TEMPERATURE DATA]      [PRECIPITATION DATA]       SYMBOLS USED IN COLUMN 16

AVERAGE MONTHLY: 77.8   TOTAL FOR MONTH:   2.90    1 = FOG OR MIST
DPTR FM NORMAL:  -3.3   DPTR FM NORMAL:    1.15    2 = FOG REDUCING VISIBILITY
HIGHEST:    98 ON 20    GRTST 24HR  1.56 ON 15-15      TO 1/4 MILE OR LESS
LOWEST:     65 ON  1                               3 = THUNDER
                        SNOW, ICE PELLETS, HAIL    4 = ICE PELLETS
                        TOTAL MONTH:   0.0 INCH    5 = HAIL
                        GRTST 24HR     0.0         6 = FREEZING RAIN OR DRIZZLE
                        GRTST DEPTH:   0           7 = DUSTSTORM OR SANDSTORM:
                                                       VSBY 1/2 MILE OR LESS
                                                   8 = SMOKE OR HAZE
[NO. OF DAYS WITH]      [WEATHER - DAYS WITH]      9 = BLOWING SNOW
                                                   X = TORNADO
MAX 32 OR BELOW:   0    0.01 INCH OR MORE:   7
MAX 90 OR ABOVE:   3    0.10 INCH OR MORE:   5
MIN 32 OR BELOW:   0    0.50 INCH OR MORE:   2
MIN  0 OR BELOW:   0    1.00 INCH OR MORE:   1

[HDD (BASE 65) ]
TOTAL THIS MO.     0    CLEAR  (SCALE 0-3)  13
DPTR FM NORMAL     0    PTCLDY (SCALE 4-7)   7
TOTAL FM JUL 1     0    CLOUDY (SCALE 8-10)  0
DPTR FM NORMAL     0

[CDD (BASE 65) ]
TOTAL THIS MO.   196
DPTR FM NORMAL  -125    [PRESSURE DATA]
TOTAL FM JAN 1  1281    HIGHEST SLP M ON M
DPTR FM NORMAL  -159    LOWEST  SLP M ON M

[REMARKS]
