000
CXUS54 KLZK 221130
CF6SRC
PRELIMINARY LOCAL CLIMATOLOGICAL DATA (WS FORM: F-6)

                                          STATION:   Searcy Airport
                                          MONTH:     JANUARY
                                          YEAR:      2017
                                          LATITUDE:   35 12 N
                                          LONGITUDE:  91 44 W

  TEMPERATURE IN F:       :PCPN:    SNOW:  WIND      :SUNSHINE: SKY     :PK WND
================================================================================
1   2   3   4   5  6A  6B    7    8   9   10  11  12  13   14  15   16   17  18
                                     12Z  AVG MX 2MIN
DY MAX MIN AVG DEP HDD CDD  WTR  SNW DPTH SPD SPD DIR MIN PSBL S-S WX    SPD DR
================================================================================

 1  46  43  45   7  20   0 0.01    M    0  7.5 12  50   M    M  10 1       M  M
 2  58  45  52  14  13   0 0.26    M    0  3.9  9  60   M    M   9 123     M  M
 3  62  43  53  15  12   0 0.00  0.0    0  6.1 15 340   M    M  10 12     24 340
 4  43  27  35  -3  30   0 0.00  0.0    0  8.6 15  20   M    M   1        23 340
 5  35  27  31  -7  34   0    T    M    0  8.9 13  20   M    M  10         M  M
 6  27  17  22 -16  43   0 0.09    M    0  9.5 15  10   M    M   9 1      17 360
 7  35   5  20 -18  45   0 0.00  0.0    0  3.1 13 360   M    M   0         M  M
 8  30   9  20 -18  45   0 0.00  0.0    0  2.9 10 140   M    M   1         M  M
 9  45  14  30  -8  35   0 0.00  0.0    0  5.8 16 170   M    M   5        17 160
10  71  44  58  20   7   0    T  0.0    0  8.6 17 190   M    M   8 12     31 180
11  72  46  59  21   6   0 0.02  0.0    0 11.1 23 180   M    M  10 12     31 200
12   M   M   M   M   M   M 0.00  0.0    0 10.6 15  20   M    M  10        20 200
13  52  37  45   7  20   0 0.03  0.0    0 10.4 15  20   M    M  10 1      24  50
14  46  39  43   5  22   0 0.09  0.0    0  5.0 10  40   M    M  10 12      M  M
15   M   M   M   M   M   M    T  0.0    0  7.7 10  60   M    M  10 12      M  M
16  65  44  55  17  10   0 1.29  0.0    0  7.9 15 170   M    M  10 123     M  M
17  62  46  54  16  11   0    T    M    0  5.5 10 250   M    M   4         M  M
18  49  40  45   7  20   0    T    M    0  7.0 13  70   M    M   7 1       M  M
19   M   M   M   M   M   M 0.26    M    0  3.0  8  60   M    M  10 123     M  M
20  68  52  60  22   5   0 0.00  0.0    0  6.9 16 190   M    M   6 1      22 190
21  70  47  59  21   6   0 0.01    M    0  6.0 13 160   M    M   2         M  M
================================================================================
SM  936  625       384   0  2.06     0.0 146.0          M      152
================================================================================
AV 52.0 34.7                               7.0 FASTST   M    M   7    MAX(MPH)
                                 MISC ---->  # 23 180                 31    M
================================================================================
NOTES:
# LAST OF SEVERAL OCCURRENCES

COLUMN 17 PEAK WIND IN M.P.H.

PRELIMINARY LOCAL CLIMATOLOGICAL DATA (WS FORM: F-6) , PAGE 2

                                          STATION:  Searcy Airport
                                          MONTH:    JANUARY
                                          YEAR:     2017
                                          LATITUDE:   35 12 N
                                          LONGITUDE:  91 44 W

[TEMPERATURE DATA]      [PRECIPITATION DATA]       SYMBOLS USED IN COLUMN 16

AVERAGE MONTHLY: 43.4   TOTAL FOR MONTH:   2.06    1 = FOG OR MIST
DPTR FM NORMAL:   5.4   DPTR FM NORMAL:   -0.44    2 = FOG REDUCING VISIBILITY
HIGHEST:    72 ON 11    GRTST 24HR  1.29 ON 16-16      TO 1/4 MILE OR LESS
LOWEST:      5 ON  7                               3 = THUNDER
                        SNOW, ICE PELLETS, HAIL    4 = ICE PELLETS
                        TOTAL MONTH:   0.0 INCH    5 = HAIL
                        GRTST 24HR     0.0         6 = FREEZING RAIN OR DRIZZLE
                        GRTST DEPTH:   0           7 = DUSTSTORM OR SANDSTORM:
                                                       VSBY 1/2 MILE OR LESS
                                                   8 = SMOKE OR HAZE
[NO. OF DAYS WITH]      [WEATHER - DAYS WITH]      9 = BLOWING SNOW
                                                   X = TORNADO
MAX 32 OR BELOW:   2    0.01 INCH OR MORE:   9
MAX 90 OR ABOVE:   0    0.10 INCH OR MORE:   3
MIN 32 OR BELOW:   6    0.50 INCH OR MORE:   1
MIN  0 OR BELOW:   0    1.00 INCH OR MORE:   1

[HDD (BASE 65) ]
TOTAL THIS MO.   384    CLEAR  (SCALE 0-3)   4
DPTR FM NORMAL  -183    PTCLDY (SCALE 4-7)   4
TOTAL FM JUL 1  1433    CLOUDY (SCALE 8-10) 13
DPTR FM NORMAL  -543

[CDD (BASE 65) ]
TOTAL THIS MO.     0
DPTR FM NORMAL     0    [PRESSURE DATA]
TOTAL FM JAN 1     0    HIGHEST SLP M ON M
DPTR FM NORMAL     0    LOWEST  SLP M ON M

[REMARKS]
