000
CXUS55 KTBW 201000
CF6SRQ
PRELIMINARY LOCAL CLIMATOLOGICAL DATA (WS FORM: F-6)

                                          STATION:   Sarasota Bradenton
                                          MONTH:     JANUARY
                                          YEAR:      2017
                                          LATITUDE:   27 23 N
                                          LONGITUDE:  82 33 W

  TEMPERATURE IN F:       :PCPN:    SNOW:  WIND      :SUNSHINE: SKY     :PK WND
================================================================================
1   2   3   4   5  6A  6B    7    8   9   10  11  12  13   14  15   16   17  18
                                     12Z  AVG MX 2MIN
DY MAX MIN AVG DEP HDD CDD  WTR  SNW DPTH SPD SPD DIR MIN PSBL S-S WX    SPD DR
================================================================================

 1  81  56  69   8   0   4 0.00  0.0    0  9.0 20 190   M    M   2        24 190
 2  83  64  74  13   0   9 0.00  0.0    0  9.8 21 180   M    M   2        27 190
 3  78  65  72  11   0   7    T  0.0    0  8.7 17 190   M    M   5 128    21 190
 4  78  57  68   7   0   3 0.01  0.0    0  5.9 16 310   M    M   5 12     24  10
 5  73  56  65   4   0   0 0.00  0.0    0  4.0 10 230   M    M   4 12     21 310
 6  78  59  69   8   0   4 0.09  0.0    0  8.7 21 170   M    M   6 12     26 170
 7  73  40  57  -4   8   0 1.21  0.0    0 15.3 32 230   M    M   6 3      44 240
 8  56  36  46 -15  19   0 0.00  0.0    0 11.8 20  60   M    M   1        25  60
 9  69  40  55  -6  10   0 0.00  0.0    0  9.6 16  60   M    M   0        22  30
10  72  49  61   0   4   0 0.00  0.0    0  8.1 16  80   M    M   2        20  70
11  75  54  65   4   0   0 0.00  0.0    0  7.8 17 110   M    M   3        27  60
12  81  55  68   7   0   3 0.00  0.0    0  7.5 15 100   M    M   1        18 110
13  80  61  71  10   0   6 0.00  0.0    0  7.8 16  70   M    M   5        22  60
14  81  63  72  11   0   7 0.00  0.0    0  8.4 17  90   M    M   8 1      23 100
15  81  57  69   8   0   4 0.00  0.0    0  6.1 14 100   M    M   5        19 100
16  79  61  70   9   0   5    T  0.0    0  8.8 16 110   M    M   5        23 120
17  80  58  69   8   0   4 0.00  0.0    0  5.8 15 130   M    M   0        21 130
18  77  56  67   6   0   2    T  0.0    0  3.2 10 220   M    M   1 1      13 220
19  77  56  67   6   0   2 0.00  0.0    0  6.1 13 210   M    M   2 1      16 210
================================================================================
SM 1452 1043        41  60  1.31     0.0 152.4          M       63
================================================================================
AV 76.4 54.9                               8.0 FASTST   M    M   3    MAX(MPH)
                                 MISC ---->  # 32 230               # 44  240
================================================================================
NOTES:
# LAST OF SEVERAL OCCURRENCES

COLUMN 17 PEAK WIND IN M.P.H.

PRELIMINARY LOCAL CLIMATOLOGICAL DATA (WS FORM: F-6) , PAGE 2

                                          STATION:  Sarasota Bradenton
                                          MONTH:    JANUARY
                                          YEAR:     2017
                                          LATITUDE:   27 23 N
                                          LONGITUDE:  82 33 W

[TEMPERATURE DATA]      [PRECIPITATION DATA]       SYMBOLS USED IN COLUMN 16

AVERAGE MONTHLY: 65.7   TOTAL FOR MONTH:   1.31    1 = FOG OR MIST
DPTR FM NORMAL:   4.7   DPTR FM NORMAL:   -0.50    2 = FOG REDUCING VISIBILITY
HIGHEST:    83 ON  2    GRTST 24HR  1.30 ON  6- 7      TO 1/4 MILE OR LESS
LOWEST:     36 ON  8                               3 = THUNDER
                        SNOW, ICE PELLETS, HAIL    4 = ICE PELLETS
                        TOTAL MONTH:   0.0 INCH    5 = HAIL
                        GRTST 24HR     0.0         6 = FREEZING RAIN OR DRIZZLE
                        GRTST DEPTH:   0           7 = DUSTSTORM OR SANDSTORM:
                                                       VSBY 1/2 MILE OR LESS
                                                   8 = SMOKE OR HAZE
[NO. OF DAYS WITH]      [WEATHER - DAYS WITH]      9 = BLOWING SNOW
                                                   X = TORNADO
MAX 32 OR BELOW:   0    0.01 INCH OR MORE:   3
MAX 90 OR ABOVE:   0    0.10 INCH OR MORE:   1
MIN 32 OR BELOW:   0    0.50 INCH OR MORE:   1
MIN  0 OR BELOW:   0    1.00 INCH OR MORE:   1

[HDD (BASE 65) ]
TOTAL THIS MO.    41    CLEAR  (SCALE 0-3)   9
DPTR FM NORMAL   -63    PTCLDY (SCALE 4-7)  10
TOTAL FM JUL 1    76    CLOUDY (SCALE 8-10)  0
DPTR FM NORMAL  -183

[CDD (BASE 65) ]
TOTAL THIS MO.    60
DPTR FM NORMAL    22    [PRESSURE DATA]
TOTAL FM JAN 1    60    HIGHEST SLP M ON M
DPTR FM NORMAL    22    LOWEST  SLP 29.85 ON  4

[REMARKS]
