000
CXUS54 KEPZ 281200
CF6SRR
PRELIMINARY LOCAL CLIMATOLOGICAL DATA (WS FORM: F-6)

                                          STATION:   RUIDOSO        AWOS
                                          MONTH:     JUNE
                                          YEAR:      2017
                                          LATITUDE:   33 28 N
                                          LONGITUDE: 105 32 W

  TEMPERATURE IN F:       :PCPN:    SNOW:  WIND      :SUNSHINE: SKY     :PK WND
================================================================================
1   2   3   4   5  6A  6B    7    8   9   10  11  12  13   14  15   16   17  18
                                     12Z  AVG MX 2MIN
DY MAX MIN AVG DEP HDD CDD  WTR  SNW DPTH SPD SPD DIR MIN PSBL S-S WX    SPD DR
================================================================================

 1  72  46  59   M   6   0 0.00  0.0    0  8.2 21 240   M    M   4        25 240
 2  68  50  59   M   6   0 0.00  0.0    0  6.6 22 250   M    M   5        24 220
 3  70  50  60   M   5   0 0.00  0.0    0  5.6 12 120   M    M   5        20 120
 4  79  50  65   M   0   0 0.00  0.0    0  5.4 15  70   M    M   1        23 320
 5  81  54  68   M   0   3 0.00  0.0    0  6.5 15 130   M    M   2        22 130
 6  81  50  66   M   0   1 0.00  0.0    0  7.5 20 160   M    M   2        24 160
 7  75  50  63   M   2   0 1.37  0.0    0  8.0 21 100   M    M   4        28 100
 8  81  52  67   M   0   2 0.00  0.0    0  7.5 17 230   M    M   1        22 240
 9  84  54  69   M   0   4 0.00  0.0    0  8.9 16 310   M    M   0        23 310
10  84  64  74   M   0   9 0.00  0.0    0 13.3 23 220   M    M   0        30 220
11  81  59  70   M   0   5 0.00  0.0    0 16.6 24 220   M    M   1        35 230
12  81  55  68   M   0   3 0.00  0.0    0 13.5 24 240   M    M   0        35 230
13  81  57  69   M   0   4 0.00  0.0    0 13.1 24 230   M    M   0        36 230
14  84  57  71   M   0   6 0.00  0.0    0 10.7 20 220   M    M   2        27 220
15  88  59  74   M   0   9 0.00  0.0    0  8.8 14 290   M    M   1        23 270
16  90  63  77   M   0  12 0.00  0.0    0  9.4 17 280   M    M   1        23 320
17  91  64  78   M   0  13 0.00  0.0    0  9.3 15 340   M    M   0        23 360
18  79  59  69   M   0   4 0.00  0.0    0  9.5 18 140   M    M   0        23 320
19  81  57  69   M   0   4 0.00  0.0    0  7.0 18 150   M    M   2 1      22 150
20  84  59  72   M   0   7 0.00  0.0    0  6.2 12 220   M    M   1        18 100
21  91  61  76   M   0  11    T  0.0    0  5.8 14 230   M    M   1        21 340
22  93  61  77   M   0  12    T  0.0    0  9.5 18 340   M    M   1        54 340
23  90  64  77   M   0  12    T  0.0    0 10.3 22 100   M    M   2        28 120
24  73  57  65   M   0   0 0.00  0.0    0 12.2 17 110   M    M   5        24 110
25  77  54  66   M   0   1 0.55  0.0    0 10.0 25 140   M    M   5        33 140
26  77  54  66   M   0   1 0.20  0.0    0  7.3 22  90   M    M   3 1      28  90
27  81  50  66   M   0   1 0.00  0.0    0  6.8 18 280   M    M   1        25 280
================================================================================
SM 2197 1510        19 124  2.12     0.0 243.5          M       50
================================================================================
AV 81.4 55.9                               9.0 FASTST   M    M   2    MAX(MPH)
                                 MISC ---->  # 25 140               # 54  340
================================================================================
NOTES:
# LAST OF SEVERAL OCCURRENCES

COLUMN 17 PEAK WIND IN M.P.H.

PRELIMINARY LOCAL CLIMATOLOGICAL DATA (WS FORM: F-6) , PAGE 2

                                          STATION:  RUIDOSO        AWOS
                                          MONTH:    JUNE
                                          YEAR:     2017
                                          LATITUDE:   33 28 N
                                          LONGITUDE: 105 32 W

[TEMPERATURE DATA]      [PRECIPITATION DATA]       SYMBOLS USED IN COLUMN 16

AVERAGE MONTHLY: 68.7   TOTAL FOR MONTH:   2.12    1 = FOG OR MIST
DPTR FM NORMAL:     M   DPTR FM NORMAL:       M    2 = FOG REDUCING VISIBILITY
HIGHEST:    93 ON 22    GRTST 24HR  1.37 ON  7- 7      TO 1/4 MILE OR LESS
LOWEST:     46 ON  1                               3 = THUNDER
                        SNOW, ICE PELLETS, HAIL    4 = ICE PELLETS
                        TOTAL MONTH:   0.0 INCH    5 = HAIL
                        GRTST 24HR     0.0         6 = FREEZING RAIN OR DRIZZLE
                        GRTST DEPTH:   0           7 = DUSTSTORM OR SANDSTORM:
                                                       VSBY 1/2 MILE OR LESS
                                                   8 = SMOKE OR HAZE
[NO. OF DAYS WITH]      [WEATHER - DAYS WITH]      9 = BLOWING SNOW
                                                   X = TORNADO
MAX 32 OR BELOW:   0    0.01 INCH OR MORE:   3
MAX 90 OR ABOVE:   5    0.10 INCH OR MORE:   3
MIN 32 OR BELOW:   0    0.50 INCH OR MORE:   2
MIN  0 OR BELOW:   0    1.00 INCH OR MORE:   1

[HDD (BASE 65) ]
TOTAL THIS MO.    19    CLEAR  (SCALE 0-3)  20
DPTR FM NORMAL     M    PTCLDY (SCALE 4-7)   7
TOTAL FM JUL 1  3914    CLOUDY (SCALE 8-10)  0
DPTR FM NORMAL     M

[CDD (BASE 65) ]
TOTAL THIS MO.   124
DPTR FM NORMAL     M    [PRESSURE DATA]
TOTAL FM JAN 1   137    HIGHEST SLP M ON M
DPTR FM NORMAL     M    LOWEST  SLP M ON M

[REMARKS]
