000
CXUS54 KEPZ 011200
CF6SRR
PRELIMINARY LOCAL CLIMATOLOGICAL DATA (WS FORM: F-6)

                                          STATION:   RUIDOSO        AWOS
                                          MONTH:     JULY
                                          YEAR:      2015
                                          LATITUDE:   33 28 N
                                          LONGITUDE: 105 32 W

  TEMPERATURE IN F:       :PCPN:    SNOW:  WIND      :SUNSHINE: SKY     :PK WND
================================================================================
1   2   3   4   5  6A  6B    7    8   9   10  11  12  13   14  15   16   17  18
                                     12Z  AVG MX 2MIN
DY MAX MIN AVG DEP HDD CDD  WTR  SNW DPTH SPD SPD DIR MIN PSBL S-S WX    SPD DR
================================================================================

 1  84  54  69   M   0   4 0.00  0.0    0  6.2 14 130   M    M   0        18 130
 2  81  57  69   M   0   4 0.01  0.0    0  8.5 18 340   M    M   2 3      28 340
 3  75  57  66   M   0   1 0.00  0.0    0  6.8 20 120   M    M   3        24 120
 4  77  57  67   M   0   2 0.00  0.0    0  5.4 15 130   M    M   1 3      24 130
 5  75  59  67   M   0   2    T  0.0    0  4.6 12 220   M    M   4 3       M  M
 6  77  59  68   M   0   3    M  0.0    0  7.8 16 350   M    M   5 3      22 350
 7  66  57  62   M   3   0    M  0.0    0  7.3 13 120   M    M   9 13     17 120
 8  77  52  65   M   0   0 0.00  0.0    0  6.8 14 260   M    M   2 1      16 310
 9  75  57  66   M   0   1    T  0.0    0  8.2 23 230   M    M   3        33 230
10  73  54  64   M   1   0    M  0.0    0  6.9 22 210   M    M   2 1      29 140
11  79  55  67   M   0   2 0.00  0.0    0  6.4 15 300   M    M   2 3      28 300
12  79  57  68   M   0   3 0.00  0.0    0  5.3 12 270   M    M   1 3      17 270
13  82  57  70   M   0   5    T  0.0    0  5.6  9 200   M    M   2 3       M  M
14  77  57  67   M   0   2 0.00  0.0    0  7.4 23 170   M    M   2 38     35 170
15  77  57  67   M   0   2 0.00  0.0    0  3.7 10 290   M    M   0        21 290
16  77  59  68   M   0   3 0.00  0.0    0  0.0  M   M   M    M   0         M  M
17   M   M   M   M   M   M 0.00  0.0    0   M   M   M   M    M   0         M  M
18   M   M   M   M   M   M 0.00  0.0    0   M   M   M   M    M   0         M  M
19   M   M   M   M   M   M 0.00  0.0    0   M   M   M   M    M   0         M  M
20   M   M   M   M   M   M 0.00  0.0    0   M   M   M   M    M   0         M  M
21  77  77  77   M   0  12 0.00  0.0    0   M   M   M   M    M   0         M  M
22   M   M   M   M   M   M 0.00  0.0    0   M   M   M   M    M   0         M  M
23   M   M   M   M   M   M 0.00  0.0    0   M   M   M   M    M   0         M  M
24   M   M   M   M   M   M 0.00  0.0    0   M   M   M   M    M   0         M  M
25   M   M   M   M   M   M 0.00  0.0    0   M   M   M   M    M   0         M  M
26   M   M   M   M   M   M 0.00  0.0    0   M   M   M   M    M   0         M  M
27   M   M   M   M   M   M 0.00  0.0    0   M   M   M   M    M   0         M  M
28   M   M   M   M   M   M 0.00  0.0    0   M   M   M   M    M   0         M  M
29   M   M   M   M   M   M 0.00  0.0    0   M   M   M   M    M   0         M  M
30   M   M   M   M   M   M 0.00  0.0    0   M   M   M   M    M   0         M  M
31   M   M   M   M   M   M 0.00  0.0    0   M   M   M   M    M   0         M  M
================================================================================
SM 1308  982         4  46  0.01     0.0  96.9          M       38
================================================================================
AV 76.9 57.8                               6.1 FASTST   M    M   1    MAX(MPH)
                                 MISC ---->  # 23 230               # 35  170
================================================================================
NOTES:
# LAST OF SEVERAL OCCURRENCES

COLUMN 17 PEAK WIND IN M.P.H.

PRELIMINARY LOCAL CLIMATOLOGICAL DATA (WS FORM: F-6) , PAGE 2

                                          STATION:  RUIDOSO        AWOS
                                          MONTH:    JULY
                                          YEAR:     2015
                                          LATITUDE:   33 28 N
                                          LONGITUDE: 105 32 W

[TEMPERATURE DATA]      [PRECIPITATION DATA]       SYMBOLS USED IN COLUMN 16

AVERAGE MONTHLY: 67.4   TOTAL FOR MONTH:   0.01    1 = FOG OR MIST
DPTR FM NORMAL:     M   DPTR FM NORMAL:       M    2 = FOG REDUCING VISIBILITY
HIGHEST:    84 ON  1    GRTST 24HR  0.01 ON  2- 2      TO 1/4 MILE OR LESS
LOWEST:     52 ON  8                               3 = THUNDER
                        SNOW, ICE PELLETS, HAIL    4 = ICE PELLETS
                        TOTAL MONTH:   0.0 INCH    5 = HAIL
                        GRTST 24HR     0.0         6 = FREEZING RAIN OR DRIZZLE
                        GRTST DEPTH:   0           7 = DUSTSTORM OR SANDSTORM:
                                                       VSBY 1/2 MILE OR LESS
                                                   8 = SMOKE OR HAZE
[NO. OF DAYS WITH]      [WEATHER - DAYS WITH]      9 = BLOWING SNOW
                                                   X = TORNADO
MAX 32 OR BELOW:   0    0.01 INCH OR MORE:   1
MAX 90 OR ABOVE:   0    0.10 INCH OR MORE:   0
MIN 32 OR BELOW:   0    0.50 INCH OR MORE:   0
MIN  0 OR BELOW:   0    1.00 INCH OR MORE:   0

[HDD (BASE 65) ]
TOTAL THIS MO.     4    CLEAR  (SCALE 0-3)  28
DPTR FM NORMAL     M    PTCLDY (SCALE 4-7)   2
TOTAL FM JUL 1     4    CLOUDY (SCALE 8-10)  1
DPTR FM NORMAL     M

[CDD (BASE 65) ]
TOTAL THIS MO.    46
DPTR FM NORMAL     M    [PRESSURE DATA]
TOTAL FM JAN 1   141    HIGHEST SLP M ON M
DPTR FM NORMAL     M    LOWEST  SLP M ON M

[REMARKS]
#FINAL-07-15#
