000
CXUS54 KEWX 300910
CF6SSF
PRELIMINARY LOCAL CLIMATOLOGICAL DATA (WS FORM: F-6)

                                          STATION:   SAN ANTONIO STINSON FIELD
                                          MONTH:     JUNE
                                          YEAR:      2015
                                          LATITUDE:   29 19 N
                                          LONGITUDE:  98 29 W

  TEMPERATURE IN F:       :PCPN:    SNOW:  WIND      :SUNSHINE: SKY     :PK WND
================================================================================
1   2   3   4   5  6A  6B    7    8   9   10  11  12  13   14  15   16   17  18
                                     12Z  AVG MX 2MIN
DY MAX MIN AVG DEP HDD CDD  WTR  SNW DPTH SPD SPD DIR MIN PSBL S-S WX    SPD DR
================================================================================

 1  88  65  77  -4   0  12    T  0.0    0  3.2 13 120   M    M   1        16 130
 2  88  67  78  -3   0  13 0.00  0.0    0  3.7 15 140   M    M   0        17 130
 3  89  68  79  -2   0  14 0.00  0.0    0  6.2 14 150   M    M   3 1      18 180
 4  90  67  79  -3   0  14 0.00    M    0  5.5 14 120   M    M   3        18 130
 5  91  71  81  -1   0  16 0.00  0.0    0  4.8 15 150   M    M   3        17 160
 6  90  69  80  -2   0  15 0.00  0.0    0  4.4 13 120   M    M   2        14 110
 7  91  68  80  -2   0  15 0.00  0.0    0  5.3 14 140   M    M   1        22 140
 8  91  70  81  -1   0  16 0.00  0.0    0  3.6 10 190   M    M   2        14  90
 9  93  70  82   0   0  17 0.00  0.0    0  3.5  9 140   M    M   0        14 240
10  93  69  81  -1   0  16 0.00  0.0    0  4.8 13 130   M    M   1        16 120
11  93  72  83   1   0  18 0.00    M    0  8.9 17 130   M    M   3 1      23 180
12  94  76  85   3   0  20 0.01    M    0 10.3 20 130   M    M   5        25 130
13  95  76  86   3   0  21    T  0.0    0  8.0 24 100   M    M   4        32 100
14  86  73  80  -3   0  15 0.98  0.0    0  7.1 24  90   M    M   6 138    30 340
15  91  75  83   0   0  18    T  0.0    0  6.1 18 100   M    M   4 1      24 100
16   M   M   M   M   M   M    T    M    0  9.1 15  50   M    M   7 13     27  50
17   M   M   M   M   M   M 0.00  0.0    0  5.1 20 130   M    M   7 13      M  M
18  87  73  80  -3   0  15    T  0.0    0  3.3 22 130   M    M   6 18     29 120
19  89  75  82  -1   0  17 0.33  0.0    0  4.1 13 140   M    M   5 13     16 140
20  88  74  81  -2   0  16 0.17  0.0    0  7.3 29 160   M    M   6 13     44 150
21  85  72  79  -4   0  14 0.58  0.0    0  8.0 30 180   M    M   9 138    44 190
22  87  74  81  -2   0  16 0.00  0.0    0  8.3 14 150   M    M   7 13     19 120
23  90  77  84   1   0  19 0.17    M    0  8.1 18 160   M    M   4 3      23 160
24  92  75  84   1   0  19 0.00    M    0  5.4 20 100   M    M   3 1      27 110
25  92  74  83   0   0  18 0.00  0.0    0  4.9 12 120   M    M   2 1      15 180
26  92  76  84   1   0  19 0.00  0.0    0  6.7 13 140   M    M   3        16 140
27  91  75  83   0   0  18 0.00  0.0    0  2.8 15 170   M    M   4 3      20 170
28  92  74  83   0   0  18 0.00  0.0    0  4.1 14 160   M    M   3        16 160
29  92  75  84   1   0  19 0.00  0.0    0  7.2 14 170   M    M   3 1      21 150
================================================================================
SM 2440 1950         0 448  2.24     0.0 169.8          M      107
================================================================================
AV 90.4 72.2                               5.9 FASTST   M    M   4    MAX(MPH)
                                 MISC ---->  # 30 180               # 44  150
================================================================================
NOTES:
# LAST OF SEVERAL OCCURRENCES

COLUMN 17 PEAK WIND IN M.P.H.

PRELIMINARY LOCAL CLIMATOLOGICAL DATA (WS FORM: F-6) , PAGE 2

                                          STATION:  SAN ANTONIO STINSON FIELD
                                          MONTH:    JUNE
                                          YEAR:     2015
                                          LATITUDE:   29 19 N
                                          LONGITUDE:  98 29 W

[TEMPERATURE DATA]      [PRECIPITATION DATA]       SYMBOLS USED IN COLUMN 16

AVERAGE MONTHLY: 81.3   TOTAL FOR MONTH:   2.24    1 = FOG OR MIST
DPTR FM NORMAL:  -1.2   DPTR FM NORMAL:   -1.34    2 = FOG REDUCING VISIBILITY
HIGHEST:    95 ON 13    GRTST 24HR  0.98 ON 14-14      TO 1/4 MILE OR LESS
LOWEST:     65 ON  1                               3 = THUNDER
                        SNOW, ICE PELLETS, HAIL    4 = ICE PELLETS
                        TOTAL MONTH:   0.0 INCH    5 = HAIL
                        GRTST 24HR     0.0         6 = FREEZING RAIN OR DRIZZLE
                        GRTST DEPTH:   0           7 = DUSTSTORM OR SANDSTORM:
                                                       VSBY 1/2 MILE OR LESS
                                                   8 = SMOKE OR HAZE
[NO. OF DAYS WITH]      [WEATHER - DAYS WITH]      9 = BLOWING SNOW
                                                   X = TORNADO
MAX 32 OR BELOW:   0    0.01 INCH OR MORE:   6
MAX 90 OR ABOVE:  18    0.10 INCH OR MORE:   5
MIN 32 OR BELOW:   0    0.50 INCH OR MORE:   2
MIN  0 OR BELOW:   0    1.00 INCH OR MORE:   0

[HDD (BASE 65) ]
TOTAL THIS MO.     0    CLEAR  (SCALE 0-3)  12
DPTR FM NORMAL     0    PTCLDY (SCALE 4-7)  16
TOTAL FM JUL 1  1488    CLOUDY (SCALE 8-10)  1
DPTR FM NORMAL    77

[CDD (BASE 65) ]
TOTAL THIS MO.   448
DPTR FM NORMAL   -60    [PRESSURE DATA]
TOTAL FM JAN 1  1078    HIGHEST SLP M ON M
DPTR FM NORMAL  -103    LOWEST  SLP 29.71 ON 11

[REMARKS]
