000
CXUS53 KLSX 281600
CF6STL
PRELIMINARY LOCAL CLIMATOLOGICAL DATA (WS FORM: F-6)

                                          STATION:   ST. LOUIS
                                          MONTH:     APRIL
                                          YEAR:      2016
                                          LATITUDE:   38 45 N
                                          LONGITUDE:  90 23 W

  TEMPERATURE IN F:       :PCPN:    SNOW:  WIND      :SUNSHINE: SKY     :PK WND
================================================================================
1   2   3   4   5  6A  6B    7    8   9   10  11  12  13   14  15   16   17  18
                                     12Z  AVG MX 2MIN
DY MAX MIN AVG DEP HDD CDD  WTR  SNW DPTH SPD SPD DIR MIN PSBL S-S WX    SPD DR
================================================================================

 1  57  44  51  -1  14   0 0.04  0.0    0 12.7 25 320   M    M   6        36 320
 2  61  38  50  -3  15   0 0.00  0.0    0 15.4 36 320   M    M   2        49 310
 3  78  37  58   5   7   0 0.00  0.0    0 14.1 29 240   M    M   1        37 240
 4  68  41  55   2  10   0 0.00  0.0    0 11.9 21 320   M    M   3        29 310
 5  57  36  47  -7  18   0 0.00  0.0    0 14.9 26 140   M    M   4        33 140
 6  60  52  56   2   9   0 0.36  0.0    0 13.9 31 280   M    M   8 1      38 270
 7  61  42  52  -2  13   0    T  0.0    0 13.6 28 290   M    M   5        36 320
 8  56  38  47  -8  18   0 0.00  0.0    0 17.2 31 300   M    M   6        40 310
 9  51  30  41 -14  24   0 0.00  0.0    0  9.8 21 140   M    M   3        28 130
10  65  45  55   0  10   0 0.18  0.0    0  9.9 21 170   M    M   9 13     25 190
11  59  43  51  -5  14   0 0.99  0.0    0  8.1 18 320   M    M   7 13     24 320
12  58  37  48  -8  17   0 0.00  0.0    0  5.1 14  40   M    M   0        17 100
13  65  40  53  -4  12   0 0.00  0.0    0  6.9 14 160   M    M   2        20 140
14  71  43  57   0   8   0 0.00  0.0    0  6.7 16 110   M    M   3        20 110
15  78  54  66   9   0   1 0.00  0.0    0  9.9 22 140   M    M   4        26 130
16  78  53  66   8   0   1 0.00  0.0    0  9.7 24 150   M    M   4 8      30 140
17  82  55  69  11   0   4 0.00  0.0    0  7.9 20 140   M    M   6        24 120
18  83  57  70  12   0   5 0.00  0.0    0  8.3 21 140   M    M   8 8      26 140
19  77  63  70  11   0   5 0.00  0.0    0  4.9 16 150   M    M   9        21 150
20  71  60  66   7   0   1 0.22  0.0    0  7.0 17 160   M    M   9 18     23 150
21  76  59  68   9   0   3    T  0.0    0  9.4 23 270   M    M   7 138    31 290
22  76  55  66   6   0   1 0.00  0.0    0  8.4 16  40   M    M   5 8      21 310
23  73  49  61   1   4   0 0.00  0.0    0  5.7 16 130   M    M   1 8      20 120
24  83  57  70  10   0   5 0.00  0.0    0 10.5 22 140   M    M   4 8      28 140
25  87  64  76  15   0  11 0.00  0.0    0 10.1 21 210   M    M   4        26 210
26  83  60  72  11   0   7 1.07  0.0    0  7.8 48 250   M    M   8 1358   60 240
27  79  61  70   9   0   5 0.14  0.0    0  9.2 23 280   M    M   8 138    29 280
================================================================================
SM 1893 1313       193  49  3.00     0.0 269.0          M      136
================================================================================
AV 70.1 48.6                              10.0 FASTST   M    M   5    MAX(MPH)
                                 MISC ---->  # 48 250               # 60  240
================================================================================
NOTES:
# LAST OF SEVERAL OCCURRENCES

COLUMN 17 PEAK WIND IN M.P.H.

PRELIMINARY LOCAL CLIMATOLOGICAL DATA (WS FORM: F-6) , PAGE 2

                                          STATION:  ST. LOUIS
                                          MONTH:    APRIL
                                          YEAR:     2016
                                          LATITUDE:   38 45 N
                                          LONGITUDE:  90 23 W

[TEMPERATURE DATA]      [PRECIPITATION DATA]       SYMBOLS USED IN COLUMN 16

AVERAGE MONTHLY: 59.4   TOTAL FOR MONTH:   3.00    1 = FOG OR MIST
DPTR FM NORMAL:   2.5   DPTR FM NORMAL:   -0.30    2 = FOG REDUCING VISIBILITY
HIGHEST:    87 ON 25    GRTST 24HR  1.21 ON 26-27      TO 1/4 MILE OR LESS
LOWEST:     30 ON  9                               3 = THUNDER
                        SNOW, ICE PELLETS, HAIL    4 = ICE PELLETS
                        TOTAL MONTH:   0.0 INCH    5 = HAIL
                        GRTST 24HR     0.0         6 = FREEZING RAIN OR DRIZZLE
                        GRTST DEPTH:   0           7 = DUSTSTORM OR SANDSTORM:
                                                       VSBY 1/2 MILE OR LESS
                                                   8 = SMOKE OR HAZE
[NO. OF DAYS WITH]      [WEATHER - DAYS WITH]      9 = BLOWING SNOW
                                                   X = TORNADO
MAX 32 OR BELOW:   0    0.01 INCH OR MORE:   7
MAX 90 OR ABOVE:   0    0.10 INCH OR MORE:   6
MIN 32 OR BELOW:   1    0.50 INCH OR MORE:   2
MIN  0 OR BELOW:   0    1.00 INCH OR MORE:   1

[HDD (BASE 65) ]
TOTAL THIS MO.   193    CLEAR  (SCALE 0-3)   7
DPTR FM NORMAL   -62    PTCLDY (SCALE 4-7)  17
TOTAL FM JUL 1  3396    CLOUDY (SCALE 8-10)  3
DPTR FM NORMAL -1045

[CDD (BASE 65) ]
TOTAL THIS MO.    49
DPTR FM NORMAL    13    [PRESSURE DATA]
TOTAL FM JAN 1    57    HIGHEST SLP M ON M
DPTR FM NORMAL    14    LOWEST  SLP 29.56 ON 27

[REMARKS]
