000
CXUS53 KLSX 261600
CF6STL
PRELIMINARY LOCAL CLIMATOLOGICAL DATA (WS FORM: F-6)

                                          STATION:   ST. LOUIS
                                          MONTH:     MARCH
                                          YEAR:      2015
                                          LATITUDE:   38 45 N
                                          LONGITUDE:  90 23 W

  TEMPERATURE IN F:       :PCPN:    SNOW:  WIND      :SUNSHINE: SKY     :PK WND
================================================================================
1   2   3   4   5  6A  6B    7    8   9   10  11  12  13   14  15   16   17  18
                                     12Z  AVG MX 2MIN
DY MAX MIN AVG DEP HDD CDD  WTR  SNW DPTH SPD SPD DIR MIN PSBL S-S WX    SPD DR
================================================================================

 1  32  19  26 -15  39   0 0.04  0.6    5  3.5 12 330   M    M   9 168    14 340
 2  35  13  24 -17  41   0 0.00  0.0    4  5.8 16 130   M    M   7 18     21 130
 3  48  32  40  -2  25   0 0.12  0.0    2  8.2 18 130   M    M  10 18     23 220
 4  37  20  29 -13  36   0 0.01    T    0 11.0 23 340   M    M  10 14     29 350
 5  26  15  21 -21  44   0 0.00  0.0    0  8.3 17 340   M    M   4        21 310
 6  51  15  33 -10  32   0 0.00  0.0    0 10.0 20 230   M    M   1        24 230
 7  67  39  53  10  12   0 0.00  0.0    0  9.6 22 250   M    M   2        28 240
 8  63  35  49   6  16   0 0.00  0.0    0  7.3 17 150   M    M   6 8      21 150
 9  58  34  46   2  19   0    T  0.0    0  5.8 15 150   M    M   7        18 150
10  57  42  50   6  15   0 0.20  0.0    0  3.6  9 170   M    M   8 18     13 150
11  75  36  56  12   9   0 0.00  0.0    0  4.3 14  40   M    M   3 128    17  40
12  68  41  55  10  10   0 0.02  0.0    0  8.0 15  70   M    M   7 18     18  70
13  54  48  51   6  14   0 1.10  0.0    0  4.7 10 110   M    M  10 1      13 110
14  63  45  54   8  11   0 0.15  0.0    0  6.9 17 360   M    M   8 18     22  10
15  74  38  56  10   9   0 0.00  0.0    0  4.1 12 230   M    M   6        17 210
16  83  47  65  19   0   0 0.00  0.0    0 10.9 23 230   M    M   3        28 220
17  68  41  55   8  10   0 0.00  0.0    0 12.4 26  40   M    M   4        36  50
18  47  39  43  -4  22   0 0.03    T    0  9.8 21 110   M    M   9 4      31 340
19  51  40  46  -1  19   0    T  0.0    0  6.1 13 100   M    M  10 18     15 120
20  57  42  50   2  15   0 0.00  0.0    0  5.3 10 290   M    M   9 18     16 280
21  69  42  56   8   9   0 0.00  0.0    0  6.2 15 310   M    M   9        20 320
22  65  45  55   7  10   0 0.00  0.0    0  9.5 16 100   M    M   6        21 100
23  68  37  53   4  12   0 0.13  0.0    0 10.1 21  10   M    M   5        25  10
24  47  34  41  -8  24   0 0.59  0.0    0 13.0 29 120   M    M  10 138    35 120
25  60  46  53   3  12   0 0.52  0.0    0  9.6 21 280   M    M   9 18     25 280
================================================================================
SM 1423  885       465   0  2.91     0.6 194.0          M      172
================================================================================
AV 56.9 35.4                               7.8 FASTST   M    M   7    MAX(MPH)
                                 MISC ---->  # 29 120               # 36   50
================================================================================
NOTES:
# LAST OF SEVERAL OCCURRENCES

COLUMN 17 PEAK WIND IN M.P.H.

PRELIMINARY LOCAL CLIMATOLOGICAL DATA (WS FORM: F-6) , PAGE 2

                                          STATION:  ST. LOUIS
                                          MONTH:    MARCH
                                          YEAR:     2015
                                          LATITUDE:   38 45 N
                                          LONGITUDE:  90 23 W

[TEMPERATURE DATA]      [PRECIPITATION DATA]       SYMBOLS USED IN COLUMN 16

AVERAGE MONTHLY: 46.2   TOTAL FOR MONTH:   2.91    1 = FOG OR MIST
DPTR FM NORMAL:   1.0   DPTR FM NORMAL:    0.34    2 = FOG REDUCING VISIBILITY
HIGHEST:    83 ON 16    GRTST 24HR  1.10 ON 13-13      TO 1/4 MILE OR LESS
LOWEST:     13 ON  2                               3 = THUNDER
                        SNOW, ICE PELLETS, HAIL    4 = ICE PELLETS
                        TOTAL MONTH:   0.6 INCH    5 = HAIL
                        GRTST 24HR   0.6 ON   M    6 = FREEZING RAIN OR DRIZZLE
                        GRTST DEPTH:   5 ON  1     7 = DUSTSTORM OR SANDSTORM:
                                                       VSBY 1/2 MILE OR LESS
                                                   8 = SMOKE OR HAZE
[NO. OF DAYS WITH]      [WEATHER - DAYS WITH]      9 = BLOWING SNOW
                                                   X = TORNADO
MAX 32 OR BELOW:   2    0.01 INCH OR MORE:  11
MAX 90 OR ABOVE:   0    0.10 INCH OR MORE:   7
MIN 32 OR BELOW:   6    0.50 INCH OR MORE:   3
MIN  0 OR BELOW:   0    1.00 INCH OR MORE:   1

[HDD (BASE 65) ]
TOTAL THIS MO.   465    CLEAR  (SCALE 0-3)   4
DPTR FM NORMAL   -35    PTCLDY (SCALE 4-7)  11
TOTAL FM JUL 1  4267    CLOUDY (SCALE 8-10) 10
DPTR FM NORMAL   169

[CDD (BASE 65) ]
TOTAL THIS MO.     0
DPTR FM NORMAL     0    [PRESSURE DATA]
TOTAL FM JAN 1     0    HIGHEST SLP M ON M
DPTR FM NORMAL     0    LOWEST  SLP 29.79 ON  3

[REMARKS]
