000
CXUS55 KSTO 231455
CF6STO
PRELIMINARY LOCAL CLIMATOLOGICAL DATA (WS FORM: F-6)

                                          STATION:   SACRAMENTO CITY
                                          MONTH:     MAY
                                          YEAR:      2015
                                          LATITUDE:   38 36 N
                                          LONGITUDE: 121 23 W

  TEMPERATURE IN F:       :PCPN:    SNOW:  WIND      :SUNSHINE: SKY     :PK WND
================================================================================
1   2   3   4   5  6A  6B    7    8   9   10  11  12  13   14  15   16   17  18
                                     12Z  AVG MX 2MIN
DY MAX MIN AVG DEP HDD CDD  WTR  SNW DPTH SPD SPD DIR MIN PSBL S-S WX    SPD DR
================================================================================

 1  94  59  77  13   0  12 0.00  0.0    M   M   0   0   M    M   M         0   0
 2  86  56  71   7   0   6 0.00  0.0    M   M   0   0   M    M   M         0   0
 3  77  52  65   0   0   0 0.00  0.0    M   M   0   0   M    M   M         0   0
 4  76  51  64  -1   1   0 0.00  0.0    M   M   0   0   M    M   M         0   0
 5  78  52  65   0   0   0 0.00  0.0    M   M   0   0   M    M   M         0   0
 6  80  51  66   1   0   1 0.00  0.0    M   M   0   0   M    M   M         0   0
 7  70  52  61  -5   4   0 0.19  0.0    M   M   0   0   M    M   M         0   0
 8  75  47  61  -5   4   0 0.00  0.0    M   M   0   0   M    M   M         0   0
 9  81  51  66   0   0   1 0.00  0.0    M   M   0   0   M    M   M         0   0
10  80  52  66   0   0   1 0.00  0.0    M   M   0   0   M    M   M         0   0
11  74  55  65  -1   0   0 0.00  0.0    M   M   0   0   M    M   M         0   0
12  74  50  62  -5   3   0 0.00  0.0    M   M   0   0   M    M   M         0   0
13  70  51  61  -6   4   0 0.00  0.0    M   M   0   0   M    M   M         0   0
14  74  49  62  -5   3   0 0.00  0.0    M   M   0   0   M    M   M         0   0
15  73  50  62  -5   3   0 0.00  0.0    M   M   0   0   M    M   M         0   0
16  79  50  65  -3   0   0 0.00  0.0    M   M   0   0   M    M   M         0   0
17  73  53  63  -5   2   0 0.00  0.0    M   M   0   0   M    M   M         0   0
18  74  53  64  -4   1   0 0.00  0.0    M   M   0   0   M    M   M         0   0
19  78  53  66  -2   0   1 0.00  0.0    M   M   0   0   M    M   M         0   0
20  76  52  64  -4   1   0 0.00  0.0    M   M   0   0   M    M   M         0   0
21  75  54  65  -3   0   0 0.00  0.0    M   M   0   0   M    M   M         0   0
22  77  55  66  -3   0   1 0.00  0.0    M   M   0   0   M    M   M         0   0
================================================================================
SM 1694 1148        26  23  0.19     0.0     M          M        M
================================================================================
AV 77.0 52.2                                 M FASTST   M    M   2    MAX(MPH)
                                 MISC ---->  #  0   0               #  0    0
================================================================================
NOTES:
# LAST OF SEVERAL OCCURRENCES

COLUMN 17 PEAK WIND IN M.P.H.

PRELIMINARY LOCAL CLIMATOLOGICAL DATA (WS FORM: F-6) , PAGE 2

                                          STATION:  SACRAMENTO CITY
                                          MONTH:    MAY
                                          YEAR:     2015
                                          LATITUDE:   38 36 N
                                          LONGITUDE: 121 23 W

[TEMPERATURE DATA]      [PRECIPITATION DATA]       SYMBOLS USED IN COLUMN 16

AVERAGE MONTHLY: 64.6   TOTAL FOR MONTH:   0.19    1 = FOG OR MIST
DPTR FM NORMAL:  -1.9   DPTR FM NORMAL:   -0.40    2 = FOG REDUCING VISIBILITY
HIGHEST:    94 ON  1    GRTST 24HR  0.19 ON  7- 7      TO 1/4 MILE OR LESS
LOWEST:     47 ON  8                               3 = THUNDER
                        SNOW, ICE PELLETS, HAIL    4 = ICE PELLETS
                        TOTAL MONTH:   0.0 INCH    5 = HAIL
                        GRTST 24HR     0.0         6 = FREEZING RAIN OR DRIZZLE
                        GRTST DEPTH:  M  ON   M    7 = DUSTSTORM OR SANDSTORM:
                                                       VSBY 1/2 MILE OR LESS
                                                   8 = SMOKE OR HAZE
[NO. OF DAYS WITH]      [WEATHER - DAYS WITH]      9 = BLOWING SNOW
                                                   X = TORNADO
MAX 32 OR BELOW:   0    0.01 INCH OR MORE:   1
MAX 90 OR ABOVE:   1    0.10 INCH OR MORE:   1
MIN 32 OR BELOW:   0    0.50 INCH OR MORE:   0
MIN  0 OR BELOW:   0    1.00 INCH OR MORE:   0

[HDD (BASE 65) ]
TOTAL THIS MO.    26    CLEAR  (SCALE 0-3)   0
DPTR FM NORMAL   -17    PTCLDY (SCALE 4-7)   0
TOTAL FM JUL 1  1461    CLOUDY (SCALE 8-10)  0
DPTR FM NORMAL  -826

[CDD (BASE 65) ]
TOTAL THIS MO.    23
DPTR FM NORMAL   -54    [PRESSURE DATA]
TOTAL FM JAN 1   113    HIGHEST SLP M ON M
DPTR FM NORMAL     1    LOWEST  SLP 30.11 ON 14

[REMARKS]
