000
CXUS53 KMPX 241000
CF6STP
PRELIMINARY LOCAL CLIMATOLOGICAL DATA (WS FORM: F-6)

                                          STATION:   ST PAUL MN
                                          MONTH:     MAY
                                          YEAR:      2017
                                          LATITUDE:   44 55 N
                                          LONGITUDE:  93  4 W

  TEMPERATURE IN F:       :PCPN:    SNOW:  WIND      :SUNSHINE: SKY     :PK WND
================================================================================
1   2   3   4   5  6A  6B    7    8   9   10  11  12  13   14  15   16   17  18
                                     12Z  AVG MX 2MIN
DY MAX MIN AVG DEP HDD CDD  WTR  SNW DPTH SPD SPD DIR MIN PSBL S-S WX    SPD DR
================================================================================

 1  41  32  37 -18  28   0    M    M    M 12.7 23 330   M    M  10 1      29 320
 2  62  38  50  -6  15   0    T    M    M 10.1 22 340   M    M   3        28 340
 3  66  38  52  -4  13   0 0.00    M    M  7.2 17 250   M    M   5        23 240
 4  69  41  55  -1  10   0 0.00    M    M  6.2 18 350   M    M   2 1      24  40
 5  76  42  59   2   6   0 0.00    M    M  6.5 29  10   M    M   1        38  20
 6  68  42  55  -2  10   0 0.00    M    M  6.3 17  20   M    M   0        22 350
 7  66  48  57   0   8   0 0.00    M    M  6.2 12 100   M    M   3        16 100
 8  71  45  58   0   7   0 0.33    M    M 11.4 21 120   M    M   2 13     26 130
 9  71  51  61   3   4   0 0.02    M    M  5.1 17 310   M    M   7 1      21 320
10  68  48  58   0   7   0    T    M    M  3.3 16 350   M    M   5        19 350
11  66  46  56  -3   9   0 0.00    M    M  9.0 17  20   M    M   0        23 360
12  75  43  59   0   6   0 0.00    M    M  4.4 13 140   M    M   1        17 250
13  80  54  67   8   0   2 0.00    M    M  4.9 12  90   M    M   1        13  90
14  83  53  68   8   0   3 0.00    M    M  9.6 17  90   M    M   1        22  80
15  70  59  65   5   0   0 0.31    M    M  8.5 18 130   M    M   2 13     24 140
16  83  59  71  11   0   6 0.31    M    M 10.2 25 130   M    M   6 13     35 130
17  72  53  63   3   2   0 1.16    M    M  7.2 30 300   M    M   8 13     39 300
18  55  46  51 -10  14   0 0.30    M    M 11.0 25  30   M    M   8 1      31  30
19  55  43  49 -12  16   0 0.00    M    M  9.8 20  60   M    M   3        25  40
20  51  42  47 -14  18   0 1.35    M    M  9.9 16  70   M    M   9 1      24  80
21  52  46  49 -13  16   0 0.02    M    M 10.7 20 270   M    M  10 1      26 270
22  66  43  55  -7  10   0    T    M    M  7.6 21 280   M    M   4        26 290
23  60  49  55  -7  10   0 0.09    M    M  6.5 17  30   M    M   7 1      22  40
================================================================================
SM 1526 1061       209  11  3.89    M    184.3          M       98
================================================================================
AV 66.4 46.1                               8.0 FASTST   M    M   4    MAX(MPH)
                                 MISC ---->  # 30 300               # 39  300
================================================================================
NOTES:
# LAST OF SEVERAL OCCURRENCES

COLUMN 17 PEAK WIND IN M.P.H.

PRELIMINARY LOCAL CLIMATOLOGICAL DATA (WS FORM: F-6) , PAGE 2

                                          STATION:  ST PAUL MN
                                          MONTH:    MAY
                                          YEAR:     2017
                                          LATITUDE:   44 55 N
                                          LONGITUDE:  93  4 W

[TEMPERATURE DATA]      [PRECIPITATION DATA]       SYMBOLS USED IN COLUMN 16

AVERAGE MONTHLY: 56.2   TOTAL FOR MONTH:   3.89    1 = FOG OR MIST
DPTR FM NORMAL:  -2.6   DPTR FM NORMAL:    1.69    2 = FOG REDUCING VISIBILITY
HIGHEST:    83 ON 16,14 GRTST 24HR  1.35 ON 20-20      TO 1/4 MILE OR LESS
LOWEST:     32 ON  1                               3 = THUNDER
                        SNOW, ICE PELLETS, HAIL    4 = ICE PELLETS
                        TOTAL MONTH:    M          5 = HAIL
                        GRTST 24HR    M  ON   M    6 = FREEZING RAIN OR DRIZZLE
                        GRTST DEPTH:  M  ON   M    7 = DUSTSTORM OR SANDSTORM:
                                                       VSBY 1/2 MILE OR LESS
                                                   8 = SMOKE OR HAZE
[NO. OF DAYS WITH]      [WEATHER - DAYS WITH]      9 = BLOWING SNOW
                                                   X = TORNADO
MAX 32 OR BELOW:   0    0.01 INCH OR MORE:   9
MAX 90 OR ABOVE:   0    0.10 INCH OR MORE:   6
MIN 32 OR BELOW:   1    0.50 INCH OR MORE:   2
MIN  0 OR BELOW:   0    1.00 INCH OR MORE:   2

[HDD (BASE 65) ]
TOTAL THIS MO.   209    CLEAR  (SCALE 0-3)   9
DPTR FM NORMAL    43    PTCLDY (SCALE 4-7)  11
TOTAL FM JUL 1  6434    CLOUDY (SCALE 8-10)  3
DPTR FM NORMAL  -800

[CDD (BASE 65) ]
TOTAL THIS MO.    11
DPTR FM NORMAL   -15    [PRESSURE DATA]
TOTAL FM JAN 1    11    HIGHEST SLP M ON M
DPTR FM NORMAL   -18    LOWEST  SLP 29.32 ON 17

[REMARKS]
