000
CXUS56 KMTR 301000
CF6STS
PRELIMINARY LOCAL CLIMATOLOGICAL DATA (WS FORM: F-6)

                                          STATION:   SANTA ROSA AIRPORT
                                          MONTH:     MARCH
                                          YEAR:      2015
                                          LATITUDE:   38 30 N
                                          LONGITUDE: 122 49 W

  TEMPERATURE IN F:       :PCPN:    SNOW:  WIND      :SUNSHINE: SKY     :PK WND
================================================================================
1   2   3   4   5  6A  6B    7    8   9   10  11  12  13   14  15   16   17  18
                                     12Z  AVG MX 2MIN
DY MAX MIN AVG DEP HDD CDD  WTR  SNW DPTH SPD SPD DIR MIN PSBL S-S WX    SPD DR
================================================================================

 1  68  33  51  -1  14   0 0.00  0.0    0  2.2 13 250   M    M   1 12     16 220
 2  62  40  51  -1  14   0    T  0.0    0  2.8 10 170   M    M   5        15 200
 3  66  37  52   0  13   0 0.00  0.0    0  4.2 12 260   M    M   1 1      16 210
 4  69  33  51  -1  14   0 0.00  0.0    0  3.5 12 250   M    M   0 1      17 250
 5  70  35  53   1  12   0 0.00  0.0    0  3.1  8 180   M    M   0         M  M
 6  76  38  57   5   8   0 0.00  0.0    0  3.5  8 140   M    M   0         M  M
 7  77  36  57   5   8   0 0.00  0.0    0  3.3 10 170   M    M   1 12     14 180
 8  73  44  59   7   6   0 0.00  0.0    0  3.5 13 150   M    M   6 12     15 180
 9  71  46  59   7   6   0 0.00  0.0    0  3.7 10 150   M    M   7 128    14 170
10  64  46  55   3  10   0 0.00  0.0    0  3.4 12 160   M    M   9 128    14 160
11  64  47  56   3   9   0 0.02  0.0    0  3.5 10 230   M    M   7 1      14 240
12  76  42  59   6   6   0    T    M    0  2.9  9 250   M    M   2 1      12 220
13  78  45  62   9   3   0 0.00  0.0    0  2.4 10 270   M    M   4 1      13 260
14  82  50  66  13   0   1 0.00  0.0    0  1.8 10 180   M    M   4        14 180
15  69  50  60   7   5   0 0.00  0.0    0  2.6  9 180   M    M   4        13 260
16  66  52  59   6   6   0    T  0.0    0  2.1  7 140   M    M   5 8       9 180
17  75  45  60   7   5   0 0.00  0.0    0  5.2 20 320   M    M   3 1      24 350
18  75  42  59   6   6   0 0.00  0.0    0  3.2 14 140   M    M   0        17 170
19  78  40  59   6   6   0 0.00  0.0    0  2.7 12 160   M    M   2 1      15 190
20  71  43  57   4   8   0    T    M    0  3.7 15 240   M    M   6 12     18 240
21  72  46  59   6   6   0 0.00  0.0    0  3.8 13 240   M    M   4 12     16 170
22  67  50  59   6   6   0 0.06  0.0    0  4.4 15 250   M    M   9 1      21 220
23  65  45  55   2  10   0 0.04    M    0  3.3 16 250   M    M   5 12     20 250
24  70  48  59   6   6   0 0.00  0.0    0  3.3 10 320   M    M   7        15 340
25  77  43  60   7   5   0 0.00  0.0    0  2.3 13 170   M    M   0 1      16 170
26  83  44  64  11   1   0 0.00  0.0    0  2.5 12 180   M    M   2 12     14 230
27  71  46  59   6   6   0 0.00  0.0    0  5.7 15 140   M    M   3 12     18 150
28  82  41  62   8   3   0 0.00  0.0    0  3.9 14 360   M    M   1 1      17  10
29  81  41  61   7   4   0 0.00  0.0    0  3.4 13 180   M    M   1        16 170
================================================================================
SM 2098 1248       206   1  0.12     0.0  95.9          M       99
================================================================================
AV 72.3 43.0                               3.3 FASTST   M    M   3    MAX(MPH)
                                 MISC ---->  # 20 320               # 24  350
================================================================================
NOTES:
# LAST OF SEVERAL OCCURRENCES

COLUMN 17 PEAK WIND IN M.P.H.

PRELIMINARY LOCAL CLIMATOLOGICAL DATA (WS FORM: F-6) , PAGE 2

                                          STATION:  SANTA ROSA AIRPORT
                                          MONTH:    MARCH
                                          YEAR:     2015
                                          LATITUDE:   38 30 N
                                          LONGITUDE: 122 49 W

[TEMPERATURE DATA]      [PRECIPITATION DATA]       SYMBOLS USED IN COLUMN 16

AVERAGE MONTHLY: 57.7   TOTAL FOR MONTH:   0.12    1 = FOG OR MIST
DPTR FM NORMAL:   5.0   DPTR FM NORMAL:   -4.58    2 = FOG REDUCING VISIBILITY
HIGHEST:    83 ON 26    GRTST 24HR  0.06 ON 22-22      TO 1/4 MILE OR LESS
LOWEST:     33 ON  4, 1                            3 = THUNDER
                        SNOW, ICE PELLETS, HAIL    4 = ICE PELLETS
                        TOTAL MONTH:   0.0 INCH    5 = HAIL
                        GRTST 24HR     0.0         6 = FREEZING RAIN OR DRIZZLE
                        GRTST DEPTH:   0           7 = DUSTSTORM OR SANDSTORM:
                                                       VSBY 1/2 MILE OR LESS
                                                   8 = SMOKE OR HAZE
[NO. OF DAYS WITH]      [WEATHER - DAYS WITH]      9 = BLOWING SNOW
                                                   X = TORNADO
MAX 32 OR BELOW:   0    0.01 INCH OR MORE:   3
MAX 90 OR ABOVE:   0    0.10 INCH OR MORE:   0
MIN 32 OR BELOW:   0    0.50 INCH OR MORE:   0
MIN  0 OR BELOW:   0    1.00 INCH OR MORE:   0

[HDD (BASE 65) ]
TOTAL THIS MO.   206    CLEAR  (SCALE 0-3)  15
DPTR FM NORMAL  -152    PTCLDY (SCALE 4-7)  12
TOTAL FM JUL 1  1662    CLOUDY (SCALE 8-10)  2
DPTR FM NORMAL  -876

[CDD (BASE 65) ]
TOTAL THIS MO.     1
DPTR FM NORMAL     1    [PRESSURE DATA]
TOTAL FM JAN 1     1    HIGHEST SLP M ON M
DPTR FM NORMAL     1    LOWEST  SLP 29.80 ON  2

[REMARKS]
