000
CXUS53 KGRB 280812
CF6SUE
PRELIMINARY LOCAL CLIMATOLOGICAL DATA (WS FORM: F-6)

                                          STATION:   STURGEON BAY WI
                                          MONTH:     FEBRUARY
                                          YEAR:      2017
                                          LATITUDE:   44 55 N
                                          LONGITUDE:  87 25 W

  TEMPERATURE IN F:       :PCPN:    SNOW:  WIND      :SUNSHINE: SKY     :PK WND
================================================================================
1   2   3   4   5  6A  6B    7    8   9   10  11  12  13   14  15   16   17  18
                                     12Z  AVG MX 2MIN
DY MAX MIN AVG DEP HDD CDD  WTR  SNW DPTH SPD SPD DIR MIN PSBL S-S WX    SPD DR
================================================================================

 1  29   9  19   M  46   0    T    M    0  8.7 13 280   M    M   6         M  M
 2  14   4   9   M  56   0    T    M    0 12.8 20 250   M    M   1        25 250
 3  17   2  10   M  55   0 0.00  0.0    0 12.8 15 250   M    M   0        21 250
 4  27   8  18   M  47   0    T    M    0  9.5 14 200   M    M   5 1       M  M
 5  30  15  23   M  42   0    T    M    0  8.7 16 240   M    M   6 1      24 240
 6  35  16  26   M  39   0    T    M    0  4.7 10  60   M    M   7         M  M
 7  34  20  27   M  38   0    T    M    0 10.3 17 330   M    M  10 1      25 310
 8  21  12  17   M  48   0    T    M    0  9.2 15 340   M    M   8         M  M
 9  14   1   8   M  57   0 0.00  0.0    0 12.8 18 270   M    M   1        29 270
10  35  16  26   M  39   0    T    M    0 12.1 23 180   M    M   5        32 200
11  34  28  31   M  34   0 0.00  0.0    0  5.4 10  40   M    M   7         M  M
12  39  27  33   M  32   0 0.03    M    0 12.3 24 290   M    M   5 1      39 290
13  42  24  33   M  32   0 0.00  0.0    0 10.7 18 200   M    M   0        23 200
14  42  27  35   M  30   0    T    M    0 14.4 20 330   M    M   2        33 330
15  27  16  22   M  43   0    T    M    0 12.8 22 340   M    M   8        27 340
16  30  11  21   M  44   0 0.00  0.0    0  6.3 13 200   M    M   2        16 160
17  42  30  36   M  29   0 0.00  0.0    0 10.1 15 170   M    M   0        20 170
18  56  40  48   M  17   0 0.00  0.0    0 11.8 15 240   M    M   0         M  M
19  52  36  44   M  21   0 0.00  0.0    0  6.3 10 280   M    M   0         M  M
20  50  36  43   M  22   0 0.13    M    0 13.2 22 160   M    M   3        36 180
21  58  42  50   M  15   0 0.05    M    0 11.0 27 170   M    M   4 1      36 170
22  55  34  45   M  20   0 0.00  0.0    0  5.8  9 100   M    M   4 12      M  M
23  41  33  37   M  28   0    T    M    0 10.3 16 350   M    M   8 1      22 350
24  33  23  28   M  37   0 0.09    M    0 17.2 22  20   M    M   9 1      32  50
25  26  16  21   M  44   0    T    M    0 13.5 20 300   M    M   7 1      28 300
26  37  18  28   M  37   0 0.03    M    0 11.9 21 230   M    M   5        27 210
27  38  17  28   M  37   0    T    M    0  9.4 17 170   M    M   3 1      23 180
================================================================================
SM  958  561       989   0  0.33     0.0 284.0          M      116
================================================================================
AV 35.5 20.8                              10.5 FASTST   M    M   4    MAX(MPH)
                                 MISC ---->  # 27 170                 39    M
================================================================================
NOTES:
# LAST OF SEVERAL OCCURRENCES

COLUMN 17 PEAK WIND IN M.P.H.

PRELIMINARY LOCAL CLIMATOLOGICAL DATA (WS FORM: F-6) , PAGE 2

                                          STATION:  STURGEON BAY WI
                                          MONTH:    FEBRUARY
                                          YEAR:     2017
                                          LATITUDE:   44 55 N
                                          LONGITUDE:  87 25 W

[TEMPERATURE DATA]      [PRECIPITATION DATA]       SYMBOLS USED IN COLUMN 16

AVERAGE MONTHLY: 28.1   TOTAL FOR MONTH:   0.33    1 = FOG OR MIST
DPTR FM NORMAL:     M   DPTR FM NORMAL:       M    2 = FOG REDUCING VISIBILITY
HIGHEST:    58 ON 21    GRTST 24HR  0.13 ON 20-20      TO 1/4 MILE OR LESS
LOWEST:      1 ON  9                               3 = THUNDER
                        SNOW, ICE PELLETS, HAIL    4 = ICE PELLETS
                        TOTAL MONTH:   0.0 INCH    5 = HAIL
                        GRTST 24HR     0.0         6 = FREEZING RAIN OR DRIZZLE
                        GRTST DEPTH:   0           7 = DUSTSTORM OR SANDSTORM:
                                                       VSBY 1/2 MILE OR LESS
                                                   8 = SMOKE OR HAZE
[NO. OF DAYS WITH]      [WEATHER - DAYS WITH]      9 = BLOWING SNOW
                                                   X = TORNADO
MAX 32 OR BELOW:  10    0.01 INCH OR MORE:   5
MAX 90 OR ABOVE:   0    0.10 INCH OR MORE:   1
MIN 32 OR BELOW:  21    0.50 INCH OR MORE:   0
MIN  0 OR BELOW:   0    1.00 INCH OR MORE:   0

[HDD (BASE 65) ]
TOTAL THIS MO.   989    CLEAR  (SCALE 0-3)  10
DPTR FM NORMAL     M    PTCLDY (SCALE 4-7)  15
TOTAL FM JUL 1  4607    CLOUDY (SCALE 8-10)  2
DPTR FM NORMAL  4369

[CDD (BASE 65) ]
TOTAL THIS MO.     0
DPTR FM NORMAL     M    [PRESSURE DATA]
TOTAL FM JAN 1     0    HIGHEST SLP M ON M
DPTR FM NORMAL     0    LOWEST  SLP M ON M

[REMARKS]
