593
CXUS53 KGRB 240726
CF6SUE
PRELIMINARY LOCAL CLIMATOLOGICAL DATA (WS FORM: F-6)

                                          STATION:   STURGEON BAY WI
                                          MONTH:     MAY
                                          YEAR:      2017
                                          LATITUDE:   44 55 N
                                          LONGITUDE:  87 25 W

  TEMPERATURE IN F:       :PCPN:    SNOW:  WIND      :SUNSHINE: SKY     :PK WND
================================================================================
1   2   3   4   5  6A  6B    7    8   9   10  11  12  13   14  15   16   17  18
                                     12Z  AVG MX 2MIN
DY MAX MIN AVG DEP HDD CDD  WTR  SNW DPTH SPD SPD DIR MIN PSBL S-S WX    SPD DR
================================================================================

 1  54  37  46   M  19   0 0.69    M    0 10.7 17 240   M    M   9 1      30  50
 2  48  39  44   M  21   0 0.09    M    0 11.6 20 350   M    M   7 1      30 320
 3  58  35  47   M  18   0 0.00  0.0    0  7.8 16 180   M    M   0        17 160
 4  62  38  50   M  15   0 0.00  0.0    0  9.0 18  10   M    M   2        24  30
 5  58  40  49   M  16   0 0.00  0.0    0 13.4 22 360   M    M   6        31 360
 6  56  38  47   M  18   0 0.00  0.0    0 16.3 20  10   M    M   1        30  10
 7  51  33  42   M  23   0 0.00  0.0    0 11.7 20 350   M    M   0        27 340
 8  52  30  41   M  24   0 0.00  0.0    0  5.6  9 150   M    M   0         M  M
 9  52  31  42   M  23   0 0.00  0.0    0  5.1 10 150   M    M   5         M  M
10  62  44  53   M  12   0 0.02    M    0  8.2 14 150   M    M   5         M  M
11  64  43  54   M  11   0    T    M    0  4.2 10  90   M    M   6         M  M
12  65  45  55   M  10   0 0.03    M    0  7.2 14 360   M    M   5         M  M
13  63  44  54   M  11   0 0.00  0.0    0  7.2 14 350   M    M   3         M  M
14  61  43  52   M  13   0 0.00  0.0    0  8.2 13 350   M    M   2        18  30
15  65  44  55   M  10   0 0.12    M    0  9.8 20 170   M    M   4        22 190
16  72  48  60   M   5   0 0.13    M    0  9.0 17 170   M    M   4 138    25 170
17  76  57  67   M   0   2    T  0.0    0  9.3 21 180   M    M   2 3      35 240
18  67  39  53   M  12   0    T    M    0 16.1 20 360   M    M   8 18     30 340
19  52  37  45   M  20   0 0.00  0.0    0 12.0 20  50   M    M   1        28  50
20  52  41  47   M  18   0    T    M    0 10.7 17  60   M    M   5 1      27  70
21  63  45  54   M  11   0    T    M    0 10.6 18 230   M    M  10 1      27 230
22  67  44  56   M   9   0    T    M    0 13.1 18 260   M    M   8 3      28 260
23  54  45  50   M  15   0    T    M    0  7.7 12  50   M    M   9 1       M  M
================================================================================
SM 1374  940       334   2  1.08     0.0 224.5          M      102
================================================================================
AV 59.7 40.9                               9.8 FASTST   M    M   4    MAX(MPH)
                                 MISC ---->  # 22 360               # 35  240
================================================================================
NOTES:
# LAST OF SEVERAL OCCURRENCES

COLUMN 17 PEAK WIND IN M.P.H.

PRELIMINARY LOCAL CLIMATOLOGICAL DATA (WS FORM: F-6) , PAGE 2

                                          STATION:  STURGEON BAY WI
                                          MONTH:    MAY
                                          YEAR:     2017
                                          LATITUDE:   44 55 N
                                          LONGITUDE:  87 25 W

[TEMPERATURE DATA]      [PRECIPITATION DATA]       SYMBOLS USED IN COLUMN 16

AVERAGE MONTHLY: 50.3   TOTAL FOR MONTH:   1.08    1 = FOG OR MIST
DPTR FM NORMAL:     M   DPTR FM NORMAL:       M    2 = FOG REDUCING VISIBILITY
HIGHEST:    76 ON 17    GRTST 24HR  0.69 ON  1- 1      TO 1/4 MILE OR LESS
LOWEST:     30 ON  8                               3 = THUNDER
                        SNOW, ICE PELLETS, HAIL    4 = ICE PELLETS
                        TOTAL MONTH:   0.0 INCH    5 = HAIL
                        GRTST 24HR     0.0         6 = FREEZING RAIN OR DRIZZLE
                        GRTST DEPTH:   0           7 = DUSTSTORM OR SANDSTORM:
                                                       VSBY 1/2 MILE OR LESS
                                                   8 = SMOKE OR HAZE
[NO. OF DAYS WITH]      [WEATHER - DAYS WITH]      9 = BLOWING SNOW
                                                   X = TORNADO
MAX 32 OR BELOW:   0    0.01 INCH OR MORE:   6
MAX 90 OR ABOVE:   0    0.10 INCH OR MORE:   3
MIN 32 OR BELOW:   2    0.50 INCH OR MORE:   1
MIN  0 OR BELOW:   0    1.00 INCH OR MORE:   0

[HDD (BASE 65) ]
TOTAL THIS MO.   334    CLEAR  (SCALE 0-3)   9
DPTR FM NORMAL     M    PTCLDY (SCALE 4-7)  11
TOTAL FM JUL 1  6611    CLOUDY (SCALE 8-10)  3
DPTR FM NORMAL  6373

[CDD (BASE 65) ]
TOTAL THIS MO.     2
DPTR FM NORMAL     M    [PRESSURE DATA]
TOTAL FM JAN 1     2    HIGHEST SLP M ON M
DPTR FM NORMAL     2    LOWEST  SLP M ON M

[REMARKS]
