000
CXUS55 KFSD 280905
CF6SUX
PRELIMINARY LOCAL CLIMATOLOGICAL DATA (WS FORM: F-6)

                                          STATION:   SIOUX CITY IA
                                          MONTH:     JUNE
                                          YEAR:      2017
                                          LATITUDE:   42 24 N
                                          LONGITUDE:  96 23 W

  TEMPERATURE IN F:       :PCPN:    SNOW:  WIND      :SUNSHINE: SKY     :PK WND
================================================================================
1   2   3   4   5  6A  6B    7    8   9   10  11  12  13   14  15   16   17  18
                                     12Z  AVG MX 2MIN
DY MAX MIN AVG DEP HDD CDD  WTR  SNW DPTH SPD SPD DIR MIN PSBL S-S WX    SPD DR
================================================================================

 1  86  44  65  -1   0   0 0.00  0.0    0  6.9 17 200   M    M   0        27 170
 2  95  61  78  12   0  13 0.00  0.0    0 12.5 22 190   M    M   2        28 210
 3  93  67  80  13   0  15 0.00  0.0    0  8.7 20 220   M    M   1        24 200
 4  93  62  78  11   0  13 0.00  0.0    0  3.9 12 350   M    M   0        16 310
 5  91  54  73   6   0   8 0.00  0.0    0  6.3 16  40   M    M   0        21 360
 6  88  59  74   6   0   9 0.00  0.0    0  6.3 14 190   M    M   0        22 140
 7  91  56  74   6   0   9 0.00  0.0    0  8.4 16 170   M    M   4 8      22 160
 8  91  59  75   7   0  10 0.00  0.0    0  7.9 16 200   M    M   3        20 200
 9  94  62  78   9   0  13 0.00  0.0    0 13.5 25 190   M    M   0        32 210
10  94  73  84  15   0  19 0.00  0.0    0 17.4 31 190   M    M   3        36 230
11  91  76  84  15   0  19 0.00  0.0    0 12.1 25 180   M    M   7        33 180
12  86  72  79   9   0  14 0.00  0.0    0 11.2 26  50   M    M   3        33  50
13  94  65  80  10   0  15 0.32  0.0    0 17.7 55 220   M    M   1 13     65 230
14  89  61  75   5   0  10 0.16  0.0    0  9.5 22 100   M    M   3 13     28 280
15  88  58  73   3   0   8 0.00  0.0    0  4.8 13 120   M    M   M        17 360
16  89  61  75   4   0  10 0.11  0.0    0  6.4 16 230   M    M   1 3      21 220
17  76  59  68  -3   0   3 0.02  0.0    0  6.4 25 330   M    M   5        32 310
18  80  55  68  -3   0   3 0.00  0.0    0 11.7 25 320   M    M   2        33 290
19  85  54  70  -2   0   5 0.00  0.0    0  9.1 22 320   M    M   1        29 340
20  90  54  72   0   0   7 0.00  0.0    0  8.4 23 340   M    M   0        27 330
21  96  63  80   8   0  15 0.00  0.0    0 13.0 28 140   M    M   1 3      36  10
22  88  63  76   4   0  11    T  0.0    0 11.2 21  40   M    M   2        26  40
23  74  54  64  -8   1   0 0.00  0.0    0 16.4 24 320   M    M   2        35 350
24  79  44  62 -11   3   0 0.00  0.0    0 11.1 28 300   M    M   2        37 330
25  76  47  62 -11   3   0 0.00  0.0    0  8.7 23 350   M    M   0        31 330
26  76  49  63 -10   2   0 0.25  0.0    0  6.1 20  10   M    M   3 13     24  10
27  82  46  64  -9   1   0 0.00  0.0    0 15.0 26 160   M    M   1        36 170
================================================================================
SM 2355 1578        10 229  0.86     0.0 270.6          M       47
================================================================================
AV 87.2 58.4                              10.0 FASTST   M    M   2    MAX(MPH)
                                 MISC ---->  # 55 220               # 65  230
================================================================================
NOTES:
# LAST OF SEVERAL OCCURRENCES

COLUMN 17 PEAK WIND IN M.P.H.

PRELIMINARY LOCAL CLIMATOLOGICAL DATA (WS FORM: F-6) , PAGE 2

                                          STATION:  SIOUX CITY IA
                                          MONTH:    JUNE
                                          YEAR:     2017
                                          LATITUDE:   42 24 N
                                          LONGITUDE:  96 23 W

[TEMPERATURE DATA]      [PRECIPITATION DATA]       SYMBOLS USED IN COLUMN 16

AVERAGE MONTHLY: 72.8   TOTAL FOR MONTH:   0.86    1 = FOG OR MIST
DPTR FM NORMAL:   2.9   DPTR FM NORMAL:   -2.67    2 = FOG REDUCING VISIBILITY
HIGHEST:    96 ON 21    GRTST 24HR  0.32 ON 13-13      TO 1/4 MILE OR LESS
LOWEST:     44 ON 24, 1                            3 = THUNDER
                        SNOW, ICE PELLETS, HAIL    4 = ICE PELLETS
                        TOTAL MONTH:   0.0 INCH    5 = HAIL
                        GRTST 24HR     0.0         6 = FREEZING RAIN OR DRIZZLE
                        GRTST DEPTH:   0           7 = DUSTSTORM OR SANDSTORM:
                                                       VSBY 1/2 MILE OR LESS
                                                   8 = SMOKE OR HAZE
[NO. OF DAYS WITH]      [WEATHER - DAYS WITH]      9 = BLOWING SNOW
                                                   X = TORNADO
MAX 32 OR BELOW:   0    0.01 INCH OR MORE:   5
MAX 90 OR ABOVE:  12    0.10 INCH OR MORE:   4
MIN 32 OR BELOW:   0    0.50 INCH OR MORE:   0
MIN  0 OR BELOW:   0    1.00 INCH OR MORE:   0

[HDD (BASE 65) ]
TOTAL THIS MO.    10    CLEAR  (SCALE 0-3)  23
DPTR FM NORMAL   -14    PTCLDY (SCALE 4-7)   3
TOTAL FM JUL 1  5648    CLOUDY (SCALE 8-10)  0
DPTR FM NORMAL -1210

[CDD (BASE 65) ]
TOTAL THIS MO.   229
DPTR FM NORMAL    69    [PRESSURE DATA]
TOTAL FM JAN 1   267    HIGHEST SLP M ON M
DPTR FM NORMAL    43    LOWEST  SLP 29.34 ON 10

[REMARKS]
